000
CXUS54 KOUN 010910
CF6GOK
PRELIMINARY LOCAL CLIMATOLOGICAL DATA (WS FORM: F-6)
STATION: GUTHRIE MUNICIPAL
MONTH: NOVEMBER
YEAR: 2022
LATITUDE: 35 50 N
LONGITUDE: 97 25 W
TEMPERATURE IN F: :PCPN: SNOW: WIND :SUNSHINE: SKY :PK WND
================================================================================
1 2 3 4 5 6A 6B 7 8 9 10 11 12 13 14 15 16 17 18
12Z AVG MX 2MIN
DY MAX MIN AVG DEP HDD CDD WTR SNW DPTH SPD SPD DIR MIN PSBL S-S WX SPD DR
================================================================================
1 77 49 63 7 2 0 0.00 M M 8.5 17 180 M M 0 22 190
2 69 54 62 7 3 0 0.00 M M 12.6 21 180 M M 1 30 170
3 73 61 67 12 0 2 0.00 0.0 0 16.3 26 190 M M 5 34 200
4 72 40 56 2 9 0 0.13 0.0 0 13.0 29 180 M M 9 13 39 190
5 61 36 49 -5 16 0 0.00 M M 12.0 22 170 M M 2 31 160
6 70 50 60 6 5 0 0.00 M M 7.6 22 170 M M 0 32 180
7 66 48 57 4 8 0 0.00 0.0 0 8.1 15 120 M M 4 21 110
8 76 63 70 17 0 5 0.00 0.0 0 10.2 18 170 M M 8 1 23 180
9 79 67 73 21 0 8 0.00 0.0 0 17.3 28 180 M M 4 36 190
10 72 44 58 6 7 0 0.50 M M 11.5 23 180 M M 7 13 30 180
11 44 30 37 -15 28 0 0.17 M M 9.0 17 360 M M 6 1 31 360
12 45 25 35 -16 30 0 0.00 M M 4.4 10 320 M M 0 16 320
13 54 27 41 -10 24 0 0.00 M M 9.9 17 150 M M 1 23 150
14 42 32 37 -14 28 0 0.12 M M 7.1 15 160 M M 10 1 21 150
15 45 26 36 -14 29 0 0.00 M M 5.7 12 10 M M 3 1 19 10
16 43 24 34 -16 31 0 0.00 M M 4.5 12 330 M M 0 1 16 350
17 56 23 40 -9 25 0 0.00 M M 7.0 16 30 M M 2 26 30
18 34 25 30 -19 35 0 T T M 6.0 14 50 M M 10 1 20 50
19 45 21 33 -16 32 0 0.00 M M 4.6 13 290 M M 1 17 330
20 50 18 34 -14 31 0 0.00 M M 6.1 14 180 M M 0 20 170
21 58 28 43 -5 22 0 0.00 M M 7.7 14 210 M M 0 18 210
22 59 36 48 1 17 0 0.00 M M 9.1 20 190 M M 0 1 23 180
23 53 42 48 1 17 0 0.00 M M 9.2 17 190 M M 7 1 23 180
24 53 43 48 1 17 0 0.00 M M 7.3 13 50 M M 10 1 21 10
25 52 34 43 -3 22 0 0.00 M M 4.5 12 30 M M 2 17 40
26 48 42 45 -1 20 0 0.72 M M 4.9 16 300 M M 10 1 22 300
27 49 33 41 -5 24 0 0.01 M M 6.7 15 340 M M 4 1 25 340
28 64 30 47 2 18 0 0.00 M M 13.8 25 180 M M 0 34 180
29 61 30 46 1 19 0 0.00 M M 13.6 25 210 M M 1 35 200
30 43 19 31 -13 34 0 0.00 M M 3.5 9 110 M M 0 12 10
================================================================================
SM 1713 1100 553 15 1.65 T 261.7 M 107
================================================================================
AV 57.1 36.7 8.7 FASTST M M 4 MAX(MPH)
MISC ----> 29 180 39 190
================================================================================
NOTES:
# LAST OF SEVERAL OCCURRENCES
COLUMN 17 PEAK WIND IN M.P.H.
PRELIMINARY LOCAL CLIMATOLOGICAL DATA (WS FORM: F-6) , PAGE 2
STATION: GUTHRIE MUNICIPAL
MONTH: NOVEMBER
YEAR: 2022
LATITUDE: 35 50 N
LONGITUDE: 97 25 W
[TEMPERATURE DATA] [PRECIPITATION DATA] SYMBOLS USED IN COLUMN 16
AVERAGE MONTHLY: 46.9 TOTAL FOR MONTH: 1.65 1 = FOG OR MIST
DPTR FM NORMAL: -3.1 DPTR FM NORMAL: -0.29 2 = FOG REDUCING VISIBILITY
HIGHEST: 79 ON 9 GRTST 24HR 0.73 ON 26-27 TO 1/4 MILE OR LESS
LOWEST: 18 ON 20 3 = THUNDER
SNOW, ICE PELLETS, HAIL 4 = ICE PELLETS
TOTAL MONTH: T 5 = HAIL
GRTST 24HR T ON 18-18 6 = FREEZING RAIN OR DRIZZLE
GRTST DEPTH: 0 7 = DUSTSTORM OR SANDSTORM:
VSBY 1/2 MILE OR LESS
8 = SMOKE OR HAZE
[NO. OF DAYS WITH] [WEATHER - DAYS WITH] 9 = BLOWING SNOW
X = TORNADO
MAX 32 OR BELOW: 0 0.01 INCH OR MORE: 6
MAX 90 OR ABOVE: 0 0.10 INCH OR MORE: 5
MIN 32 OR BELOW: 14 0.50 INCH OR MORE: 2
MIN 0 OR BELOW: 0 1.00 INCH OR MORE: 0
[HDD (BASE 65) ]
TOTAL THIS MO. 553 CLEAR (SCALE 0-3) 16
DPTR FM NORMAL 96 PTCLDY (SCALE 4-7) 9
TOTAL FM JUL 1 706 CLOUDY (SCALE 8-10) 5
DPTR FM NORMAL 59
[CDD (BASE 65) ]
TOTAL THIS MO. 15
DPTR FM NORMAL 8 [PRESSURE DATA]
TOTAL FM JAN 1 2457 HIGHEST SLP 30.59 ON 18
DPTR FM NORMAL 365 LOWEST SLP 29.51 ON 29
[REMARKS]
#FINAL-11-22#