000
CXUS54 KOUN 010810
CF6GOK
PRELIMINARY LOCAL CLIMATOLOGICAL DATA (WS FORM: F-6)
STATION: GUTHRIE MUNICIPAL
MONTH: APRIL
YEAR: 2022
LATITUDE: 35 50 N
LONGITUDE: 97 25 W
TEMPERATURE IN F: :PCPN: SNOW: WIND :SUNSHINE: SKY :PK WND
================================================================================
1 2 3 4 5 6A 6B 7 8 9 10 11 12 13 14 15 16 17 18
12Z AVG MX 2MIN
DY MAX MIN AVG DEP HDD CDD WTR SNW DPTH SPD SPD DIR MIN PSBL S-S WX SPD DR
================================================================================
1 72 37 55 -1 10 0 0.05 M M 12.2 22 170 M M 2 13 30 160
2 72 41 57 0 8 0 0.03 M M 5.2 14 30 M M 2 1 19 30
3 82 50 66 9 0 1 0.01 M M 12.6 31 190 M M 1 3 42 200
4 61 53 57 0 8 0 0.40 0.0 0 7.6 17 80 M M 10 13 22 80
5 80 51 66 8 0 1 0.00 M M 11.5 28 10 M M 6 12 43 10
6 65 45 55 -3 10 0 0.00 M M 11.3 30 300 M M 4 39 310
7 61 40 51 -7 14 0 0.00 M M 12.5 28 300 M M 2 43 320
8 60 35 48 -10 17 0 0.00 M M 11.2 25 310 M M 0 37 320
9 83 30 57 -1 8 0 0.00 M M 14.4 29 180 M M 0 37 200
10 81 65 73 14 0 8 0.00 0.0 M 14.5 33 190 M M 1 40 200
11 70 57 64 5 1 0 T 0.0 M 10.7 23 80 M M 6 30 80
12 86 58 72 13 0 7 0.00 0.0 M 23.0 37 190 M M 1 49 180
13 72 36 54 -6 11 0 0.00 0.0 M 12.0 26 180 M M 3 39 360
14 69 33 51 -9 14 0 0.00 M M 7.9 20 160 M M 0 28 160
15 86 58 72 12 0 7 0.00 M M 16.1 30 190 M M 0 8 38 200
16 60 48 54 -6 11 0 T M M 12.1 22 50 M M 10 34 40
17 64 44 54 -6 11 0 0.00 M M 6.4 16 80 M M 6 22 350
18 64 36 50 -11 15 0 0.00 M M 8.3 18 70 M M 1 24 70
19 73 43 58 -3 7 0 T M M 15.8 32 180 M M 2 3 42 170
20 91 60 76 15 0 11 0.00 M M 15.0 28 180 M M 5 37 180
21 85 62 74 12 0 9 0.00 M M 15.1 30 170 M M 4 41 170
22 81 69 75 13 0 10 0.00 M M 21.8 33 180 M M 6 46 170
23 80 66 73 11 0 8 T M M 21.2 37 190 M M 5 3 49 160
24 68 46 57 -5 8 0 0.01 M M 7.2 15 40 M M 7 1 25 10
25 66 44 55 -8 10 0 0.00 M M 7.1 16 10 M M 1 27 10
26 72 37 55 -8 10 0 0.00 M M 6.0 14 160 M M 0 18 110
27 78 49 64 1 1 0 0.00 M M 13.7 25 180 M M 4 35 160
28 80 59 70 6 0 5 0.97 0.0 0 13.6 33 190 M M 7 13 47 180
29 84 61 73 9 0 8 0.05 0.0 0 20.8 33 180 M M 3 3 45 190
30 75 50 63 -1 2 0 T 0.0 0 6.4 20 290 M M 1 8 37 270
================================================================================
SM 2221 1463 176 75 1.52 0.0 373.2 M 100
================================================================================
AV 74.0 48.8 12.4 FASTST M M 3 MAX(MPH)
MISC ----> # 37 190 # 49 180
================================================================================
NOTES:
# LAST OF SEVERAL OCCURRENCES
COLUMN 17 PEAK WIND IN M.P.H.
PRELIMINARY LOCAL CLIMATOLOGICAL DATA (WS FORM: F-6) , PAGE 2
STATION: GUTHRIE MUNICIPAL
MONTH: APRIL
YEAR: 2022
LATITUDE: 35 50 N
LONGITUDE: 97 25 W
[TEMPERATURE DATA] [PRECIPITATION DATA] SYMBOLS USED IN COLUMN 16
AVERAGE MONTHLY: 61.4 TOTAL FOR MONTH: 1.52 1 = FOG OR MIST
DPTR FM NORMAL: 1.2 DPTR FM NORMAL: -1.97 2 = FOG REDUCING VISIBILITY
HIGHEST: 91 ON 20 GRTST 24HR 0.97 ON 28-28 TO 1/4 MILE OR LESS
LOWEST: 30 ON 9 3 = THUNDER
SNOW, ICE PELLETS, HAIL 4 = ICE PELLETS
TOTAL MONTH: 0.0 INCH 5 = HAIL
GRTST 24HR 0.0 6 = FREEZING RAIN OR DRIZZLE
GRTST DEPTH: 0 7 = DUSTSTORM OR SANDSTORM:
VSBY 1/2 MILE OR LESS
8 = SMOKE OR HAZE
[NO. OF DAYS WITH] [WEATHER - DAYS WITH] 9 = BLOWING SNOW
X = TORNADO
MAX 32 OR BELOW: 0 0.01 INCH OR MORE: 7
MAX 90 OR ABOVE: 1 0.10 INCH OR MORE: 2
MIN 32 OR BELOW: 1 0.50 INCH OR MORE: 1
MIN 0 OR BELOW: 0 1.00 INCH OR MORE: 0
[HDD (BASE 65) ]
TOTAL THIS MO. 176 CLEAR (SCALE 0-3) 17
DPTR FM NORMAL -24 PTCLDY (SCALE 4-7) 11
TOTAL FM JUL 1 3172 CLOUDY (SCALE 8-10) 2
DPTR FM NORMAL -342
[CDD (BASE 65) ]
TOTAL THIS MO. 75
DPTR FM NORMAL 19 [PRESSURE DATA]
TOTAL FM JAN 1 83 HIGHEST SLP M ON M
DPTR FM NORMAL 10 LOWEST SLP 29.36 ON 5
[REMARKS]
#FINAL-04-22#