000
CXUS55 KMSO 062049
CF6GPI
PRELIMINARY LOCAL CLIMATOLOGICAL DATA (WS FORM: F-6)
STATION: KALISPELL MT
MONTH: MARCH
YEAR: 2023
LATITUDE: 48 17 N
LONGITUDE: 114 16 W
TEMPERATURE IN F: :PCPN: SNOW: WIND :SUNSHINE: SKY :PK WND
================================================================================
1 2 3 4 5 6A 6B 7 8 9 10 11 12 13 14 15 16 17 18
12Z AVG MX 2MIN
DY MAX MIN AVG DEP HDD CDD WTR SNW DPTH SPD SPD DIR MIN PSBL S-S WX SPD DR
================================================================================
1 29 4 17 -13 48 0 0.00 0.0 11 2.8 14 160 M M 8 12 18 160
2 34 21 28 -2 37 0 0.04 0.2 10 10.6 24 160 M M 8 1 29 160
3 35 7 21 -9 44 0 T 0.1 8 6.6 18 230 M M 5 1 27 230
4 40 13 27 -4 38 0 0.00 0.0 7 7.3 18 30 M M 3 26 40
5 33 20 27 -4 38 0 0.00 0.0 7 14.6 26 20 M M 2 34 20
6 34 15 25 -6 40 0 0.00 0.0 7 5.9 21 20 M M 2 25 20
7 38 14 26 -6 39 0 T T 7 1.8 6 260 M M 5 1 10 140
8 34 11 23 -9 42 0 0.00 0.0 7 13.0 26 20 M M 0 35 20
9 34 14 24 -8 41 0 T 0.0 7 6.8 25 20 M M 2 1 32 20
10 29 18 24 -9 41 0 0.06 2.6 7 13.3 23 20 M M 8 189 30 20
11 32 19 26 -7 39 0 T 0.4 10 6.6 17 360 M M 10 18 22 350
12 41 18 30 -3 35 0 0.01 0.1 9 0.9 7 30 M M 7 18 11 150
13 43 27 35 1 30 0 T 0.0 9 5.5 16 260 M M 9 1 23 260
14 41 31 36 2 29 0 0.01 0.0 9 7.4 21 210 M M 5 27 210
15 37 19 28 -6 37 0 0.08 0.4 7 4.5 15 360 M M 5 18 18 360
16 41 13 27 -8 38 0 0.00 0.0 7 2.0 8 150 M M 0 17 150
17 47 15 31 -4 34 0 0.00 0.0 6 2.2 14 20 M M 0 17 20
18 44 15 30 -5 35 0 0.00 0.0 6 2.9 14 40 M M 0 16 50
19 52 18 35 -1 30 0 0.00 0.0 4 1.5 9 10 M M 0 13 360
20 47 25 36 0 29 0 0.00 0.0 3 12.5 20 30 M M 0 27 30
21 49 21 35 -1 30 0 0.00 0.0 2 5.5 18 30 M M 0 25 30
22 53 18 36 -1 29 0 0.00 0.0 0 3.2 14 30 M M 0 18 30
23 49 16 33 -4 32 0 0.00 0.0 0 6.6 18 160 M M 2 25 160
24 40 29 35 -2 30 0 0.03 T 0 6.1 18 150 M M 8 18 26 130
25 37 27 32 -5 33 0 0.00 0.0 0 4.6 12 150 M M 8 16 160
26 47 20 34 -4 31 0 T T 0 3.3 17 30 M M 4 20 40
27 42 16 29 -9 36 0 0.00 0.0 0 5.0 17 150 M M 2 28 130
28 49 19 34 -4 31 0 0.00 0.0 0 8.8 20 20 M M 0 28 30
29 52 26 39 1 26 0 0.00 0.0 0 8.1 17 20 M M 1 23 360
30 50 25 38 -1 27 0 0.00 0.0 0 3.8 20 20 M M 5 24 20
31 47 24 36 -3 29 0 0.00 0.0 0 5.5 20 240 M M 7 29 260
================================================================================
SM 1280 578 1078 0 0.23 3.8 189.2 M 116
================================================================================
AV 41.3 18.6 6.1 FASTST M M 4 MAX(MPH)
MISC ----> # 26 20 35 20
================================================================================
NOTES:
# LAST OF SEVERAL OCCURRENCES
COLUMN 17 PEAK WIND IN M.P.H.
PRELIMINARY LOCAL CLIMATOLOGICAL DATA (WS FORM: F-6) , PAGE 2
STATION: KALISPELL MT
MONTH: MARCH
YEAR: 2023
LATITUDE: 48 17 N
LONGITUDE: 114 16 W
[TEMPERATURE DATA] [PRECIPITATION DATA] SYMBOLS USED IN COLUMN 16
AVERAGE MONTHLY: 30.0 TOTAL FOR MONTH: 0.23 1 = FOG OR MIST
DPTR FM NORMAL: -4.5 DPTR FM NORMAL: -0.88 2 = FOG REDUCING VISIBILITY
HIGHEST: 53 ON 22 GRTST 24HR 0.08 ON 15-15 TO 1/4 MILE OR LESS
LOWEST: 4 ON 1 3 = THUNDER
SNOW, ICE PELLETS, HAIL 4 = ICE PELLETS
TOTAL MONTH: 8.2 INCHES 5 = HAIL
GRTST 24HR 2.6 ON 10-10 6 = FREEZING RAIN OR DRIZZLE
GRTST DEPTH: 11 ON 1 7 = DUSTSTORM OR SANDSTORM:
VSBY 1/2 MILE OR LESS
8 = SMOKE OR HAZE
[NO. OF DAYS WITH] [WEATHER - DAYS WITH] 9 = BLOWING SNOW
X = TORNADO
MAX 32 OR BELOW: 3 0.01 INCH OR MORE: 6
MAX 90 OR ABOVE: 0 0.10 INCH OR MORE: 0
MIN 32 OR BELOW: 31 0.50 INCH OR MORE: 0
MIN 0 OR BELOW: 0 1.00 INCH OR MORE: 0
[HDD (BASE 65) ]
TOTAL THIS MO. 1078 CLEAR (SCALE 0-3) 16
DPTR FM NORMAL 134 PTCLDY (SCALE 4-7) 11
TOTAL FM JUL 1 7011 CLOUDY (SCALE 8-10) 4
DPTR FM NORMAL 223
[CDD (BASE 65) ]
TOTAL THIS MO. 0
DPTR FM NORMAL 0 [PRESSURE DATA]
TOTAL FM JAN 1 0 HIGHEST SLP 30.44 ON 17
DPTR FM NORMAL 0 LOWEST SLP 29.37 ON 10
[REMARKS]
#FINAL-03-23#