000
CXUS54 KLIX 010810
CF6GPT
PRELIMINARY LOCAL CLIMATOLOGICAL DATA (WS FORM: F-6)
STATION: GULFPORT
MONTH: MARCH
YEAR: 2022
LATITUDE: 30 23 N
LONGITUDE: 89 4 W
TEMPERATURE IN F: :PCPN: SNOW: WIND :SUNSHINE: SKY :PK WND
================================================================================
1 2 3 4 5 6A 6B 7 8 9 10 11 12 13 14 15 16 17 18
12Z AVG MX 2MIN
DY MAX MIN AVG DEP HDD CDD WTR SNW DPTH SPD SPD DIR MIN PSBL S-S WX SPD DR
================================================================================
1 69 39 54 -4 11 0 0.00 M M 4.5 12 190 M M 0 16 190
2 72 40 56 -2 9 0 0.00 0.0 M 3.0 13 150 M M 0 16 140
3 75 44 60 1 5 0 0.00 0.0 M 1.9 12 200 M M 0 14 190
4 72 43 58 -1 7 0 0.00 M M 2.9 12 150 M M 0 1 15 150
5 76 56 66 7 0 1 0.00 0.0 M 13.7 23 140 M M 5 30 140
6 78 65 72 13 0 7 0.00 0.0 M 13.5 21 130 M M 6 1 26 120
7 80 67 74 15 0 9 0.03 M M 7.6 17 350 M M 8 1 20 360
8 67 52 60 0 5 0 0.44 M M 7.3 14 10 M M 10 13 19 10
9 62 49 56 -4 9 0 0.06 M M 9.9 22 350 M M 9 138 30 350
10 73 50 62 2 3 0 T M M 5.2 13 350 M M 4 1 16 350
11 73 49 61 1 4 0 0.71 M M 5.0 35 340 M M 9 1238 45 340
12 53 35 44 -16 21 0 0.05 M M 17.3 33 330 M M 3 1 48 340
13 54 31 43 -17 22 0 0.00 M M 4.7 13 150 M M 0 16 150
14 68 38 53 -8 12 0 0.00 M M 10.2 22 110 M M 4 8 27 120
15 75 55 65 4 0 0 1.46 M M 9.5 26 110 M M 6 13 34 110
16 69 51 60 -1 5 0 0.00 M M 5.2 15 310 M M 5 20 290
17 71 48 60 -1 5 0 0.00 0.0 M 6.9 15 130 M M 2 19 150
18 85 64 75 13 0 10 0.07 0.0 M 11.6 20 260 M M 5 13 32 260
19 74 48 61 -1 4 0 0.00 M M 10.3 20 310 M M 0 24 350
20 73 40 57 -5 8 0 0.00 M M 3.3 15 160 M M 0 19 150
21 74 48 61 -1 4 0 T M M 14.8 29 110 M M 1 35 120
22 79 68 74 12 0 9 1.07 M M 15.7 28 140 M M 10 138 35 140
23 72 53 63 1 2 0 0.00 M M 6.7 20 310 M M 3 26 320
24 74 45 60 -3 5 0 0.00 M M 7.0 20 260 M M 1 28 260
25 76 47 62 -1 3 0 0.00 M M 8.1 18 320 M M 0 26 310
26 79 48 64 1 1 0 0.00 M M 4.8 14 310 M M 0 19 190
27 75 49 62 -1 3 0 0.00 M M 5.4 14 200 M M 0 19 200
28 78 60 69 6 0 4 0.00 M M 6.1 15 150 M M 4 12 19 150
29 79 65 72 8 0 7 0.00 M M 10.7 18 150 M M 4 23 150
30 80 62 71 7 0 6 0.82 M M 15.8 25 160 M M 7 138 36 250
31 77 56 67 3 0 2 T M M 5.8 16 330 M M 2 21 330
================================================================================
SM 2262 1565 148 55 4.71 0.0 254.4 M 108
================================================================================
AV 73.0 50.5 8.2 FASTST M M 3 MAX(MPH)
MISC ----> 35 340 48 340
================================================================================
NOTES:
# LAST OF SEVERAL OCCURRENCES
COLUMN 17 PEAK WIND IN M.P.H.
PRELIMINARY LOCAL CLIMATOLOGICAL DATA (WS FORM: F-6) , PAGE 2
STATION: GULFPORT
MONTH: MARCH
YEAR: 2022
LATITUDE: 30 23 N
LONGITUDE: 89 4 W
[TEMPERATURE DATA] [PRECIPITATION DATA] SYMBOLS USED IN COLUMN 16
AVERAGE MONTHLY: 61.7 TOTAL FOR MONTH: 4.71 1 = FOG OR MIST
DPTR FM NORMAL: 0.6 DPTR FM NORMAL: -0.51 2 = FOG REDUCING VISIBILITY
HIGHEST: 85 ON 18 GRTST 24HR 1.46 ON 15-15 TO 1/4 MILE OR LESS
LOWEST: 31 ON 13 3 = THUNDER
SNOW, ICE PELLETS, HAIL 4 = ICE PELLETS
TOTAL MONTH: 0.0 INCH 5 = HAIL
GRTST 24HR 0.0 6 = FREEZING RAIN OR DRIZZLE
GRTST DEPTH: M ON M 7 = DUSTSTORM OR SANDSTORM:
VSBY 1/2 MILE OR LESS
8 = SMOKE OR HAZE
[NO. OF DAYS WITH] [WEATHER - DAYS WITH] 9 = BLOWING SNOW
X = TORNADO
MAX 32 OR BELOW: 0 0.01 INCH OR MORE: 9
MAX 90 OR ABOVE: 0 0.10 INCH OR MORE: 5
MIN 32 OR BELOW: 1 0.50 INCH OR MORE: 4
MIN 0 OR BELOW: 0 1.00 INCH OR MORE: 2
[HDD (BASE 65) ]
TOTAL THIS MO. 148 CLEAR (SCALE 0-3) 16
DPTR FM NORMAL -18 PTCLDY (SCALE 4-7) 10
TOTAL FM JUL 1 1271 CLOUDY (SCALE 8-10) 5
DPTR FM NORMAL -186
[CDD (BASE 65) ]
TOTAL THIS MO. 55
DPTR FM NORMAL 10 [PRESSURE DATA]
TOTAL FM JAN 1 93 HIGHEST SLP M ON M
DPTR FM NORMAL 24 LOWEST SLP 29.59 ON 30
[REMARKS]
#FINAL-03-22#