000
CXUS53 KGRB 030051
CLSGRB
CLIMATE REPORT
NATIONAL WEATHER SERVICE GREEN BAY
751 PM CDT FRI SEP 02 2022
...................................
...THE GREEN BAY WI CLIMATE SUMMARY FOR THE SEASON, FROM
6/1/2022 TO 8/31/2022...
CLIMATE NORMAL PERIOD: 1991 TO 2020
CLIMATE RECORD PERIOD: 1886 TO 2022
WEATHER OBSERVED NORMAL DEPART LAST YEAR`S
VALUE DATE(S) VALUE FROM VALUE DATE(S)
NORMAL
................................................................
TEMPERATURE (F)
RECORD
HIGH 104 07/13/1936
LOW 32 06/06/1958
HIGHEST 96 06/21 94 2 95 06/05
LOWEST 45 06/04 40 5 47 06/16
06/22
AVG. MAXIMUM 81.2 78.8 2.4 81.7
AVG. MINIMUM 59.6 58.2 1.4 60.0
MEAN 70.4 68.5 1.9 70.8
DAYS MAX >= 90 8 5.0 3.0 10
DAYS MAX <= 32 0 0.0 0.0 0
DAYS MIN <= 32 0 0.0 0.0 0
DAYS MIN <= 0 0 0.0 0.0 0
PRECIPITATION (INCHES)
RECORD
MAXIMUM 20.66 2010
MINIMUM 4.42 1976
TOTALS 12.55 11.11 1.44 17.44
DAILY AVG. 0.13 0.12 0.01 0.19
DAYS >= .01 28 32.0 -4.0 32
DAYS >= .10 20 20.4 -0.4 23
DAYS >= .50 10 7.5 2.5 10
DAYS >= 1.00 5 2.8 2.2 6
SNOWFALL (INCHES)
RECORDS
TOTAL T MM
24 HR TOTAL MM
TOTALS 0.0 0.0 0.0 0.0
SINCE 7/1 0.0 0.0 0.0 0.0
DAYS >= TRACE 0 0.0 0.0 0
DAYS >= 1.0 0 0.0 0.0 0
GREATEST
SNOW DEPTH 0 0 MM
24 HR TOTAL MM
DEGREE DAYS
HEATING TOTAL 33 106 -73 29
SINCE 7/1 1 39 -38 9
COOLING TOTAL 553 430 123 594
SINCE 1/1 632 457 175 639
FREEZE DATES
RECORD
EARLIEST 09/12/1955
LATEST 06/06/1958
EARLIEST MM
LATEST 04/28
................................................................
WIND (MPH)
AVERAGE WIND SPEED 7.0
RESULTANT WIND SPEED/DIRECTION 2/250
HIGHEST WIND SPEED/DIRECTION 43/320 DATE 07/12
HIGHEST GUST SPEED/DIRECTION 62/320 DATE 07/12
SKY COVER
POSSIBLE SUNSHINE (PERCENT) MM
AVERAGE SKY COVER 0.29
NUMBER OF DAYS FAIR 61
NUMBER OF DAYS PC 23
NUMBER OF DAYS CLOUDY 8
AVERAGE RH (PERCENT) 67
WEATHER CONDITIONS. NUMBER OF DAYS WITH
THUNDERSTORM 15 MIXED PRECIP 0
HEAVY RAIN 15 RAIN 20
LIGHT RAIN 33 FREEZING RAIN 0
LT FREEZING RAIN 0 HAIL 0
HEAVY SNOW 0 SNOW 0
LIGHT SNOW 0 SLEET 0
FOG 41 FOG W/VIS <= 1/4 MILE 6
HAZE 16
- INDICATES NEGATIVE NUMBERS.
R INDICATES RECORD WAS SET OR TIED.
MM INDICATES DATA IS MISSING.
T INDICATES TRACE AMOUNT.
$$