000
CXUS53 KGID 010830
CF6GRI
PRELIMINARY LOCAL CLIMATOLOGICAL DATA (WS FORM: F-6)
STATION: GRAND ISLAND NE
MONTH: OCTOBER
YEAR: 2022
LATITUDE: 40 58 N
LONGITUDE: 98 19 W
TEMPERATURE IN F: :PCPN: SNOW: WIND :SUNSHINE: SKY :PK WND
================================================================================
1 2 3 4 5 6A 6B 7 8 9 10 11 12 13 14 15 16 17 18
12Z AVG MX 2MIN
DY MAX MIN AVG DEP HDD CDD WTR SNW DPTH SPD SPD DIR MIN PSBL S-S WX SPD DR
================================================================================
1 85 53 69 9 0 4 0.00 0.0 0 13.6 22 150 M M 0 30 160
2 83 47 65 5 0 0 0.00 0.0 0 11.9 21 160 M M 0 28 160
3 86 53 70 11 0 5 0.00 0.0 0 12.9 25 170 M M 1 33 170
4 69 54 62 3 3 0 0.12 0.0 0 4.0 12 260 M M 5 1 14 280
5 79 49 64 6 1 0 0.00 0.0 0 7.8 20 300 M M 1 1 26 330
6 67 43 55 -3 10 0 0.00 0.0 0 11.0 23 360 M M 2 29 360
7 57 36 47 -10 18 0 T 0.0 0 6.8 14 360 M M 4 19 350
8 70 31 51 -6 14 0 0.00 0.0 0 8.3 20 240 M M 0 18 26 260
9 79 37 58 2 7 0 0.00 0.0 0 5.8 15 290 M M 0 21 290
10 81 39 60 4 5 0 0.00 0.0 0 9.3 18 180 M M 0 26 170
11 85 56 71 16 0 6 0.00 0.0 0 16.4 31 340 M M 1 3 43 350
12 66 37 52 -3 13 0 0.00 0.0 0 15.4 32 320 M M 1 46 320
13 64 43 54 0 11 0 0.00 0.0 0 18.2 38 300 M M 1 54 310
14 72 35 54 0 11 0 0.00 0.0 0 13.0 32 320 M M 2 43 320
15 76 34 55 1 10 0 0.00 0.0 0 11.9 26 320 M M 1 35 310
16 60 31 46 -7 19 0 0.00 0.0 0 11.3 26 340 M M 2 35 350
17 53 26 40 -13 25 0 0.00 0.0 0 9.2 18 340 M M 2 26 350
18 49 18 34 -18 31 0 0.00 0.0 0 5.5 15 360 M M 0 20 360
19 68 25 47 -5 18 0 0.00 0.0 0 3.5 9 260 M M 0 13 260
20 79 40 60 9 5 0 0.00 0.0 0 9.8 18 300 M M 0 22 280
21 80 40 60 9 5 0 0.00 0.0 0 7.2 16 210 M M 0 23 210
22 86 38 62 12 3 0 0.00 0.0 0 7.8 16 150 M M 0 23 160
23 90 54 72 22 0 7 T 0.0 0 19.4 39 170 M M 2 8 54 170
24 57 34 46 -3 19 0 0.00 0.0 0 10.2 21 310 M M 1 26 310
25 65 28 47 -2 18 0 0.00 0.0 0 8.3 18 320 M M 0 8 25 300
26 59 30 45 -3 20 0 0.00 0.0 0 9.1 21 150 M M 4 30 120
27 59 45 52 4 13 0 0.42 0.0 0 8.5 18 110 M M 9 1 26 150
28 63 40 52 4 13 0 0.00 0.0 0 5.3 12 200 M M 5 12 19 230
29 70 41 56 9 9 0 0.00 0.0 0 8.1 16 200 M M 0 23 210
30 63 40 52 5 13 0 0.00 0.0 0 7.1 15 360 M M 0 20 40
31 75 34 55 9 10 0 0.00 0.0 0 8.6 18 220 M M 0 24 240
================================================================================
SM 2195 1211 324 22 0.54 0.0 305.2 M 44
================================================================================
AV 70.8 39.1 9.8 FASTST M M 1 MAX(MPH)
MISC ----> 39 170 # 54 310
================================================================================
NOTES:
# LAST OF SEVERAL OCCURRENCES
COLUMN 17 PEAK WIND IN M.P.H.
PRELIMINARY LOCAL CLIMATOLOGICAL DATA (WS FORM: F-6) , PAGE 2
STATION: GRAND ISLAND NE
MONTH: OCTOBER
YEAR: 2022
LATITUDE: 40 58 N
LONGITUDE: 98 19 W
[TEMPERATURE DATA] [PRECIPITATION DATA] SYMBOLS USED IN COLUMN 16
AVERAGE MONTHLY: 54.9 TOTAL FOR MONTH: 0.54 1 = FOG OR MIST
DPTR FM NORMAL: 1.8 DPTR FM NORMAL: -1.45 2 = FOG REDUCING VISIBILITY
HIGHEST: 90 ON 23 GRTST 24HR 0.42 ON 27-27 TO 1/4 MILE OR LESS
LOWEST: 18 ON 18 3 = THUNDER
SNOW, ICE PELLETS, HAIL 4 = ICE PELLETS
TOTAL MONTH: 0.0 INCH 5 = HAIL
GRTST 24HR 0.0 6 = FREEZING RAIN OR DRIZZLE
GRTST DEPTH: 0 7 = DUSTSTORM OR SANDSTORM:
VSBY 1/2 MILE OR LESS
8 = SMOKE OR HAZE
[NO. OF DAYS WITH] [WEATHER - DAYS WITH] 9 = BLOWING SNOW
X = TORNADO
MAX 32 OR BELOW: 0 0.01 INCH OR MORE: 2
MAX 90 OR ABOVE: 1 0.10 INCH OR MORE: 2
MIN 32 OR BELOW: 7 0.50 INCH OR MORE: 0
MIN 0 OR BELOW: 0 1.00 INCH OR MORE: 0
[HDD (BASE 65) ]
TOTAL THIS MO. 324 CLEAR (SCALE 0-3) 26
DPTR FM NORMAL -60 PTCLDY (SCALE 4-7) 4
TOTAL FM JUL 1 355 CLOUDY (SCALE 8-10) 1
DPTR FM NORMAL -118
[CDD (BASE 65) ]
TOTAL THIS MO. 22
DPTR FM NORMAL 7 [PRESSURE DATA]
TOTAL FM JAN 1 1428 HIGHEST SLP 30.62 ON 7
DPTR FM NORMAL 274 LOWEST SLP 29.19 ON 23
[REMARKS]
#FINAL-10-22#