000
CXUS53 KGID 012004
CF6GRI
PRELIMINARY LOCAL CLIMATOLOGICAL DATA (WS FORM: F-6)
STATION: GRAND ISLAND NE
MONTH: MAY
YEAR: 2021
LATITUDE: 40 58 N
LONGITUDE: 98 19 W
TEMPERATURE IN F: :PCPN: SNOW: WIND :SUNSHINE: SKY :PK WND
================================================================================
1 2 3 4 5 6A 6B 7 8 9 10 11 12 13 14 15 16 17 18
12Z AVG MX 2MIN
DY MAX MIN AVG DEP HDD CDD WTR SNW DPTH SPD SPD DIR MIN PSBL S-S WX SPD DR
================================================================================
1 90 58 74 18 0 9 0.00 0.0 0 20.4 35 220 M M 0 45 190
2 83 60 72 16 0 7 0.24 0.0 0 13.5 30 350 M M 3 3 39 10
3 64 47 56 -1 9 0 0.23 0.0 0 20.0 32 360 M M 5 1 43 360
4 65 43 54 -3 11 0 0.00 0.0 0 7.7 15 10 M M 0 22 350
5 73 45 59 2 6 0 0.04 0.0 0 14.1 28 320 M M 4 38 320
6 68 39 54 -4 11 0 0.00 0.0 0 8.0 18 20 M M 2 25 10
7 70 45 58 0 7 0 0.00 0.0 0 10.5 21 90 M M 3 29 90
8 70 43 57 -2 8 0 0.25 0.0 0 18.4 30 80 M M 7 138 42 50
9 52 38 45 -14 20 0 T 0.0 0 11.1 21 10 M M 9 1 27 360
10 62 33 48 -11 17 0 0.00 0.0 0 5.0 13 30 M M 3 19 30
11 60 39 50 -10 15 0 0.00 0.0 0 7.4 20 90 M M 1 26 110
12 66 37 52 -8 13 0 0.00 0.0 0 6.4 16 170 M M 3 22 170
13 72 48 60 -1 5 0 0.12 0.0 0 14.5 23 170 M M 5 34 160
14 71 48 60 -1 5 0 T 0.0 0 6.7 18 180 M M 4 1 25 170
15 78 49 64 2 1 0 0.00 0.0 0 5.7 14 160 M M 1 128 19 160
16 69 58 64 2 1 0 0.11 0.0 0 9.1 15 100 M M 9 1 21 90
17 66 58 62 0 3 0 0.01 0.0 0 9.4 15 80 M M 10 18 19 70
18 72 60 66 3 0 1 0.00 0.0 0 6.5 16 110 M M 8 1 21 120
19 72 61 67 4 0 2 0.43 0.0 0 7.1 15 160 M M 5 18 20 160
20 77 62 70 6 0 5 T 0.0 0 14.0 26 140 M M 7 18 39 150
21 80 63 72 8 0 7 0.00 0.0 0 18.1 28 160 M M 6 40 160
22 84 66 75 11 0 10 0.00 0.0 0 12.9 22 190 M M 6 32 170
23 85 66 76 11 0 11 0.00 0.0 0 14.7 28 170 M M 6 18 39 170
24 76 62 69 4 0 4 0.14 0.0 0 13.1 28 150 M M 10 18 41 150
25 85 60 73 7 0 8 T 0.0 0 8.3 16 310 M M 3 1 23 330
26 86 52 69 3 0 4 0.49 0.0 0 10.0 21 130 M M 3 13 28 110
27 68 50 59 -7 6 0 0.26 0.0 0 16.4 30 110 M M 7 1 41 120
28 55 47 51 -16 14 0 T 0.0 0 10.2 18 350 M M 9 1 24 350
29 66 47 57 -10 8 0 0.00 0.0 0 9.4 18 140 M M 6 8 25 150
30 58 52 55 -13 10 0 0.57 0.0 0 4.9 14 140 M M 8 138 18 130
31 73 52 63 -5 2 0 0.00 0.0 0 3.4 12 110 M M 2 18 16 100
================================================================================
SM 2216 1588 172 68 2.89 0.0 336.9 M 155
================================================================================
AV 71.5 51.2 10.9 FASTST M M 5 MAX(MPH)
MISC ----> 35 220 45 190
================================================================================
NOTES:
# LAST OF SEVERAL OCCURRENCES
COLUMN 17 PEAK WIND IN M.P.H.
PRELIMINARY LOCAL CLIMATOLOGICAL DATA (WS FORM: F-6) , PAGE 2
STATION: GRAND ISLAND NE
MONTH: MAY
YEAR: 2021
LATITUDE: 40 58 N
LONGITUDE: 98 19 W
[TEMPERATURE DATA] [PRECIPITATION DATA] SYMBOLS USED IN COLUMN 16
AVERAGE MONTHLY: 61.4 TOTAL FOR MONTH: 2.89 1 = FOG OR MIST
DPTR FM NORMAL: -0.6 DPTR FM NORMAL: -1.81 2 = FOG REDUCING VISIBILITY
HIGHEST: 90 ON 1 GRTST 24HR 0.75 ON 26-27 TO 1/4 MILE OR LESS
LOWEST: 33 ON 10 3 = THUNDER
SNOW, ICE PELLETS, HAIL 4 = ICE PELLETS
TOTAL MONTH: 0.0 INCH 5 = HAIL
GRTST 24HR 0.0 6 = FREEZING RAIN OR DRIZZLE
GRTST DEPTH: 0 7 = DUSTSTORM OR SANDSTORM:
VSBY 1/2 MILE OR LESS
8 = SMOKE OR HAZE
[NO. OF DAYS WITH] [WEATHER - DAYS WITH] 9 = BLOWING SNOW
X = TORNADO
MAX 32 OR BELOW: 0 0.01 INCH OR MORE: 12
MAX 90 OR ABOVE: 1 0.10 INCH OR MORE: 10
MIN 32 OR BELOW: 0 0.50 INCH OR MORE: 1
MIN 0 OR BELOW: 0 1.00 INCH OR MORE: 0
[HDD (BASE 65) ]
TOTAL THIS MO. 172 CLEAR (SCALE 0-3) 11
DPTR FM NORMAL 5 PTCLDY (SCALE 4-7) 14
TOTAL FM JUL 1 5769 CLOUDY (SCALE 8-10) 6
DPTR FM NORMAL -139
[CDD (BASE 65) ]
TOTAL THIS MO. 68
DPTR FM NORMAL -4 [PRESSURE DATA]
TOTAL FM JAN 1 88 HIGHEST SLP 30.45 ON 12
DPTR FM NORMAL 5 LOWEST SLP 29.40 ON 2
[REMARKS]
#FINAL-05-21#