000
CXUS52 KRAH 010945
CF6GSO
PRELIMINARY LOCAL CLIMATOLOGICAL DATA (WS FORM: F-6)
STATION: GREENSBORO NC
MONTH: NOVEMBER
YEAR: 2021
LATITUDE: 36 4 N
LONGITUDE: 79 57 W
TEMPERATURE IN F: :PCPN: SNOW: WIND :SUNSHINE: SKY :PK WND
================================================================================
1 2 3 4 5 6A 6B 7 8 9 10 11 12 13 14 15 16 17 18
12Z AVG MX 2MIN
DY MAX MIN AVG DEP HDD CDD WTR SNW DPTH SPD SPD DIR MIN PSBL S-S WX SPD DR
================================================================================
1 68 43 56 2 9 0 0.00 0.0 0 2.7 13 320 M M 1 17 360
2 59 44 52 -2 13 0 T 0.0 0 5.7 13 50 M M 6 15 40
3 54 43 49 -5 16 0 0.00 0.0 0 7.1 14 60 M M 9 18 30
4 46 37 42 -11 23 0 0.01 0.0 0 5.4 13 100 M M 9 16 90
5 52 32 42 -11 23 0 0.00 0.0 0 6.6 18 50 M M 7 23 30
6 54 33 44 -9 21 0 0.00 0.0 0 11.2 21 50 M M 7 26 30
7 61 40 51 -1 14 0 0.00 0.0 0 9.2 18 50 M M 6 26 20
8 71 40 56 4 9 0 0.00 0.0 0 3.9 12 30 M M 0 14 30
9 76 37 57 5 8 0 0.00 0.0 0 5.5 15 250 M M 2 1 17 260
10 77 43 60 9 5 0 0.00 0.0 0 3.5 12 330 M M 3 18 14 360
11 70 44 57 6 8 0 0.02 0.0 0 6.6 22 170 M M 8 18 29 180
12 68 47 58 7 7 0 0.21 0.0 0 7.9 22 220 M M 4 1 27 230
13 60 37 49 -1 16 0 0.00 0.0 0 8.5 22 290 M M 1 28 310
14 54 29 42 -8 23 0 0.00 0.0 0 5.3 17 200 M M 4 23 220
15 52 33 43 -7 22 0 0.00 0.0 0 7.5 17 290 M M 3 22 290
16 65 30 48 -2 17 0 0.00 0.0 0 2.7 14 240 M M 2 18 190
17 72 40 56 7 9 0 0.00 0.0 0 7.2 18 210 M M 2 23 210
18 74 48 61 12 4 0 T 0.0 M 12.3 26 230 M M 3 33 230
19 52 34 43 -6 22 0 0.00 0.0 0 7.8 17 320 M M 1 23 320
20 49 28 39 -9 26 0 0.00 0.0 0 2.8 8 70 M M 5 10 50
21 56 27 42 -6 23 0 0.00 0.0 0 3.9 13 220 M M 8 16 200
22 59 38 49 1 16 0 0.04 0.0 0 6.8 20 320 M M 9 1 28 340
23 47 28 38 -9 27 0 0.00 0.0 0 7.4 21 330 M M 0 27 340
24 50 24 37 -10 28 0 0.00 0.0 0 3.6 10 230 M M 3 13 230
25 62 30 46 -1 19 0 T 0.0 0 8.3 16 230 M M 4 20 230
26 51 30 41 -6 24 0 0.02 0.0 0 10.7 24 300 M M 4 32 290
27 53 28 41 -5 24 0 0.00 0.0 0 5.7 13 330 M M 4 16 320
28 60 33 47 1 18 0 0.00 0.0 0 7.6 17 300 M M 7 21 290
29 47 27 37 -9 28 0 0.00 0.0 0 7.3 16 10 M M 5 23 340
30 58 26 42 -4 23 0 0.00 0.0 0 8.2 17 240 M M 2 24 220
================================================================================
SM 1777 1053 525 0 0.30 0.0 198.9 M 129
================================================================================
AV 59.2 35.1 6.6 FASTST M M 4 MAX(MPH)
MISC ----> 26 230 33 230
================================================================================
NOTES:
# LAST OF SEVERAL OCCURRENCES
COLUMN 17 PEAK WIND IN M.P.H.
PRELIMINARY LOCAL CLIMATOLOGICAL DATA (WS FORM: F-6) , PAGE 2
STATION: GREENSBORO NC
MONTH: NOVEMBER
YEAR: 2021
LATITUDE: 36 4 N
LONGITUDE: 79 57 W
[TEMPERATURE DATA] [PRECIPITATION DATA] SYMBOLS USED IN COLUMN 16
AVERAGE MONTHLY: 47.2 TOTAL FOR MONTH: 0.30 1 = FOG OR MIST
DPTR FM NORMAL: -2.5 DPTR FM NORMAL: -2.97 2 = FOG REDUCING VISIBILITY
HIGHEST: 77 ON 10 GRTST 24HR 0.23 ON 11-12 TO 1/4 MILE OR LESS
LOWEST: 24 ON 24 3 = THUNDER
SNOW, ICE PELLETS, HAIL 4 = ICE PELLETS
TOTAL MONTH: 0.0 INCH 5 = HAIL
GRTST 24HR 0.0 6 = FREEZING RAIN OR DRIZZLE
GRTST DEPTH: 0 7 = DUSTSTORM OR SANDSTORM:
VSBY 1/2 MILE OR LESS
8 = SMOKE OR HAZE
[NO. OF DAYS WITH] [WEATHER - DAYS WITH] 9 = BLOWING SNOW
X = TORNADO
MAX 32 OR BELOW: 0 0.01 INCH OR MORE: 5
MAX 90 OR ABOVE: 0 0.10 INCH OR MORE: 1
MIN 32 OR BELOW: 12 0.50 INCH OR MORE: 0
MIN 0 OR BELOW: 0 1.00 INCH OR MORE: 0
[HDD (BASE 65) ]
TOTAL THIS MO. 525 CLEAR (SCALE 0-3) 11
DPTR FM NORMAL 64 PTCLDY (SCALE 4-7) 15
TOTAL FM JUL 1 622 CLOUDY (SCALE 8-10) 4
DPTR FM NORMAL -47
[CDD (BASE 65) ]
TOTAL THIS MO. 0
DPTR FM NORMAL -3 [PRESSURE DATA]
TOTAL FM JAN 1 1544 HIGHEST SLP 30.56 ON 20
DPTR FM NORMAL -8 LOWEST SLP 29.83 ON 28
[REMARKS]
#FINAL-11-21#