000
CXUS52 KGSP 011551
CF6GSP
PRELIMINARY LOCAL CLIMATOLOGICAL DATA (WS FORM: F-6)
STATION: GREENVILLE-SPARTANBURG SC
MONTH: OCTOBER
YEAR: 2021
LATITUDE: 34 54 N
LONGITUDE: 82 13 W
TEMPERATURE IN F: :PCPN: SNOW: WIND :SUNSHINE: SKY :PK WND
================================================================================
1 2 3 4 5 6A 6B 7 8 9 10 11 12 13 14 15 16 17 18
12Z AVG MX 2MIN
DY MAX MIN AVG DEP HDD CDD WTR SNW DPTH SPD SPD DIR MIN PSBL S-S WX SPD DR
================================================================================
1 79 63 71 4 0 6 0.00 0.0 0 4.9 12 40 M M 3 18 15 20
2 82 63 73 6 0 8 0.00 0.0 0 4.5 14 200 M M 5 18 18 220
3 83 62 73 6 0 8 0.03 0.0 0 5.0 14 220 M M 4 138 23 180
4 76 65 71 5 0 6 0.34 0.0 0 3.4 10 210 M M 8 123 12 240
5 76 66 71 5 0 6 1.84 0.0 0 4.4 13 290 M M 9 123 16 280
6 79 67 73 7 0 8 0.18 0.0 0 6.0 14 70 M M 9 128 19 130
7 71 66 69 4 0 4 0.37 0.0 0 7.6 14 30 M M 10 13 18 20
8 72 66 69 4 0 4 0.80 0.0 0 5.5 12 110 M M 10 1 15 80
9 79 63 71 7 0 6 0.00 0.0 0 6.5 15 80 M M 5 1 20 30
10 79 57 68 4 0 3 0.00 0.0 0 5.2 14 40 M M 0 1 19 20
11 73 61 67 3 0 2 0.00 0.0 0 4.2 12 100 M M 5 1 15 100
12 79 57 68 5 0 3 0.00 0.0 0 1.3 7 140 M M 3 18 10 240
13 82 58 70 7 0 5 0.00 0.0 0 2.7 9 200 M M 1 1 11 220
14 85 60 73 11 0 8 0.00 0.0 0 0.9 7 140 M M 0 1 11 140
15 85 59 72 10 0 7 0.00 0.0 0 3.9 12 190 M M 1 1 14 200
16 81 53 67 5 0 2 0.00 0.0 0 10.0 20 360 M M 1 28 360
17 68 45 57 -4 8 0 0.00 0.0 0 5.1 13 330 M M 0 22 340
18 73 41 57 -4 8 0 0.00 0.0 0 3.4 13 220 M M 0 18 300
19 77 42 60 -1 5 0 0.00 0.0 0 3.2 12 220 M M 0 15 190
20 80 45 63 3 2 0 0.00 0.0 0 4.5 9 220 M M 0 1 13 200
21 77 51 64 4 1 0 T 0.0 0 7.6 18 230 M M 4 24 220
22 76 53 65 5 0 0 T 0.0 0 5.8 14 210 M M 4 17 200
23 74 46 60 1 5 0 0.00 0.0 0 2.4 9 170 M M 0 1 17 120
24 76 46 61 2 4 0 0.00 0.0 0 2.2 10 180 M M 0 1 13 150
25 79 54 67 9 0 2 T 0.0 0 5.3 15 230 M M 3 1 22 220
26 70 46 58 0 7 0 0.00 0.0 0 9.1 25 360 M M 0 36 360
27 71 38 55 -3 10 0 0.00 0.0 0 2.6 10 290 M M 0 14 310
28 56 42 49 -8 16 0 0.97 0.0 0 5.2 14 250 M M 6 1 22 240
29 60 48 54 -3 11 0 0.07 0.0 0 8.1 20 220 M M 9 123 25 230
30 62 49 56 -1 9 0 T 0.0 0 8.9 18 230 M M 8 23 220
31 71 43 57 1 8 0 0.00 0.0 0 4.2 12 350 M M 3 12 17 310
================================================================================
SM 2331 1675 94 88 4.60 0.0 153.6 M 111
================================================================================
AV 75.2 54.0 5.0 FASTST M M 4 MAX(MPH)
MISC ----> 25 360 36 360
================================================================================
NOTES:
# LAST OF SEVERAL OCCURRENCES
COLUMN 17 PEAK WIND IN M.P.H.
PRELIMINARY LOCAL CLIMATOLOGICAL DATA (WS FORM: F-6) , PAGE 2
STATION: GREENVILLE-SPARTANBURG SC
MONTH: OCTOBER
YEAR: 2021
LATITUDE: 34 54 N
LONGITUDE: 82 13 W
[TEMPERATURE DATA] [PRECIPITATION DATA] SYMBOLS USED IN COLUMN 16
AVERAGE MONTHLY: 64.6 TOTAL FOR MONTH: 4.60 1 = FOG OR MIST
DPTR FM NORMAL: 2.9 DPTR FM NORMAL: 1.01 2 = FOG REDUCING VISIBILITY
HIGHEST: 85 ON 15,14 GRTST 24HR 1.84 ON 5- 5 TO 1/4 MILE OR LESS
LOWEST: 38 ON 27 3 = THUNDER
SNOW, ICE PELLETS, HAIL 4 = ICE PELLETS
TOTAL MONTH: 0.0 INCH 5 = HAIL
GRTST 24HR 0.0 6 = FREEZING RAIN OR DRIZZLE
GRTST DEPTH: 0 7 = DUSTSTORM OR SANDSTORM:
VSBY 1/2 MILE OR LESS
8 = SMOKE OR HAZE
[NO. OF DAYS WITH] [WEATHER - DAYS WITH] 9 = BLOWING SNOW
X = TORNADO
MAX 32 OR BELOW: 0 0.01 INCH OR MORE: 8
MAX 90 OR ABOVE: 0 0.10 INCH OR MORE: 6
MIN 32 OR BELOW: 0 0.50 INCH OR MORE: 3
MIN 0 OR BELOW: 0 1.00 INCH OR MORE: 1
[HDD (BASE 65) ]
TOTAL THIS MO. 94 CLEAR (SCALE 0-3) 15
DPTR FM NORMAL -56 PTCLDY (SCALE 4-7) 10
TOTAL FM JUL 1 103 CLOUDY (SCALE 8-10) 6
DPTR FM NORMAL -59
[CDD (BASE 65) ]
TOTAL THIS MO. 88
DPTR FM NORMAL 39 [PRESSURE DATA]
TOTAL FM JAN 1 1674 HIGHEST SLP 30.27 ON 20
DPTR FM NORMAL -41 LOWEST SLP 29.45 ON 29
[REMARKS]
#FINAL-10-21#