000
CXUS56 KTFX 231110
CF6GTF
PRELIMINARY LOCAL CLIMATOLOGICAL DATA (WS FORM: F-6)
STATION: GREAT FALLS MT
MONTH: APRIL
YEAR: 2024
LATITUDE: 47 28 N
LONGITUDE: 111 22 W
TEMPERATURE IN F: :PCPN: SNOW: WIND :SUNSHINE: SKY :PK WND
================================================================================
1 2 3 4 5 6A 6B 7 8 9 10 11 12 13 14 15 16 17 18
12Z AVG MX 2MIN
DY MAX MIN AVG DEP HDD CDD WTR SNW DPTH SPD SPD DIR MIN PSBL S-S WX SPD DR
================================================================================
1 60 28 44 5 21 0 0.00 0.0 T 12.1 18 200 M M 2 24 240
2 73 36 55 16 10 0 0.00 0.0 0 15.1 25 240 M M 0 35 240
3 67 42 55 15 10 0 0.31 0.0 0 13.8 30 260 M M 4 1 38 280
4 44 32 38 -2 27 0 0.64 T 0 9.2 18 340 M M 10 12 25 340
5 38 32 35 -5 30 0 0.10 0.2 0 9.1 20 350 M M 10 1 26 360
6 35 31 33 -7 32 0 0.33 1.8 T 9.9 14 230 M M 10 1 18 240
7 43 33 38 -2 27 0 0.14 0.1 1 9.8 16 310 M M 10 1 21 310
8 54 30 42 1 23 0 0.00 0.0 0 15.1 25 270 M M 5 35 260
9 60 39 50 9 15 0 0.02 T 0 20.9 35 250 M M 5 5 46 260
10 54 31 43 2 22 0 0.00 0.0 0 6.6 28 340 M M 5 36 340
11 63 27 45 4 20 0 0.00 0.0 0 5.5 18 210 M M 1 23 210
12 73 38 56 14 9 0 0.00 0.0 0 8.6 21 290 M M 2 30 270
13 73 41 57 15 8 0 0.00 0.0 0 11.6 24 250 M M 1 39 250
14 74 40 57 15 8 0 T 0.0 0 7.4 32 300 M M 3 3 41 270
15 71 37 54 12 11 0 T 0.0 0 9.1 22 340 M M 3 27 340
16 55 31 43 1 22 0 0.00 0.0 0 13.6 28 240 M M 4 36 260
17 35 20 28 -15 37 0 0.07 0.3 T 15.0 28 340 M M 9 158 36 340
18 40 16 28 -15 37 0 0.00 0.0 0 8.5 17 10 M M 8 23 360
19 34 14 24 -19 41 0 T T 0 5.4 13 350 M M 6 16 360
20 52 15 34 -9 31 0 0.00 0.0 0 6.5 17 190 M M 0 24 180
21 62 36 49 5 16 0 0.00 0.0 0 21.4 36 260 M M 0 47 270
22 59 30 45 1 20 0 0.00 0.0 0 14.9 25 260 M M 0 34 330
================================================================================
SM 1219 679 477 0 1.61 2.4 249.1 M 98
================================================================================
AV 55.4 30.9 11.3 FASTST M M 4 MAX(MPH)
MISC ----> 36 260 47 270
================================================================================
NOTES:
# LAST OF SEVERAL OCCURRENCES
COLUMN 17 PEAK WIND IN M.P.H.
PRELIMINARY LOCAL CLIMATOLOGICAL DATA (WS FORM: F-6) , PAGE 2
STATION: GREAT FALLS MT
MONTH: APRIL
YEAR: 2024
LATITUDE: 47 28 N
LONGITUDE: 111 22 W
[TEMPERATURE DATA] [PRECIPITATION DATA] SYMBOLS USED IN COLUMN 16
AVERAGE MONTHLY: 43.1 TOTAL FOR MONTH: 1.61 1 = FOG OR MIST
DPTR FM NORMAL: 1.7 DPTR FM NORMAL: 0.36 2 = FOG REDUCING VISIBILITY
HIGHEST: 74 ON 14 GRTST 24HR 0.92 ON 3- 4 TO 1/4 MILE OR LESS
LOWEST: 14 ON 19 3 = THUNDER
SNOW, ICE PELLETS, HAIL 4 = ICE PELLETS
TOTAL MONTH: 3.4 INCHES 5 = HAIL
GRTST 24HR 1.8 ON 6- 6 6 = FREEZING RAIN OR DRIZZLE
GRTST DEPTH: 1 ON 7 7 = DUSTSTORM OR SANDSTORM:
VSBY 1/2 MILE OR LESS
8 = SMOKE OR HAZE
[NO. OF DAYS WITH] [WEATHER - DAYS WITH] 9 = BLOWING SNOW
X = TORNADO
MAX 32 OR BELOW: 0 0.01 INCH OR MORE: 7
MAX 90 OR ABOVE: 0 0.10 INCH OR MORE: 5
MIN 32 OR BELOW: 13 0.50 INCH OR MORE: 1
MIN 0 OR BELOW: 0 1.00 INCH OR MORE: 0
[HDD (BASE 65) ]
TOTAL THIS MO. 477 CLEAR (SCALE 0-3) 9
DPTR FM NORMAL -42 PTCLDY (SCALE 4-7) 8
TOTAL FM JUL 1 6329 CLOUDY (SCALE 8-10) 5
DPTR FM NORMAL -618
[CDD (BASE 65) ]
TOTAL THIS MO. 0
DPTR FM NORMAL 0 [PRESSURE DATA]
TOTAL FM JAN 1 0 HIGHEST SLP M ON M
DPTR FM NORMAL 0 LOWEST SLP 29.67 ON 15
[REMARKS]