000
CXUS54 KAMA 010710
CF6GUY
PRELIMINARY LOCAL CLIMATOLOGICAL DATA (WS FORM: F-6)
STATION: GUYMON
MONTH: AUGUST
YEAR: 2021
LATITUDE: 36 41 N
LONGITUDE: 101 30 W
TEMPERATURE IN F: :PCPN: SNOW: WIND :SUNSHINE: SKY :PK WND
================================================================================
1 2 3 4 5 6A 6B 7 8 9 10 11 12 13 14 15 16 17 18
12Z AVG MX 2MIN
DY MAX MIN AVG DEP HDD CDD WTR SNW DPTH SPD SPD DIR MIN PSBL S-S WX SPD DR
================================================================================
1 79 64 72 -8 0 7 0.10 M M 9.2 20 40 M M 8 138 25 30
2 85 59 72 -8 0 7 0.00 M M 5.1 12 170 M M 0 18 17 160
3 89 59 74 -6 0 9 0.00 M M 9.8 18 210 M M 0 24 210
4 81 59 70 -10 0 5 T M M 6.4 17 270 M M 5 23 260
5 94 58 76 -4 0 11 0.00 M M 6.3 15 20 M M 0 1 22 20
6 102 59 81 1 0 16 0.00 M M 9.2 21 170 M M 0 30 170
7 102 65 84 4 0 19 0.23 M M 13.8 38 360 M M 1 13 51 350
8 93 63 78 -2 0 13 0.00 M M 5.1 10 100 M M 0 8 14 340
9 105 64 85 5 0 20 0.00 M M 8.2 18 200 M M 0 27 190
10 105 73 89 9 0 24 0.00 M M 14.9 24 210 M M 0 34 200
11 103 73 88 9 0 23 0.00 M M 10.9 20 200 M M 0 27 200
12 99 67 83 4 0 18 0.00 M M 9.0 25 230 M M 0 32 230
13 86 67 77 -2 0 12 0.23 M M 7.3 17 50 M M 2 13 25 60
14 91 61 76 -3 0 11 0.00 M M 5.8 15 160 M M 1 22 190
15 94 63 79 0 0 14 T M M 10.6 21 210 M M 0 28 210
16 79 62 71 -8 0 6 T M M 8.9 28 170 M M 2 3 43 180
17 90 57 74 -4 0 9 0.00 M M 9.7 18 170 M M 0 33 170
18 89 64 77 -1 0 12 0.00 M M 12.5 22 160 M M 2 34 160
19 102 70 86 8 0 21 0.00 M M 16.0 26 220 M M 2 36 220
20 101 70 86 8 0 21 0.00 M M 11.5 24 50 M M 1 35 70
21 91 66 79 1 0 14 0.14 M M 12.8 28 170 M M 2 13 41 180
22 99 66 83 5 0 18 0.00 M M 13.7 25 210 M M 0 37 200
23 104 72 88 11 0 23 0.00 M M 17.4 28 220 M M 0 36 220
24 107 73 90 13 0 25 0.00 M M 14.5 25 210 M M 0 35 150
25 102 67 85 8 0 20 0.00 M M 11.3 17 160 M M 0 31 150
26 100 63 82 5 0 17 0.00 M M 12.9 25 210 M M 0 39 200
27 97 66 82 5 0 17 0.00 M M 13.5 24 230 M M 1 34 180
28 99 71 85 9 0 20 0.00 M M 17.3 25 190 M M 1 37 210
29 95 67 81 5 0 16 0.03 M M 9.8 29 120 M M 1 3 42 120
30 93 64 79 3 0 14 0.00 M M 7.9 21 170 M M 0 28 170
31 99 60 80 4 0 15 0.00 M M 8.3 18 220 M M 0 25 270
================================================================================
SM 2955 2012 0 477 0.73 M 329.6 M 29
================================================================================
AV 95.3 64.9 10.6 FASTST M M 1 MAX(MPH)
MISC ----> 38 360 51 350
================================================================================
NOTES:
# LAST OF SEVERAL OCCURRENCES
COLUMN 17 PEAK WIND IN M.P.H.
PRELIMINARY LOCAL CLIMATOLOGICAL DATA (WS FORM: F-6) , PAGE 2
STATION: GUYMON
MONTH: AUGUST
YEAR: 2021
LATITUDE: 36 41 N
LONGITUDE: 101 30 W
[TEMPERATURE DATA] [PRECIPITATION DATA] SYMBOLS USED IN COLUMN 16
AVERAGE MONTHLY: 80.1 TOTAL FOR MONTH: 0.73 1 = FOG OR MIST
DPTR FM NORMAL: 1.6 DPTR FM NORMAL: -1.85 2 = FOG REDUCING VISIBILITY
HIGHEST: 107 ON 24 GRTST 24HR 0.47 ON 31- 1 TO 1/4 MILE OR LESS
LOWEST: 57 ON 17 3 = THUNDER
SNOW, ICE PELLETS, HAIL 4 = ICE PELLETS
TOTAL MONTH: M 5 = HAIL
GRTST 24HR M ON M 6 = FREEZING RAIN OR DRIZZLE
GRTST DEPTH: M ON M 7 = DUSTSTORM OR SANDSTORM:
VSBY 1/2 MILE OR LESS
8 = SMOKE OR HAZE
[NO. OF DAYS WITH] [WEATHER - DAYS WITH] 9 = BLOWING SNOW
X = TORNADO
MAX 32 OR BELOW: 0 0.01 INCH OR MORE: 5
MAX 90 OR ABOVE: 24 0.10 INCH OR MORE: 4
MIN 32 OR BELOW: 0 0.50 INCH OR MORE: 0
MIN 0 OR BELOW: 0 1.00 INCH OR MORE: 0
[HDD (BASE 65) ]
TOTAL THIS MO. 0 CLEAR (SCALE 0-3) 29
DPTR FM NORMAL -1 PTCLDY (SCALE 4-7) 2
TOTAL FM JUL 1 0 CLOUDY (SCALE 8-10) 0
DPTR FM NORMAL 0
[CDD (BASE 65) ]
TOTAL THIS MO. 477
DPTR FM NORMAL 59 [PRESSURE DATA]
TOTAL FM JAN 1 1405 HIGHEST SLP M ON M
DPTR FM NORMAL 17 LOWEST SLP 29.57 ON 7
[REMARKS]
#FINAL-08-21#