000
CXUS54 KAMA 280710
CF6GUY
PRELIMINARY LOCAL CLIMATOLOGICAL DATA (WS FORM: F-6)
STATION: GUYMON
MONTH: MARCH
YEAR: 2024
LATITUDE: 36 41 N
LONGITUDE: 101 30 W
TEMPERATURE IN F: :PCPN: SNOW: WIND :SUNSHINE: SKY :PK WND
================================================================================
1 2 3 4 5 6A 6B 7 8 9 10 11 12 13 14 15 16 17 18
12Z AVG MX 2MIN
DY MAX MIN AVG DEP HDD CDD WTR SNW DPTH SPD SPD DIR MIN PSBL S-S WX SPD DR
================================================================================
1 76 20 48 6 17 0 0.00 M M 7.2 21 200 M M 1 1 28 190
2 80 34 57 14 8 0 0.00 M M 16.6 31 220 M M 0 41 230
3 78 45 62 19 3 0 0.00 M M 16.1 30 210 M M 0 44 220
4 60 36 48 4 17 0 0.00 M M 9.8 28 30 M M 0 41 350
5 56 23 40 -4 25 0 0.00 M M 8.3 16 60 M M 0 29 30
6 63 25 44 0 21 0 0.00 M M 6.9 18 200 M M 0 27 180
7 61 37 49 4 16 0 0.00 M M 12.3 28 10 M M 3 36 20
8 37 29 33 -12 32 0 0.05 M M 20.4 28 360 M M 10 1 38 360
9 56 24 40 -5 25 0 0.00 M M 6.6 17 360 M M 3 22 360
10 69 26 48 2 17 0 0.00 M M 10.0 22 230 M M 0 28 240
11 77 34 56 10 9 0 0.00 M M 14.8 30 220 M M 0 39 220
12 75 38 57 11 8 0 0.00 M M 11.1 23 230 M M 0 32 240
13 75 36 56 9 9 0 T M M 8.0 25 330 M M 2 35 310
14 57 37 47 0 18 0 0.00 M M 13.8 23 30 M M 7 31 10
15 54 34 44 -3 21 0 T M M 12.4 29 30 M M 8 39 20
16 54 31 43 -5 22 0 0.06 M M 6.0 13 200 M M 7 18 80
17 62 35 49 1 16 0 0.00 M M 6.3 16 360 M M 6 22 10
18 59 27 43 -5 22 0 0.00 M M 4.9 12 30 M M 1 16 230
19 73 34 54 5 11 0 0.00 M M 12.7 25 250 M M 1 32 260
20 75 35 55 6 10 0 0.00 M M 10.4 21 80 M M 1 30 90
21 73 40 57 8 8 0 0.00 M M 5.4 13 150 M M 3 1 18 150
22 63 35 49 -1 16 0 0.00 M M 12.5 25 20 M M 0 34 30
23 64 29 47 -3 18 0 0.00 M M 14.4 29 180 M M 1 42 190
24 75 44 60 10 5 0 0.00 M M 20.5 39 230 M M 2 57 200
25 44 23 34 -16 31 0 0.18 M M 18.9 32 330 M M 8 16 44 340
26 47 18 33 -18 32 0 0.00 M M 8.3 15 330 M M 1 19 330
27 57 29 43 -8 22 0 0.00 M M 7.5 14 180 M M 4 19 160
================================================================================
SM 1720 858 459 0 0.29 M 302.1 M 69
================================================================================
AV 63.7 31.8 11.2 FASTST M M 3 MAX(MPH)
MISC ----> 39 230 57 200
================================================================================
NOTES:
# LAST OF SEVERAL OCCURRENCES
COLUMN 17 PEAK WIND IN M.P.H.
PRELIMINARY LOCAL CLIMATOLOGICAL DATA (WS FORM: F-6) , PAGE 2
STATION: GUYMON
MONTH: MARCH
YEAR: 2024
LATITUDE: 36 41 N
LONGITUDE: 101 30 W
[TEMPERATURE DATA] [PRECIPITATION DATA] SYMBOLS USED IN COLUMN 16
AVERAGE MONTHLY: 47.7 TOTAL FOR MONTH: 0.29 1 = FOG OR MIST
DPTR FM NORMAL: 0.8 DPTR FM NORMAL: -0.65 2 = FOG REDUCING VISIBILITY
HIGHEST: 80 ON 2 GRTST 24HR 0.18 ON 25-25 TO 1/4 MILE OR LESS
LOWEST: 18 ON 26 3 = THUNDER
SNOW, ICE PELLETS, HAIL 4 = ICE PELLETS
TOTAL MONTH: M 5 = HAIL
GRTST 24HR M ON M 6 = FREEZING RAIN OR DRIZZLE
GRTST DEPTH: M ON M 7 = DUSTSTORM OR SANDSTORM:
VSBY 1/2 MILE OR LESS
8 = SMOKE OR HAZE
[NO. OF DAYS WITH] [WEATHER - DAYS WITH] 9 = BLOWING SNOW
X = TORNADO
MAX 32 OR BELOW: 0 0.01 INCH OR MORE: 3
MAX 90 OR ABOVE: 0 0.10 INCH OR MORE: 1
MIN 32 OR BELOW: 12 0.50 INCH OR MORE: 0
MIN 0 OR BELOW: 0 1.00 INCH OR MORE: 0
[HDD (BASE 65) ]
TOTAL THIS MO. 459 CLEAR (SCALE 0-3) 19
DPTR FM NORMAL -31 PTCLDY (SCALE 4-7) 5
TOTAL FM JUL 1 3597 CLOUDY (SCALE 8-10) 3
DPTR FM NORMAL -259
[CDD (BASE 65) ]
TOTAL THIS MO. 0
DPTR FM NORMAL 0 [PRESSURE DATA]
TOTAL FM JAN 1 0 HIGHEST SLP M ON M
DPTR FM NORMAL 0 LOWEST SLP 29.02 ON 24
[REMARKS]