000
CXUS54 KAMA 011547
CLMGUY
CLIMATE REPORT
NATIONAL WEATHER SERVICE AMARILLO
947 AM CST FRI DEC 01 2023
...................................
...THE GUYMON CLIMATE SUMMARY FOR THE MONTH OF NOVEMBER 2023...
CLIMATE NORMAL PERIOD: 1991 TO 2020
CLIMATE RECORD PERIOD: 1998 TO 2023
WEATHER OBSERVED NORMAL DEPART LAST YEAR`S
VALUE DATE(S) VALUE FROM VALUE DATE(S)
NORMAL
................................................................
TEMPERATURE (F)
HIGHEST 87 11/07 79 11/02
LOWEST 13 11/26 10 11/30
AVG. MAXIMUM 63.3 60.6 2.7 55.9
AVG. MINIMUM 30.8 30.7 0.1 27.1
MEAN 47.0 45.7 1.3 41.5
DAYS MAX >= 90 0 0.0 0.0 0
DAYS MAX <= 32 1 0.6 0.4 1
DAYS MIN <= 32 16 17.2 -1.2 21
DAYS MIN <= 0 0 0.0 0.0 0
PRECIPITATION (INCHES)
TOTALS 0.26 0.51 -0.25 0.13
DAILY AVG. 0.01 0.02 -0.01 0.00
DAYS >= .01 2 3.1 -1.1 4
DAYS >= .10 1 1.2 -0.2 0
DAYS >= .50 0 0.1 -0.1 0
DAYS >= 1.00 0 0.0 0.0 0
GREATEST
24 HR. TOTAL 0.25 11/25 TO 11/25
SNOWFALL (INCHES)
TOTALS MM MM MM MM
SINCE 7/1 MM MM MM MM
DAYS >= TRACE MM MM MM
DAYS >= 1.0 MM MM MM MM
GREATEST
SNOW DEPTH MM
24 HR TOTAL MM
DEGREE DAYS
HEATING TOTAL 534 582 -48 701
SINCE 7/1 784 871 -87 MM
COOLING TOTAL 0 1 -1 5
SINCE 1/1 1537 1639 -102 MM
................................................................
WIND (MPH)
AVERAGE WIND SPEED 9.2
HIGHEST WIND SPEED/DIRECTION 32/350 DATE 11/20
32/020 11/30
HIGHEST GUST SPEED/DIRECTION 49/340 DATE 11/20
SKY COVER
POSSIBLE SUNSHINE (PERCENT) MM
NUMBER OF DAYS FAIR 24
NUMBER OF DAYS PC 3
NUMBER OF DAYS CLOUDY 3
AVERAGE RH (PERCENT) 57
WEATHER CONDITIONS. NUMBER OF DAYS WITH
THUNDERSTORM 0 MIXED PRECIP 0
HEAVY RAIN 0 RAIN 0
LIGHT RAIN 2 FREEZING RAIN 0
LT FREEZING RAIN 0 HEAVY SNOW 0
SNOW 0 LIGHT SNOW 1
SLEET 0 FOG 2
FOG W/VIS <= 1/4 MILE 0 HAZE 0
- INDICATES NEGATIVE NUMBERS.
R INDICATES RECORD WAS SET OR TIED.
MM INDICATES DATA IS MISSING.
T INDICATES TRACE AMOUNT.
$$