000
CXUS54 KJAN 030408
CF6GWO
PRELIMINARY LOCAL CLIMATOLOGICAL DATA (WS FORM: F-6)
STATION: GREENWOOD
MONTH: JANUARY
YEAR: 2024
LATITUDE: 33 30 N
LONGITUDE: 90 5 W
TEMPERATURE IN F: :PCPN: SNOW: WIND :SUNSHINE: SKY :PK WND
================================================================================
1 2 3 4 5 6A 6B 7 8 9 10 11 12 13 14 15 16 17 18
12Z AVG MX 2MIN
DY MAX MIN AVG DEP HDD CDD WTR SNW DPTH SPD SPD DIR MIN PSBL S-S WX SPD DR
================================================================================
1 50 26 38 -7 27 0 0.00 0.0 0 7.8 18 30 M M 1 25 20
2 52 21 37 -8 28 0 0.00 0.0 0 2.4 9 110 M M 0 12 350
3 53 29 41 -4 24 0 0.00 0.0 0 2.6 8 350 M M 4 12 340
4 56 25 41 -4 24 0 0.00 0.0 0 5.8 15 60 M M 0 20 90
5 51 33 42 -2 23 0 1.25 0.0 0 8.1 25 100 M M 6 1 37 90
6 46 40 43 -1 22 0 0.02 0.0 0 4.9 10 290 M M 10 1 18 270
7 57 33 45 1 20 0 0.00 0.0 0 2.7 9 320 M M 3 12 14 230
8 58 31 45 1 20 0 0.59 0.0 0 12.8 31 140 M M 5 13 47 120
9 54 39 47 3 18 0 0.35 0.0 0 10.0 24 230 M M 10 1 36 260
10 56 28 42 -2 23 0 0.00 0.0 0 8.5 16 170 M M 0 20 160
11 72 36 54 10 11 0 T 0.0 0 11.0 29 160 M M 3 38 160
12 65 36 51 7 14 0 0.90 0.0 0 16.7 41 180 M M 4 13 54 180
13 52 28 40 -4 25 0 0.00 0.0 0 4.3 13 210 M M 0 17 280
14 44 23 34 -10 31 0 T M 0 8.4 15 20 M M 7 18 20 350
15 24 15 20 -24 45 0 0.11 M M 9.1 14 340 M M 10 18 24 360
16 22 10 16 -28 49 0 0.00 0.0 M 7.3 15 350 M M 1 25 340
17 36 9 23 -21 42 0 0.00 0.0 M 2.6 10 170 M M 0 14 170
18 51 29 40 -4 25 0 0.10 0.0 M 7.8 20 180 M M 9 1 25 180
19 41 22 32 -12 33 0 0.00 0.0 M 8.8 18 360 M M 3 1 28 350
20 31 18 25 -19 40 0 0.00 0.0 0 7.6 16 20 M M 0 22 30
21 45 17 31 -13 34 0 0.00 0.0 0 6.2 13 120 M M 1 18 120
22 58 34 46 2 19 0 0.00 0.0 0 8.8 20 130 M M 7 31 130
23 64 54 59 15 6 0 0.05 0.0 0 10.9 20 130 M M 10 1 28 150
24 66 60 63 19 2 0 2.19 0.0 0 5.9 20 160 M M 10 13 27 150
25 65 56 61 16 4 0 1.02 0.0 0 3.9 20 60 M M 10 123 25 70
26 69 57 63 18 2 0 0.33 0.0 0 3.7 10 50 M M 8 12 13 50
27 66 49 58 13 7 0 0.46 0.0 0 8.3 22 180 M M 10 18 30 260
28 49 34 42 -3 23 0 0.00 0.0 0 4.7 13 340 M M 8 22 330
29 56 30 43 -2 22 0 0.00 0.0 0 1.6 10 40 M M 1 15 340
30 71 35 53 8 12 0 0.00 0.0 0 3.8 13 220 M M 0 17 230
31 58 36 47 2 18 0 0.00 0.0 0 3.7 12 40 M M 0 1 15 30
================================================================================
SM 1638 993 693 0 7.37 0.0 210.7 M 141
================================================================================
AV 52.8 32.0 6.8 FASTST M M 5 MAX(MPH)
MISC ----> 41 180 54 180
================================================================================
NOTES:
# LAST OF SEVERAL OCCURRENCES
COLUMN 17 PEAK WIND IN M.P.H.
PRELIMINARY LOCAL CLIMATOLOGICAL DATA (WS FORM: F-6) , PAGE 2
STATION: GREENWOOD
MONTH: JANUARY
YEAR: 2024
LATITUDE: 33 30 N
LONGITUDE: 90 5 W
[TEMPERATURE DATA] [PRECIPITATION DATA] SYMBOLS USED IN COLUMN 16
AVERAGE MONTHLY: 42.4 TOTAL FOR MONTH: 7.37 1 = FOG OR MIST
DPTR FM NORMAL: -2.0 DPTR FM NORMAL: 2.85 2 = FOG REDUCING VISIBILITY
HIGHEST: 72 ON 11 GRTST 24HR 4.06 ON 24-25 TO 1/4 MILE OR LESS
LOWEST: 9 ON 17 3 = THUNDER
SNOW, ICE PELLETS, HAIL 4 = ICE PELLETS
TOTAL MONTH: 0.0 INCH 5 = HAIL
GRTST 24HR 0.0 6 = FREEZING RAIN OR DRIZZLE
GRTST DEPTH: 0 7 = DUSTSTORM OR SANDSTORM:
VSBY 1/2 MILE OR LESS
8 = SMOKE OR HAZE
[NO. OF DAYS WITH] [WEATHER - DAYS WITH] 9 = BLOWING SNOW
X = TORNADO
MAX 32 OR BELOW: 3 0.01 INCH OR MORE: 12
MAX 90 OR ABOVE: 0 0.10 INCH OR MORE: 10
MIN 32 OR BELOW: 16 0.50 INCH OR MORE: 5
MIN 0 OR BELOW: 0 1.00 INCH OR MORE: 3
[HDD (BASE 65) ]
TOTAL THIS MO. 693 CLEAR (SCALE 0-3) 14
DPTR FM NORMAL 53 PTCLDY (SCALE 4-7) 9
TOTAL FM JUL 1 1471 CLOUDY (SCALE 8-10) 8
DPTR FM NORMAL -205
[CDD (BASE 65) ]
TOTAL THIS MO. 0
DPTR FM NORMAL -3 [PRESSURE DATA]
TOTAL FM JAN 1 0 HIGHEST SLP 30.65 ON 21
DPTR FM NORMAL -3 LOWEST SLP 29.33 ON 12
[REMARKS]
#FINAL-01-24#