000
CXUS55 KBOU 011000
CF6GXY
PRELIMINARY LOCAL CLIMATOLOGICAL DATA (WS FORM: F-6)
STATION: GREELEY CO
MONTH: JANUARY
YEAR: 2023
LATITUDE: 40 25 N
LONGITUDE: 104 38 W
TEMPERATURE IN F: :PCPN: SNOW: WIND :SUNSHINE: SKY :PK WND
================================================================================
1 2 3 4 5 6A 6B 7 8 9 10 11 12 13 14 15 16 17 18
12Z AVG MX 2MIN
DY MAX MIN AVG DEP HDD CDD WTR SNW DPTH SPD SPD DIR MIN PSBL S-S WX SPD DR
================================================================================
1 36 23 30 M 35 0 M M M 3.8 9 80 M M 5 1 M M
2 30 26 28 M 37 0 M M M 8.1 14 350 M M 10 1 M M
3 30 5 18 M 47 0 M M M 2.2 9 330 M M 5 128 M M
4 29 1 15 M 50 0 M M M 3.5 8 330 M M 4 12 M M
5 29 -6 12 M 53 0 M M M 3.1 7 350 M M 0 1 M M
6 41 9 25 M 40 0 M M M 3.3 8 280 M M 6 M M
7 41 8 25 M 40 0 M M M 2.7 9 40 M M 3 12 M M
8 34 4 19 M 46 0 M M M 3.1 8 340 M M 3 12 M M
9 39 12 26 M 39 0 M M M 5.1 16 360 M M 1 M M
10 43 14 29 M 36 0 M M M 3.8 9 50 M M 0 M M
11 35 28 32 M 33 0 M M M 6.1 12 90 M M 9 1 M M
12 33 11 22 M 43 0 M M M 2.8 8 40 M M 5 128 M M
13 39 9 24 M 41 0 M M M 2.5 7 100 M M 0 1 M M
14 45 17 31 M 34 0 M M M 4.5 10 310 M M 1 1 M M
15 42 21 32 M 33 0 M M M 5.5 10 360 M M 6 M M
16 40 20 30 M 35 0 M M M 2.6 7 20 M M 3 12 M M
17 33 17 25 M 40 0 M M M 6.9 15 70 M M 4 1 16 90
18 31 11 21 M 44 0 M M M 12.2 23 340 M M 9 1 M M
19 29 -6 12 M 53 0 M M M 1.1 9 300 M M 3 128 M M
20 34 0 17 M 48 0 M M M 1.7 6 20 M M 5 M M
21 35 6 21 M 44 0 M M M 7.8 20 350 M M 9 M M
22 35 9 22 M 43 0 M M M 3.7 10 310 M M 4 M M
23 38 14 26 M 39 0 M M M 4.4 10 140 M M 8 1 M M
24 39 7 23 M 42 0 M M M 2.5 8 150 M M 4 12 M M
25 32 11 22 M 43 0 M M M 13.1 25 330 M M 7 31 320
26 40 9 25 M 40 0 M M M 4.7 8 190 M M 6 M M
27 32 10 21 M 44 0 M M M 4.2 8 340 M M 1 M M
28 27 5 16 M 49 0 M M M 8.7 17 100 M M 7 1 M M
29 5 -4 1 M 64 0 M M M 8.4 14 100 M M 10 M M
30 13 -10 2 M 63 0 M M M 3.0 7 110 M M 7 M M
31 19 -19 0 M 65 0 M M M 3.4 10 310 M M 1 18 M M
================================================================================
SM 1028 262 1363 0 M M 148.5 M 146
================================================================================
AV 33.2 8.5 4.8 FASTST M M 5 MAX(MPH)
MISC ----> 25 330 31 320
================================================================================
NOTES:
# LAST OF SEVERAL OCCURRENCES
COLUMN 17 PEAK WIND IN M.P.H.
PRELIMINARY LOCAL CLIMATOLOGICAL DATA (WS FORM: F-6) , PAGE 2
STATION: GREELEY CO
MONTH: JANUARY
YEAR: 2023
LATITUDE: 40 25 N
LONGITUDE: 104 38 W
[TEMPERATURE DATA] [PRECIPITATION DATA] SYMBOLS USED IN COLUMN 16
AVERAGE MONTHLY: 20.8 TOTAL FOR MONTH: M 1 = FOG OR MIST
DPTR FM NORMAL: 0.0 DPTR FM NORMAL: M 2 = FOG REDUCING VISIBILITY
HIGHEST: 45 ON 14 GRTST 24HR 0.25 ON 17-18 TO 1/4 MILE OR LESS
LOWEST: -19 ON 31 3 = THUNDER
SNOW, ICE PELLETS, HAIL 4 = ICE PELLETS
TOTAL MONTH: M 5 = HAIL
GRTST 24HR M ON M 6 = FREEZING RAIN OR DRIZZLE
GRTST DEPTH: M ON M 7 = DUSTSTORM OR SANDSTORM:
VSBY 1/2 MILE OR LESS
8 = SMOKE OR HAZE
[NO. OF DAYS WITH] [WEATHER - DAYS WITH] 9 = BLOWING SNOW
X = TORNADO
MAX 32 OR BELOW: 12 0.01 INCH OR MORE: 0
MAX 90 OR ABOVE: 0 0.10 INCH OR MORE: 0
MIN 32 OR BELOW: 31 0.50 INCH OR MORE: 0
MIN 0 OR BELOW: 6 1.00 INCH OR MORE: 0
[HDD (BASE 65) ]
TOTAL THIS MO. 1363 CLEAR (SCALE 0-3) 9
DPTR FM NORMAL M PTCLDY (SCALE 4-7) 16
TOTAL FM JUL 1 4095 CLOUDY (SCALE 8-10) 6
DPTR FM NORMAL M
[CDD (BASE 65) ]
TOTAL THIS MO. 0
DPTR FM NORMAL M [PRESSURE DATA]
TOTAL FM JAN 1 0 HIGHEST SLP 30.58 ON 12
DPTR FM NORMAL M LOWEST SLP 29.47 ON 15
[REMARKS]
#FINAL-01-23#