000
CXUS54 KEWX 011110
CF6GYB
PRELIMINARY LOCAL CLIMATOLOGICAL DATA (WS FORM: F-6)
STATION: GIDDINGS-LEE COUNTY AIRPORT
MONTH: JANUARY
YEAR: 2023
LATITUDE: 30 10 N
LONGITUDE: 96 59 W
TEMPERATURE IN F: :PCPN: SNOW: WIND :SUNSHINE: SKY :PK WND
================================================================================
1 2 3 4 5 6A 6B 7 8 9 10 11 12 13 14 15 16 17 18
12Z AVG MX 2MIN
DY MAX MIN AVG DEP HDD CDD WTR SNW DPTH SPD SPD DIR MIN PSBL S-S WX SPD DR
================================================================================
1 77 58 68 M 0 3 0.00 M M 7.4 12 200 M M 6 1 20 160
2 78 70 74 M 0 9 0.28 M M 8.4 18 210 M M 8 1 26 210
3 73 50 62 M 3 0 0.03 M M 4.9 14 310 M M 3 1 18 310
4 72 43 58 M 7 0 0.00 M M 4.1 12 310 M M 0 17 310
5 66 41 54 M 11 0 0.00 M M 3.2 8 30 M M 0 M M
6 78 44 61 M 4 0 0.00 M M 6.2 15 190 M M 1 1 21 190
7 75 54 65 M 0 0 0.10 M M 4.2 12 360 M M 9 1 18 10
8 66 47 57 M 8 0 0.00 M M 6.9 13 340 M M 3 21 350
9 71 43 57 M 8 0 0.00 M M 3.7 8 150 M M 0 M M
10 76 58 67 M 0 2 0.00 M M 7.3 12 200 M M 4 1 20 220
11 78 61 70 M 0 5 0.00 M M 9.8 14 200 M M 5 1 21 200
12 67 49 58 M 7 0 0.00 M M 12.1 22 340 M M 0 29 340
13 59 37 48 M 17 0 0.00 M M 6.3 14 350 M M 0 20 10
14 64 32 48 M 17 0 0.00 M M 4.5 12 170 M M 0 17 190
15 73 46 60 M 5 0 0.00 M M 8.6 18 180 M M 2 29 190
16 75 53 64 M 1 0 0.00 M M 3.9 9 190 M M 3 1 17 180
17 72 47 60 M 5 0 0.00 M M 3.1 9 150 M M 5 12 M M
18 75 58 67 M 0 2 0.04 M M 5.5 14 340 M M 4 1 20 340
19 65 47 56 M 9 0 0.00 M M 3.7 9 20 M M 0 M M
20 53 47 50 M 15 0 0.00 M M 5.8 10 80 M M 9 17 80
21 55 39 47 M 18 0 0.00 M M 2.7 6 60 M M 7 M M
22 59 37 48 M 17 0 0.00 M M 7.7 17 340 M M 0 1 23 340
23 59 30 45 M 20 0 0.00 M M 4.4 12 100 M M 3 17 90
24 49 43 46 M 19 0 1.07 M M 9.8 16 330 M M 8 1 31 330
25 55 37 46 M 19 0 0.00 M M 7.9 15 330 M M 2 21 320
26 55 31 43 M 22 0 0.00 M M 2.5 8 360 M M 0 M M
27 55 31 43 M 22 0 0.00 M M 1.8 8 160 M M 6 M M
28 66 51 59 M 6 0 0.19 M M 3.9 9 200 M M 10 12 M M
29 72 38 55 M 10 0 0.10 M M 8.5 20 360 M M 10 1 25 360
30 38 31 35 M 30 0 0.00 M M 11.5 14 10 M M 10 1 22 10
31 33 31 32 M 33 0 0.00 M M 10.2 14 350 M M 10 1 22 360
================================================================================
SM 2009 1384 333 21 1.81 M 190.6 M 128
================================================================================
AV 64.8 44.6 6.1 FASTST M M 4 MAX(MPH)
MISC ----> 22 340 31 330
================================================================================
NOTES:
# LAST OF SEVERAL OCCURRENCES
COLUMN 17 PEAK WIND IN M.P.H.
PRELIMINARY LOCAL CLIMATOLOGICAL DATA (WS FORM: F-6) , PAGE 2
STATION: GIDDINGS-LEE COUNTY AIRPORT
MONTH: JANUARY
YEAR: 2023
LATITUDE: 30 10 N
LONGITUDE: 96 59 W
[TEMPERATURE DATA] [PRECIPITATION DATA] SYMBOLS USED IN COLUMN 16
AVERAGE MONTHLY: 54.7 TOTAL FOR MONTH: 1.81 1 = FOG OR MIST
DPTR FM NORMAL: 0.0 DPTR FM NORMAL: M 2 = FOG REDUCING VISIBILITY
HIGHEST: 78 ON 11, 6 GRTST 24HR 1.23 ON 24-24 TO 1/4 MILE OR LESS
LOWEST: 30 ON 23 3 = THUNDER
SNOW, ICE PELLETS, HAIL 4 = ICE PELLETS
TOTAL MONTH: M 5 = HAIL
GRTST 24HR M ON M 6 = FREEZING RAIN OR DRIZZLE
GRTST DEPTH: M ON M 7 = DUSTSTORM OR SANDSTORM:
VSBY 1/2 MILE OR LESS
8 = SMOKE OR HAZE
[NO. OF DAYS WITH] [WEATHER - DAYS WITH] 9 = BLOWING SNOW
X = TORNADO
MAX 32 OR BELOW: 0 0.01 INCH OR MORE: 7
MAX 90 OR ABOVE: 0 0.10 INCH OR MORE: 5
MIN 32 OR BELOW: 6 0.50 INCH OR MORE: 1
MIN 0 OR BELOW: 0 1.00 INCH OR MORE: 1
[HDD (BASE 65) ]
TOTAL THIS MO. 333 CLEAR (SCALE 0-3) 15
DPTR FM NORMAL M PTCLDY (SCALE 4-7) 9
TOTAL FM JUL 1 1016 CLOUDY (SCALE 8-10) 7
DPTR FM NORMAL M
[CDD (BASE 65) ]
TOTAL THIS MO. 21
DPTR FM NORMAL M [PRESSURE DATA]
TOTAL FM JAN 1 21 HIGHEST SLP M ON M
DPTR FM NORMAL M LOWEST SLP M ON M
[REMARKS]
#FINAL-01-23#