000
CXUS51 KGYX 031622 CCA
CF6GYX
PRELIMINARY LOCAL CLIMATOLOGICAL DATA (WS FORM: F-6)
STATION: GRAY ME
MONTH: FEBRUARY
YEAR: 2023
LATITUDE: 43 53 N
LONGITUDE: 70 15 W
TEMPERATURE IN F: :PCPN: SNOW: WIND :SUNSHINE: SKY :PK WND
================================================================================
1 2 3 4 5 6A 6B 7 8 9 10 11 12 13 14 15 16 17 18
12Z AVG MX 2MIN
DY MAX MIN AVG DEP HDD CDD WTR SNW DPTH SPD SPD DIR MIN PSBL S-S WX SPD DR
================================================================================
1 21 4 13 -9 52 0 0.00 0.0 15 M M M M M M M M
2 29 11 20 -2 45 0 0.00 0.0 15 M M M M M M M M
3 28 -16 6 -16 59 0 0.00 0.0 14 M M M M M M 8 M M
4 6 -17 -5 -27 70 0 0.00 0.0 14 M M M M M M M M
5 35 4 20 -2 45 0 0.00 0.0 14 M M M M M M M M
6 41 21 31 8 34 0 0.00 0.0 14 M M M M M M M M
7 29 13 21 -2 44 0 0.07 0.9 13 M M M M M M M M
8 43 25 34 11 31 0 0.00 0.0 14 M M M M M M M M
9 38 27 33 10 32 0 0.30 T 13 M M M M M M 14 M M
10 50 34 42 18 23 0 0.03 0.0 11 M M M M M M 1 M M
11 38 26 32 8 33 0 0.00 0.0 10 M M M M M M M M
12 46 25 36 12 29 0 0.00 0.0 10 M M M M M M M M
13 39 28 34 10 31 0 T T 10 M M M M M M M M
14 41 27 34 10 31 0 0.01 0.2 10 M M M M M M M M
15 46 28 37 12 28 0 T 0.0 9 M M M M M M M M
16 56 35 46 21 19 0 T 0.0 9 M M M M M M M M
17 40 18 29 4 36 0 0.13 0.6 8 M M M M M M M M
18 33 15 24 -2 41 0 0.00 0.0 8 M M M M M M M M
19 40 24 32 6 33 0 0.00 0.0 8 M M M M M M M M
20 50 32 41 15 24 0 T 0.0 8 M M M M M M M M
21 37 28 33 7 32 0 T T 8 M M M M M M M M
22 40 22 31 4 34 0 0.04 0.3 7 M M M M M M M M
23 22 13 18 -9 47 0 0.48 4.4 10 M M M M M M 6 M M
24 21 7 14 -13 51 0 0.01 0.2 11 M M M M M M M M
25 16 -9 4 -23 61 0 0.00 0.0 11 M M M M M M M M
26 19 1 10 -18 55 0 0.06 1.9 11 M M M M M M M M
27 28 5 17 -11 48 0 0.00 0.0 13 M M M M M M M M
28 30 18 24 -4 41 0 0.50 7.5 14 M M M M M M 1 M M
================================================================================
SM 962 449 1109 0 1.63 16.0 M M M
================================================================================
AV 34.4 16.0 M FASTST M M M MAX(MPH)
MISC ----> M M M M
================================================================================
NOTES:
# LAST OF SEVERAL OCCURRENCES
COLUMN 17 PEAK WIND IN M.P.H.
PRELIMINARY LOCAL CLIMATOLOGICAL DATA (WS FORM: F-6) , PAGE 2
STATION: GRAY ME
MONTH: FEBRUARY
YEAR: 2023
LATITUDE: 43 53 N
LONGITUDE: 70 15 W
[TEMPERATURE DATA] [PRECIPITATION DATA] SYMBOLS USED IN COLUMN 16
AVERAGE MONTHLY: 25.2 TOTAL FOR MONTH: 1.63 1 = FOG OR MIST
DPTR FM NORMAL: 0.5 DPTR FM NORMAL: -1.71 2 = FOG REDUCING VISIBILITY
HIGHEST: 56 ON 16 GRTST 24HR 0.50 ON 28-28 TO 1/4 MILE OR LESS
LOWEST: -17 ON 4 3 = THUNDER
SNOW, ICE PELLETS, HAIL 4 = ICE PELLETS
TOTAL MONTH: 16.0 INCHES 5 = HAIL
GRTST 24HR 7.5 ON 28-28 6 = FREEZING RAIN OR DRIZZLE
GRTST DEPTH: 15 ON 2, 1 7 = DUSTSTORM OR SANDSTORM:
VSBY 1/2 MILE OR LESS
8 = SMOKE OR HAZE
[NO. OF DAYS WITH] [WEATHER - DAYS WITH] 9 = BLOWING SNOW
X = TORNADO
MAX 32 OR BELOW: 11 0.01 INCH OR MORE: 10
MAX 90 OR ABOVE: 0 0.10 INCH OR MORE: 4
MIN 32 OR BELOW: 26 0.50 INCH OR MORE: 1
MIN 0 OR BELOW: 3 1.00 INCH OR MORE: 0
[HDD (BASE 65) ]
TOTAL THIS MO. 1109 CLEAR (SCALE 0-3) 0
DPTR FM NORMAL -18 PTCLDY (SCALE 4-7) 0
TOTAL FM JUL 1 4519 CLOUDY (SCALE 8-10) 28
DPTR FM NORMAL -556
[CDD (BASE 65) ]
TOTAL THIS MO. 0
DPTR FM NORMAL 0 [PRESSURE DATA]
TOTAL FM JAN 1 0 HIGHEST SLP M ON M
DPTR FM NORMAL 0 LOWEST SLP M ON M
[REMARKS]
#FINAL-02-23#