000
CXUS51 KGYX 030946
CF6GYX
PRELIMINARY LOCAL CLIMATOLOGICAL DATA (WS FORM: F-6)
STATION: GRAY ME
MONTH: MARCH
YEAR: 2021
LATITUDE: 43 53 N
LONGITUDE: 70 15 W
TEMPERATURE IN F: :PCPN: SNOW: WIND :SUNSHINE: SKY :PK WND
================================================================================
1 2 3 4 5 6A 6B 7 8 9 10 11 12 13 14 15 16 17 18
12Z AVG MX 2MIN
DY MAX MIN AVG DEP HDD CDD WTR SNW DPTH SPD SPD DIR MIN PSBL S-S WX SPD DR
================================================================================
1 40 19 30 1 35 0 0.32 T 8 M M M M M M M M
2 22 5 14 -15 51 0 T T 7 M M M M M M M M
3 37 11 24 -5 41 0 0.00 0.0 7 M M M M M M M M
4 34 18 26 -4 39 0 0.00 0.0 7 M M M M M M M M
5 23 12 18 -12 47 0 0.00 0.0 7 M M M M M M M M
6 35 8 22 -8 43 0 0.00 0.0 7 M M M M M M M M
7 33 12 23 -7 42 0 0.00 0.0 7 M M M M M M M M
8 38 18 28 -2 37 0 0.00 0.0 7 M M M M M M M M
9 47 27 37 6 28 0 T T 6 M M M M M M M M
10 44 27 36 5 29 0 0.00 0.0 6 M M M M M M M M
11 55 31 43 12 22 0 0.00 0.0 6 M M M M M M M M
12 57 34 46 14 19 0 T T 5 M M M M M M M M
13 40 27 34 2 31 0 T T 4 M M M M M M M M
14 35 15 25 -7 40 0 T T 3 M M M M M M M M
15 19 6 13 -19 52 0 0.00 0.0 3 M M M M M M M M
16 34 12 23 -10 42 0 0.00 0.0 3 M M M M M M M M
17 49 21 35 2 30 0 0.00 0.0 3 M M M M M M M M
18 42 31 37 4 28 0 0.10 0.0 2 M M M M M M M M
19 36 18 27 -7 38 0 0.00 0.0 2 M M M M M M M M
20 55 23 39 5 26 0 0.00 0.0 2 M M M M M M M M
21 63 32 48 14 17 0 0.00 0.0 1 M M M M M M M M
22 63 32 48 13 17 0 0.00 0.0 T M M M M M M M M
23 64 28 46 11 19 0 0.00 0.0 T M M M M M M M M
24 56 33 45 10 20 0 T 0.0 T M M M M M M 2 M M
25 52 41 47 11 18 0 0.05 0.0 T M M M M M M M M
26 55 42 49 13 16 0 0.27 0.0 T M M M M M M 3 M M
27 51 37 44 8 21 0 0.00 0.0 T M M M M M M M M
28 40 37 39 2 26 0 1.06 0.0 0 M M M M M M M M
29 44 32 38 1 27 0 0.03 0.0 0 M M M M M M M M
30 49 30 40 2 25 0 0.00 0.0 0 M M M M M M M M
31 61 36 49 11 16 0 0.01 0.0 0 M M M M M M M M
================================================================================
SM 1373 755 942 0 1.84 T M M M
================================================================================
AV 44.3 24.4 M FASTST M M M MAX(MPH)
MISC ----> M M M M
================================================================================
NOTES:
# LAST OF SEVERAL OCCURRENCES
COLUMN 17 PEAK WIND IN M.P.H.
PRELIMINARY LOCAL CLIMATOLOGICAL DATA (WS FORM: F-6) , PAGE 2
STATION: GRAY ME
MONTH: MARCH
YEAR: 2021
LATITUDE: 43 53 N
LONGITUDE: 70 15 W
[TEMPERATURE DATA] [PRECIPITATION DATA] SYMBOLS USED IN COLUMN 16
AVERAGE MONTHLY: 34.3 TOTAL FOR MONTH: 1.84 1 = FOG OR MIST
DPTR FM NORMAL: 1.4 DPTR FM NORMAL: -2.33 2 = FOG REDUCING VISIBILITY
HIGHEST: 64 ON 23 GRTST 24HR 1.06 ON 28-28 TO 1/4 MILE OR LESS
LOWEST: 5 ON 2 3 = THUNDER
SNOW, ICE PELLETS, HAIL 4 = ICE PELLETS
TOTAL MONTH: T 5 = HAIL
GRTST 24HR T ON 1- 1 6 = FREEZING RAIN OR DRIZZLE
GRTST DEPTH: 8 ON 1 7 = DUSTSTORM OR SANDSTORM:
VSBY 1/2 MILE OR LESS
8 = SMOKE OR HAZE
[NO. OF DAYS WITH] [WEATHER - DAYS WITH] 9 = BLOWING SNOW
X = TORNADO
MAX 32 OR BELOW: 3 0.01 INCH OR MORE: 7
MAX 90 OR ABOVE: 0 0.10 INCH OR MORE: 4
MIN 32 OR BELOW: 24 0.50 INCH OR MORE: 1
MIN 0 OR BELOW: 0 1.00 INCH OR MORE: 1
[HDD (BASE 65) ]
TOTAL THIS MO. 942 CLEAR (SCALE 0-3) 0
DPTR FM NORMAL -51 PTCLDY (SCALE 4-7) 0
TOTAL FM JUL 1 5720 CLOUDY (SCALE 8-10) 31
DPTR FM NORMAL -431
[CDD (BASE 65) ]
TOTAL THIS MO. 0
DPTR FM NORMAL 0 [PRESSURE DATA]
TOTAL FM JAN 1 0 HIGHEST SLP M ON M
DPTR FM NORMAL 0 LOWEST SLP M ON M
[REMARKS]
#FINAL-03-21#