000
CXUS54 KOUN 010810
CF6HBR
PRELIMINARY LOCAL CLIMATOLOGICAL DATA (WS FORM: F-6)
STATION: HOBART
MONTH: SEPTEMBER
YEAR: 2021
LATITUDE: 35 0 N
LONGITUDE: 99 3 W
TEMPERATURE IN F: :PCPN: SNOW: WIND :SUNSHINE: SKY :PK WND
================================================================================
1 2 3 4 5 6A 6B 7 8 9 10 11 12 13 14 15 16 17 18
12Z AVG MX 2MIN
DY MAX MIN AVG DEP HDD CDD WTR SNW DPTH SPD SPD DIR MIN PSBL S-S WX SPD DR
================================================================================
1 102 71 87 7 0 22 0.00 M M 9.6 18 200 M M 1 24 200
2 99 75 87 7 0 22 T M M 15.2 23 170 M M 1 29 190
3 100 76 88 9 0 23 T M M 15.0 22 160 M M 1 30 170
4 98 74 86 7 0 21 T M M 12.2 22 360 M M 2 3 30 340
5 90 68 79 0 0 14 0.00 M M 9.6 18 50 M M 1 22 50
6 96 61 79 1 0 14 0.00 M M 7.3 18 190 M M 0 23 200
7 97 73 85 7 0 20 0.00 M M 11.8 21 220 M M 1 26 190
8 93 65 79 1 0 14 T M M 11.4 24 60 M M 0 31 50
9 94 59 77 -1 0 12 0.00 M M 10.1 20 180 M M 0 28 200
10 96 68 82 5 0 17 0.00 M M 16.3 25 220 M M 0 34 190
11 99 69 84 7 0 19 0.00 M M 17.4 25 200 M M 0 30 210
12 96 62 79 3 0 14 0.00 M M 13.1 22 190 M M 0 26 170
13 95 65 80 4 0 15 0.00 0.0 M 14.2 23 190 M M 0 31 200
14 92 68 80 4 0 15 0.00 0.0 M 12.7 22 200 M M 0 28 200
15 91 68 80 5 0 15 0.02 0.0 M 6.7 14 150 M M 3 1 17 150
16 93 66 80 5 0 15 0.00 M M 9.2 18 180 M M 1 32 170
17 96 69 83 8 0 18 0.00 M M 9.8 17 100 M M 1 23 120
18 94 64 79 5 0 14 0.00 M M 5.2 13 100 M M 0 18 110
19 96 64 80 6 0 15 0.00 M M 9.4 18 180 M M 0 24 180
20 100 73 87 13 0 22 0.00 M M 16.6 29 40 M M 0 38 30
21 83 57 70 -3 0 5 0.00 M M 19.3 30 20 M M 1 37 40
22 82 45 64 -9 1 0 0.00 M M 6.0 13 10 M M 0 8 15 10
23 88 50 69 -3 0 4 0.00 M M 11.4 21 210 M M 0 26 170
24 89 54 72 0 0 7 0.00 M M 10.3 18 200 M M 0 24 200
25 92 54 73 1 0 8 0.00 M M 9.7 17 200 M M 0 22 180
26 94 59 77 6 0 12 0.00 M M 13.8 25 210 M M 0 31 210
27 94 64 79 8 0 14 0.00 M M 14.4 23 210 M M 0 29 120
28 95 65 80 10 0 15 0.62 M M 12.3 35 160 M M 2 13 41 160
29 87 65 76 6 0 11 0.04 M M 14.3 25 160 M M 2 13 35 150
30 82 65 74 4 0 9 T M M 10.9 21 60 M M 6 25 70
================================================================================
SM 2803 1936 1 426 0.68 0.0 355.2 M 23
================================================================================
AV 93.4 64.5 11.8 FASTST M M 1 MAX(MPH)
MISC ----> 35 160 41 160
================================================================================
NOTES:
# LAST OF SEVERAL OCCURRENCES
COLUMN 17 PEAK WIND IN M.P.H.
PRELIMINARY LOCAL CLIMATOLOGICAL DATA (WS FORM: F-6) , PAGE 2
STATION: HOBART
MONTH: SEPTEMBER
YEAR: 2021
LATITUDE: 35 0 N
LONGITUDE: 99 3 W
[TEMPERATURE DATA] [PRECIPITATION DATA] SYMBOLS USED IN COLUMN 16
AVERAGE MONTHLY: 79.0 TOTAL FOR MONTH: 0.68 1 = FOG OR MIST
DPTR FM NORMAL: 3.9 DPTR FM NORMAL: -2.22 2 = FOG REDUCING VISIBILITY
HIGHEST: 102 ON 1 GRTST 24HR 0.66 ON 28-29 TO 1/4 MILE OR LESS
LOWEST: 45 ON 22 3 = THUNDER
SNOW, ICE PELLETS, HAIL 4 = ICE PELLETS
TOTAL MONTH: 0.0 INCH 5 = HAIL
GRTST 24HR 0.0 6 = FREEZING RAIN OR DRIZZLE
GRTST DEPTH: M ON M 7 = DUSTSTORM OR SANDSTORM:
VSBY 1/2 MILE OR LESS
8 = SMOKE OR HAZE
[NO. OF DAYS WITH] [WEATHER - DAYS WITH] 9 = BLOWING SNOW
X = TORNADO
MAX 32 OR BELOW: 0 0.01 INCH OR MORE: 3
MAX 90 OR ABOVE: 24 0.10 INCH OR MORE: 1
MIN 32 OR BELOW: 0 0.50 INCH OR MORE: 1
MIN 0 OR BELOW: 0 1.00 INCH OR MORE: 0
[HDD (BASE 65) ]
TOTAL THIS MO. 1 CLEAR (SCALE 0-3) 28
DPTR FM NORMAL -13 PTCLDY (SCALE 4-7) 2
TOTAL FM JUL 1 1 CLOUDY (SCALE 8-10) 0
DPTR FM NORMAL -10
[CDD (BASE 65) ]
TOTAL THIS MO. 426
DPTR FM NORMAL 110 [PRESSURE DATA]
TOTAL FM JAN 1 2087 HIGHEST SLP M ON M
DPTR FM NORMAL -130 LOWEST SLP 29.68 ON 28
[REMARKS]
#FINAL-09-21#