273
CXUS54 KOUN 010910
CF6HBR
PRELIMINARY LOCAL CLIMATOLOGICAL DATA (WS FORM: F-6)
STATION: HOBART
MONTH: JANUARY
YEAR: 2021
LATITUDE: 35 0 N
LONGITUDE: 99 3 W
TEMPERATURE IN F: :PCPN: SNOW: WIND :SUNSHINE: SKY :PK WND
================================================================================
1 2 3 4 5 6A 6B 7 8 9 10 11 12 13 14 15 16 17 18
12Z AVG MX 2MIN
DY MAX MIN AVG DEP HDD CDD WTR SNW DPTH SPD SPD DIR MIN PSBL S-S WX SPD DR
================================================================================
1 45 32 39 2 26 0 0.15 M M 16.0 31 350 M M 8 16 42 350
2 52 35 44 7 21 0 0.00 M M 7.1 12 180 M M 4 17 200
3 57 30 44 7 21 0 0.00 M M 7.0 13 350 M M 0 16 350
4 62 30 46 9 19 0 0.00 M M 5.8 18 30 M M 0 24 30
5 59 31 45 8 20 0 0.00 M M 11.9 24 190 M M 0 29 190
6 52 36 44 7 21 0 0.00 M M 16.3 30 350 M M 5 36 10
7 49 30 40 3 25 0 0.00 M M 11.9 23 360 M M 4 27 360
8 44 29 37 0 28 0 0.00 M M 5.8 14 340 M M 8 18 17 360
9 43 26 35 -2 30 0 0.00 M M 4.4 12 60 M M 3 18 13 60
10 40 33 37 -1 28 0 T M M 5.3 13 30 M M 9 18 16 40
11 49 25 37 -1 28 0 0.00 M M 7.2 13 260 M M 6 12 17 260
12 51 23 37 -1 28 0 0.00 0.0 M 8.3 13 200 M M 0 1 16 190
13 56 26 41 3 24 0 0.00 0.0 M 9.3 17 210 M M 0 1 20 210
14 56 33 45 7 20 0 0.00 M M 18.1 46 360 M M 1 53 360
15 51 29 40 2 25 0 0.00 M M 19.9 41 340 M M 1 56 330
16 55 23 39 1 26 0 0.00 M M 9.9 18 340 M M 0 22 270
17 57 34 46 8 19 0 0.00 M M 9.9 20 310 M M 5 24 330
18 59 30 45 7 20 0 0.00 M M 10.1 25 40 M M 1 30 40
19 50 31 41 3 24 0 0.00 M M 10.4 24 40 M M 3 29 40
20 47 M M M M M 0.00 M M 11.8 23 200 M M 6 8 29 200
21 52 38 45 7 20 0 0.00 0.0 0 7.6 16 210 M M 0 1 19 200
22 53 35 44 6 21 0 0.00 M M 11.6 18 50 M M 4 1 24 70
23 48 36 42 4 23 0 0.00 0.0 0 12.2 21 190 M M 10 1 24 190
24 51 39 45 7 20 0 0.04 0.0 M 12.5 21 70 M M 10 123 24 70
25 60 30 45 6 20 0 0.17 0.0 M 11.2 23 350 M M 5 13 34 270
26 38 26 32 -7 33 0 0.00 0.0 M 10.4 16 70 M M 3 21 60
27 42 23 33 -6 32 0 0.00 0.0 M 8.7 18 350 M M 4 1 24 320
28 45 20 33 -6 32 0 0.00 M M 10.3 21 180 M M 0 25 170
29 55 31 43 4 22 0 T M M 18.1 31 180 M M 1 1 36 180
30 71 36 54 15 11 0 0.05 M M 19.7 36 250 M M 2 13 42 340
31 55 31 43 4 22 0 0.00 M M 14.0 23 360 M M 0 31 350
================================================================================
SM 1604 911 709 0 0.41 0.0 342.7 M 103
================================================================================
AV 51.7 30.4 11.1 FASTST M M 3 MAX(MPH)
MISC ----> 46 360 56 330
================================================================================
NOTES:
# LAST OF SEVERAL OCCURRENCES
COLUMN 17 PEAK WIND IN M.P.H.
PRELIMINARY LOCAL CLIMATOLOGICAL DATA (WS FORM: F-6) , PAGE 2
STATION: HOBART
MONTH: JANUARY
YEAR: 2021
LATITUDE: 35 0 N
LONGITUDE: 99 3 W
[TEMPERATURE DATA] [PRECIPITATION DATA] SYMBOLS USED IN COLUMN 16
AVERAGE MONTHLY: 41.1 TOTAL FOR MONTH: 0.41 1 = FOG OR MIST
DPTR FM NORMAL: 3.1 DPTR FM NORMAL: -0.44 2 = FOG REDUCING VISIBILITY
HIGHEST: 71 ON 30 GRTST 24HR 0.90 ON 31- 1 TO 1/4 MILE OR LESS
LOWEST: 20 ON 28 3 = THUNDER
SNOW, ICE PELLETS, HAIL 4 = ICE PELLETS
TOTAL MONTH: 0.0 INCH 5 = HAIL
GRTST 24HR 0.0 6 = FREEZING RAIN OR DRIZZLE
GRTST DEPTH: 0 7 = DUSTSTORM OR SANDSTORM:
VSBY 1/2 MILE OR LESS
8 = SMOKE OR HAZE
[NO. OF DAYS WITH] [WEATHER - DAYS WITH] 9 = BLOWING SNOW
X = TORNADO
MAX 32 OR BELOW: 0 0.01 INCH OR MORE: 4
MAX 90 OR ABOVE: 0 0.10 INCH OR MORE: 2
MIN 32 OR BELOW: 20 0.50 INCH OR MORE: 0
MIN 0 OR BELOW: 0 1.00 INCH OR MORE: 0
[HDD (BASE 65) ]
TOTAL THIS MO. 709 CLEAR (SCALE 0-3) 17
DPTR FM NORMAL -128 PTCLDY (SCALE 4-7) 10
TOTAL FM JUL 1 1972 CLOUDY (SCALE 8-10) 4
DPTR FM NORMAL -336
[CDD (BASE 65) ]
TOTAL THIS MO. 0
DPTR FM NORMAL 0 [PRESSURE DATA]
TOTAL FM JAN 1 0 HIGHEST SLP 30.60 ON 28
DPTR FM NORMAL 0 LOWEST SLP 29.53 ON 30
[REMARKS]
#FINAL-01-21#