000
CXUS54 KEWX 011010
CF6HDO
PRELIMINARY LOCAL CLIMATOLOGICAL DATA (WS FORM: F-6)
STATION: HONDO
MONTH: APRIL
YEAR: 2023
LATITUDE: 29 21 N
LONGITUDE: 99 10 W
TEMPERATURE IN F: :PCPN: SNOW: WIND :SUNSHINE: SKY :PK WND
================================================================================
1 2 3 4 5 6A 6B 7 8 9 10 11 12 13 14 15 16 17 18
12Z AVG MX 2MIN
DY MAX MIN AVG DEP HDD CDD WTR SNW DPTH SPD SPD DIR MIN PSBL S-S WX SPD DR
================================================================================
1 90 54 72 5 0 7 0.00 M M 10.5 18 90 M M 1 25 50
2 92 66 79 12 0 14 0.00 M M 9.1 20 190 M M 6 26 180
3 95 64 80 13 0 15 T M M 9.9 23 170 M M 3 1 29 170
4 92 73 83 16 0 18 T M M 10.4 25 170 M M 5 35 160
5 80 59 70 2 0 5 0.06 M M 15.8 40 20 M M 8 3 53 20
6 64 50 57 -11 8 0 0.10 M M 14.0 25 50 M M 10 3 35 60
7 58 52 55 -13 10 0 0.07 M M 10.3 17 30 M M 10 1 23 30
8 78 54 66 -2 0 1 0.00 M M 6.2 15 110 M M 7 19 120
9 74 56 65 -3 0 0 0.00 M M 7.5 14 80 M M 8 1 19 90
10 75 58 67 -2 0 2 T M M 6.8 14 160 M M 7 17 160
11 84 54 69 0 0 4 0.00 M M 7.2 20 120 M M 4 28 60
12 82 48 65 -4 0 0 0.00 M M 6.6 15 120 M M 1 22 120
13 84 48 66 -3 0 1 0.00 M M 9.2 18 150 M M 1 26 160
14 89 63 76 6 0 11 T M M 7.4 17 110 M M 4 22 120
15 99 66 83 13 0 18 T M M 8.3 21 350 M M 4 26 350
16 81 55 68 -2 0 3 0.00 M M 10.3 20 50 M M 0 26 40
17 84 45 65 -5 0 0 0.00 M M 12.6 24 130 M M 1 42 130
18 87 67 77 7 0 12 T M M 13.1 26 150 M M 9 3 36 140
19 83 70 77 7 0 12 T M M 14.1 22 140 M M 10 31 130
20 90 65 78 7 0 13 0.50 M M 10.3 23 10 M M 8 13 31 360
21 88 65 77 6 0 12 0.01 M M 7.1 20 30 M M 4 3 25 20
22 83 56 70 -1 0 5 T M M 11.6 24 90 M M 4 35 90
23 69 55 62 -9 3 0 0.84 M M 15.5 30 30 M M 9 13 38 90
24 70 54 62 -10 3 0 0.00 M M 7.5 15 140 M M 10 20 140
25 80 63 72 0 0 7 0.01 M M 8.1 16 140 M M 8 23 130
26 87 70 79 7 0 14 T M M 9.1 15 190 M M 6 20 170
27 86 61 74 2 0 9 0.06 M M 6.7 23 40 M M 1 3 29 30
28 92 58 75 3 0 10 T M M 11.5 33 360 M M 3 45 360
29 83 50 67 -6 0 2 0.00 M M 12.4 29 350 M M 0 40 340
30 93 46 70 -3 0 5 0.00 M M 8.1 17 160 M M 0 24 170
================================================================================
SM 2492 1745 24 200 1.65 M 297.2 M 152
================================================================================
AV 83.1 58.2 9.9 FASTST M M 5 MAX(MPH)
MISC ----> 40 20 53 20
================================================================================
NOTES:
# LAST OF SEVERAL OCCURRENCES
COLUMN 17 PEAK WIND IN M.P.H.
PRELIMINARY LOCAL CLIMATOLOGICAL DATA (WS FORM: F-6) , PAGE 2
STATION: HONDO
MONTH: APRIL
YEAR: 2023
LATITUDE: 29 21 N
LONGITUDE: 99 10 W
[TEMPERATURE DATA] [PRECIPITATION DATA] SYMBOLS USED IN COLUMN 16
AVERAGE MONTHLY: 70.6 TOTAL FOR MONTH: 1.65 1 = FOG OR MIST
DPTR FM NORMAL: 0.8 DPTR FM NORMAL: -0.45 2 = FOG REDUCING VISIBILITY
HIGHEST: 99 ON 15 GRTST 24HR 0.84 ON 22-23 TO 1/4 MILE OR LESS
LOWEST: 45 ON 17 3 = THUNDER
SNOW, ICE PELLETS, HAIL 4 = ICE PELLETS
TOTAL MONTH: M 5 = HAIL
GRTST 24HR M ON M 6 = FREEZING RAIN OR DRIZZLE
GRTST DEPTH: M ON M 7 = DUSTSTORM OR SANDSTORM:
VSBY 1/2 MILE OR LESS
8 = SMOKE OR HAZE
[NO. OF DAYS WITH] [WEATHER - DAYS WITH] 9 = BLOWING SNOW
X = TORNADO
MAX 32 OR BELOW: 0 0.01 INCH OR MORE: 8
MAX 90 OR ABOVE: 8 0.10 INCH OR MORE: 3
MIN 32 OR BELOW: 0 0.50 INCH OR MORE: 2
MIN 0 OR BELOW: 0 1.00 INCH OR MORE: 0
[HDD (BASE 65) ]
TOTAL THIS MO. 24 CLEAR (SCALE 0-3) 10
DPTR FM NORMAL -9 PTCLDY (SCALE 4-7) 12
TOTAL FM JUL 1 1213 CLOUDY (SCALE 8-10) 8
DPTR FM NORMAL -238
[CDD (BASE 65) ]
TOTAL THIS MO. 200
DPTR FM NORMAL 23 [PRESSURE DATA]
TOTAL FM JAN 1 425 HIGHEST SLP 30.28 ON 16
DPTR FM NORMAL 139 LOWEST SLP 29.50 ON 4
[REMARKS]
#FINAL-04-23#