000
CXUS53 KBIS 010830
CF6HEI
PRELIMINARY LOCAL CLIMATOLOGICAL DATA (WS FORM: F-6)
STATION: HETTINGER ND
MONTH: JULY
YEAR: 2023
LATITUDE: 46 0 N
LONGITUDE: 102 39 W
TEMPERATURE IN F: :PCPN: SNOW: WIND :SUNSHINE: SKY :PK WND
================================================================================
1 2 3 4 5 6A 6B 7 8 9 10 11 12 13 14 15 16 17 18
12Z AVG MX 2MIN
DY MAX MIN AVG DEP HDD CDD WTR SNW DPTH SPD SPD DIR MIN PSBL S-S WX SPD DR
================================================================================
1 89 56 73 7 0 8 0.00 M M 4.4 12 270 M M 0 12 16 210
2 90 56 73 6 0 8 0.00 M M 10.2 21 290 M M 0 3 29 280
3 75 58 67 0 0 2 0.63 M M 11.0 33 340 M M 7 13 41 330
4 69 43 56 -11 9 0 0.03 M M 9.5 21 320 M M 7 28 330
5 69 40 55 -13 10 0 0.00 M M 4.1 13 340 M M 1 1 17 340
6 80 47 64 -4 1 0 0.00 M M 5.8 15 180 M M 2 3 21 170
7 77 48 63 -5 2 0 0.09 M M 8.0 20 50 M M 3 13 25 50
8 80 44 62 -6 3 0 0.00 M M 3.8 13 210 M M 0 17 210
9 87 56 72 4 0 7 0.00 M M 5.9 15 260 M M 0 20 280
10 85 55 70 1 0 5 0.00 M M 8.2 17 70 M M 0 24 70
11 75 56 66 -3 0 1 0.27 M M 13.8 28 10 M M 5 13 38 360
12 80 51 66 -3 0 1 0.00 M M 7.4 20 310 M M 2 27 280
13 85 53 69 0 0 4 0.00 M M 8.5 25 310 M M 0 1 32 310
14 78 52 65 -4 0 0 0.00 M M 9.5 23 330 M M 4 18 32 330
15 71 50 61 -9 4 0 0.00 M M 8.3 18 320 M M 9 18 23 300
16 73 47 60 -10 5 0 0.00 M M 5.7 13 350 M M 5 18 18 360
17 78 43 61 -9 4 0 0.01 M M 8.2 17 120 M M 0 1 24 120
18 86 48 67 -3 0 2 0.00 M M 7.7 20 300 M M 0 3 24 310
19 79 46 63 -7 2 0 0.00 M M 11.7 30 310 M M 0 40 280
20 79 45 62 -8 3 0 0.00 M M 5.1 13 20 M M 1 21 350
21 85 47 66 -4 0 1 0.00 M M 1.8 9 240 M M 0 13 140
22 88 49 69 -1 0 4 T M M 3.6 26 310 M M 1 3 36 300
23 95 61 78 8 0 13 0.02 M M 10.9 24 360 M M 0 3 32 170
24 98 53 76 6 0 11 0.00 M M 7.2 21 190 M M 0 1 29 170
25 96 57 77 7 0 12 T M M 6.0 17 180 M M 0 3 25 180
26 96 54 75 5 0 10 0.00 M M 4.9 20 340 M M 0 26 340
27 90 54 72 2 0 7 0.00 M M 8.2 18 50 M M 0 25 40
28 83 59 71 1 0 6 0.01 M M 10.0 25 10 M M 2 39 10
29 83 61 72 2 0 7 0.12 M M 11.6 17 80 M M 7 13 24 80
30 87 60 74 4 0 9 0.00 M M 10.5 25 80 M M 2 31 90
31 92 65 79 9 0 14 0.00 M M 6.8 14 130 M M 3 12 20 150
================================================================================
SM 2578 1614 43 132 1.18 M 238.3 M 61
================================================================================
AV 83.2 52.1 7.7 FASTST M M 2 MAX(MPH)
MISC ----> 33 340 41 330
================================================================================
NOTES:
# LAST OF SEVERAL OCCURRENCES
COLUMN 17 PEAK WIND IN M.P.H.
PRELIMINARY LOCAL CLIMATOLOGICAL DATA (WS FORM: F-6) , PAGE 2
STATION: HETTINGER ND
MONTH: JULY
YEAR: 2023
LATITUDE: 46 0 N
LONGITUDE: 102 39 W
[TEMPERATURE DATA] [PRECIPITATION DATA] SYMBOLS USED IN COLUMN 16
AVERAGE MONTHLY: 67.6 TOTAL FOR MONTH: 1.18 1 = FOG OR MIST
DPTR FM NORMAL: -1.6 DPTR FM NORMAL: -1.21 2 = FOG REDUCING VISIBILITY
HIGHEST: 98 ON 24 GRTST 24HR 0.66 ON 3- 4 TO 1/4 MILE OR LESS
LOWEST: 40 ON 5 3 = THUNDER
SNOW, ICE PELLETS, HAIL 4 = ICE PELLETS
TOTAL MONTH: M 5 = HAIL
GRTST 24HR M ON M 6 = FREEZING RAIN OR DRIZZLE
GRTST DEPTH: M ON M 7 = DUSTSTORM OR SANDSTORM:
VSBY 1/2 MILE OR LESS
8 = SMOKE OR HAZE
[NO. OF DAYS WITH] [WEATHER - DAYS WITH] 9 = BLOWING SNOW
X = TORNADO
MAX 32 OR BELOW: 0 0.01 INCH OR MORE: 8
MAX 90 OR ABOVE: 7 0.10 INCH OR MORE: 3
MIN 32 OR BELOW: 0 0.50 INCH OR MORE: 1
MIN 0 OR BELOW: 0 1.00 INCH OR MORE: 0
[HDD (BASE 65) ]
TOTAL THIS MO. 43 CLEAR (SCALE 0-3) 23
DPTR FM NORMAL 13 PTCLDY (SCALE 4-7) 7
TOTAL FM JUL 1 43 CLOUDY (SCALE 8-10) 1
DPTR FM NORMAL 8
[CDD (BASE 65) ]
TOTAL THIS MO. 132
DPTR FM NORMAL -28 [PRESSURE DATA]
TOTAL FM JAN 1 264 HIGHEST SLP M ON M
DPTR FM NORMAL 50 LOWEST SLP 29.75 ON 10
[REMARKS]
#FINAL-07-23#