000
CXUS51 KLWX 020901
CF6HGR
PRELIMINARY LOCAL CLIMATOLOGICAL DATA (WS FORM: F-6)
STATION: HAGERSTOWN MD
MONTH: MAY
YEAR: 2020
LATITUDE: 39 42 N
LONGITUDE: 77 43 W
TEMPERATURE IN F: :PCPN: SNOW: WIND :SUNSHINE: SKY :PK WND
================================================================================
1 2 3 4 5 6A 6B 7 8 9 10 11 12 13 14 15 16 17 18
12Z AVG MX 2MIN
DY MAX MIN AVG DEP HDD CDD WTR SNW DPTH SPD SPD DIR MIN PSBL S-S WX SPD DR
================================================================================
1 64 47 56 -2 9 0 0.00 M M 11.6 22 300 M M 8 27 300
2 71 45 58 0 7 0 0.00 M M 8.1 20 320 M M 2 22 310
3 75 59 67 9 0 2 0.26 M M 6.8 17 260 M M 8 1 23 250
4 68 48 58 0 7 0 0.00 M M 13.8 30 300 M M 2 38 300
5 55 44 50 -9 15 0 0.06 M M 4.9 12 310 M M 5 1 14 310
6 53 42 48 -11 17 0 0.35 M M 7.4 20 320 M M 10 1 25 310
7 67 37 52 -7 13 0 0.00 M M 7.3 22 280 M M 3 28 270
8 56 36 46 -14 19 0 0.44 M M 7.9 31 310 M M 9 1 38 330
9 47 31 39 -21 26 0 0.00 M M 15.1 35 290 M M 3 41 290
10 65 35 50 -10 15 0 0.00 M M 9.2 18 180 M M 1 25 180
11 56 44 50 -10 15 0 0.02 M M 15.5 33 300 M M 8 39 300
12 61 41 51 -10 14 0 0.00 M M 10.9 25 300 M M 7 8 31 300
13 70 42 56 -5 9 0 0.00 M M 7.3 21 310 M M 1 25 330
14 71 41 56 -5 9 0 T M M 6.6 13 160 M M 6 18 190
15 87 63 75 13 0 10 T M M 8.7 20 180 M M 6 26 170
16 79 63 71 9 0 6 0.00 M M 8.1 15 10 M M 2 20 350
17 66 59 63 1 2 0 0.03 M M 5.0 12 130 M M 9 1 15 110
18 71 58 65 3 0 0 0.00 M M 8.0 14 80 M M 10 18 70
19 71 55 63 0 2 0 0.00 M M 10.9 20 140 M M 3 27 90
20 66 50 58 -5 7 0 0.00 M M 10.4 18 80 M M 0 26 50
21 71 47 59 -4 6 0 0.00 M M 6.6 14 130 M M 9 18 130
22 67 60 64 0 1 0 0.32 M M 4.6 10 50 M M 9 1 13 60
23 82 61 72 8 0 7 0.02 M M 4.2 13 70 M M 7 12 15 70
24 68 61 65 1 0 0 0.00 M M 6.9 14 70 M M 9 16 70
25 75 61 68 3 0 3 0.00 M M 4.9 9 190 M M 7 13 150
26 84 60 72 7 0 7 0.00 M M 4.8 13 170 M M 1 1 16 180
27 78 64 71 6 0 6 0.00 M M 6.7 13 150 M M 5 16 160
28 86 69 78 12 0 13 0.05 M M 11.7 21 160 M M 6 1 28 190
29 88 69 79 13 0 14 T M M 9.9 20 180 M M 3 38 24 190
30 82 61 72 6 0 7 0.00 M M 8.7 18 330 M M 3 8 23 350
31 73 53 63 -4 2 0 0.00 M M 9.1 21 300 M M 2 27 300
================================================================================
SM 2173 1606 195 75 1.55 M 261.6 M 164
================================================================================
AV 70.1 51.8 8.4 FASTST M M 5 MAX(MPH)
MISC ----> 35 290 41 290
================================================================================
NOTES:
# LAST OF SEVERAL OCCURRENCES
COLUMN 17 PEAK WIND IN M.P.H.
PRELIMINARY LOCAL CLIMATOLOGICAL DATA (WS FORM: F-6) , PAGE 2
STATION: HAGERSTOWN MD
MONTH: MAY
YEAR: 2020
LATITUDE: 39 42 N
LONGITUDE: 77 43 W
[TEMPERATURE DATA] [PRECIPITATION DATA] SYMBOLS USED IN COLUMN 16
AVERAGE MONTHLY: 61.0 TOTAL FOR MONTH: 1.55 1 = FOG OR MIST
DPTR FM NORMAL: -1.0 DPTR FM NORMAL: -2.48 2 = FOG REDUCING VISIBILITY
HIGHEST: 88 ON 29 GRTST 24HR 0.44 ON 8- 8 TO 1/4 MILE OR LESS
LOWEST: 31 ON 9 3 = THUNDER
SNOW, ICE PELLETS, HAIL 4 = ICE PELLETS
TOTAL MONTH: M 5 = HAIL
GRTST 24HR M ON M 6 = FREEZING RAIN OR DRIZZLE
GRTST DEPTH: M ON M 7 = DUSTSTORM OR SANDSTORM:
VSBY 1/2 MILE OR LESS
8 = SMOKE OR HAZE
[NO. OF DAYS WITH] [WEATHER - DAYS WITH] 9 = BLOWING SNOW
X = TORNADO
MAX 32 OR BELOW: 0 0.01 INCH OR MORE: 9
MAX 90 OR ABOVE: 0 0.10 INCH OR MORE: 4
MIN 32 OR BELOW: 1 0.50 INCH OR MORE: 0
MIN 0 OR BELOW: 0 1.00 INCH OR MORE: 0
[HDD (BASE 65) ]
TOTAL THIS MO. 195 CLEAR (SCALE 0-3) 12
DPTR FM NORMAL 42 PTCLDY (SCALE 4-7) 10
TOTAL FM JUL 1 4372 CLOUDY (SCALE 8-10) 9
DPTR FM NORMAL -796
[CDD (BASE 65) ]
TOTAL THIS MO. 75
DPTR FM NORMAL 14 [PRESSURE DATA]
TOTAL FM JAN 1 77 HIGHEST SLP 30.39 ON 21
DPTR FM NORMAL 1 LOWEST SLP 29.67 ON 8
[REMARKS]
#FINAL-05-20#