000
CXUS53 KGID 020137
CF6HJH
PRELIMINARY LOCAL CLIMATOLOGICAL DATA (WS FORM: F-6)
STATION: HEBRON NE
MONTH: MARCH
YEAR: 2024
LATITUDE: 40 9 N
LONGITUDE: 97 35 W
TEMPERATURE IN F: :PCPN: SNOW: WIND :SUNSHINE: SKY :PK WND
================================================================================
1 2 3 4 5 6A 6B 7 8 9 10 11 12 13 14 15 16 17 18
12Z AVG MX 2MIN
DY MAX MIN AVG DEP HDD CDD WTR SNW DPTH SPD SPD DIR MIN PSBL S-S WX SPD DR
================================================================================
1 54 33 44 M 21 0 0.00 M M 10.6 15 200 M M 3 1 23 210
2 65 32 49 M 16 0 0.00 M M 10.0 16 180 M M 6 12 23 200
3 71 44 58 M 7 0 0.00 M M 11.1 17 300 M M 0 25 200
4 57 37 47 M 18 0 0.00 M M 14.0 23 30 M M 3 33 30
5 59 26 43 M 22 0 0.00 M M 4.7 12 350 M M 0 17 350
6 59 25 42 M 23 0 0.00 M M 4.5 10 130 M M 5 17 170
7 54 31 43 M 22 0 T M M 9.0 21 40 M M 5 28 40
8 46 29 38 M 27 0 M M M 14.0 23 10 M M 9 31 10
9 52 22 37 M 28 0 0.00 M M 5.0 12 350 M M 0 16 330
10 71 24 48 M 17 0 0.00 M M 7.1 17 200 M M 0 23 200
11 75 40 58 M 7 0 0.00 M M 12.9 21 210 M M 0 31 210
12 69 39 54 M 11 0 0.00 M M 3.4 15 200 M M 0 8 21 200
13 72 35 54 M 11 0 0.09 M M 6.2 18 40 M M 3 8 25 40
14 53 48 51 M 14 0 0.12 M M 14.3 23 20 M M 9 3 31 20
15 57 37 47 M 18 0 0.00 M M 7.9 16 20 M M 2 22 10
16 61 34 48 M 17 0 0.00 M M 8.5 15 350 M M 1 23 350
17 45 26 36 M 29 0 0.00 M M 10.9 23 360 M M 1 32 360
18 46 19 33 M 32 0 0.00 M M 7.4 12 350 M M 0 18 340
19 70 36 53 M 12 0 0.00 M M 8.3 16 210 M M 0 24 210
20 51 32 42 M 23 0 0.00 M M 10.5 21 50 M M 0 27 50
21 64 32 48 M 17 0 0.00 M M 9.6 16 130 M M 3 21 130
22 52 32 42 M 23 0 0.00 M M 14.5 25 20 M M 6 33 20
23 44 23 34 M 31 0 0.00 M M 8.9 17 150 M M 6 24 140
24 55 39 47 M 18 0 0.21 M M 14.4 24 160 M M 10 3 35 170
25 51 28 40 M 25 0 M M M 15.4 24 10 M M 10 1 33 10
26 33 21 27 M 38 0 M M M 9.3 13 320 M M 5 20 330
27 51 19 35 M 30 0 0.00 M M 3.9 12 230 M M 3 16 240
28 71 37 54 M 11 0 0.00 M M 11.0 18 210 M M 0 29 210
29 70 44 57 M 8 0 0.00 M M 10.7 20 330 M M 0 25 340
30 59 37 48 M 17 0 0.00 M M 9.2 18 20 M M 1 24 90
31 55 39 47 M 18 0 0.00 M M 10.5 18 80 M M 8 24 80
================================================================================
SM 1792 1000 611 0 M M 297.7 M 99
================================================================================
AV 57.8 32.3 9.6 FASTST M M 3 MAX(MPH)
MISC ----> 25 20 35 170
================================================================================
NOTES:
# LAST OF SEVERAL OCCURRENCES
COLUMN 17 PEAK WIND IN M.P.H.
PRELIMINARY LOCAL CLIMATOLOGICAL DATA (WS FORM: F-6) , PAGE 2
STATION: HEBRON NE
MONTH: MARCH
YEAR: 2024
LATITUDE: 40 9 N
LONGITUDE: 97 35 W
[TEMPERATURE DATA] [PRECIPITATION DATA] SYMBOLS USED IN COLUMN 16
AVERAGE MONTHLY: 45.0 TOTAL FOR MONTH: M 1 = FOG OR MIST
DPTR FM NORMAL: M DPTR FM NORMAL: M 2 = FOG REDUCING VISIBILITY
HIGHEST: 75 ON 11 GRTST 24HR M ON M TO 1/4 MILE OR LESS
LOWEST: 19 ON 27,18 3 = THUNDER
SNOW, ICE PELLETS, HAIL 4 = ICE PELLETS
TOTAL MONTH: M 5 = HAIL
GRTST 24HR M ON M 6 = FREEZING RAIN OR DRIZZLE
GRTST DEPTH: M ON M 7 = DUSTSTORM OR SANDSTORM:
VSBY 1/2 MILE OR LESS
8 = SMOKE OR HAZE
[NO. OF DAYS WITH] [WEATHER - DAYS WITH] 9 = BLOWING SNOW
X = TORNADO
MAX 32 OR BELOW: 0 0.01 INCH OR MORE: M
MAX 90 OR ABOVE: 0 0.10 INCH OR MORE: M
MIN 32 OR BELOW: 16 0.50 INCH OR MORE: M
MIN 0 OR BELOW: 0 1.00 INCH OR MORE: M
[HDD (BASE 65) ]
TOTAL THIS MO. 611 CLEAR (SCALE 0-3) 19
DPTR FM NORMAL M PTCLDY (SCALE 4-7) 7
TOTAL FM JUL 1 4375 CLOUDY (SCALE 8-10) 5
DPTR FM NORMAL M
[CDD (BASE 65) ]
TOTAL THIS MO. 0
DPTR FM NORMAL M [PRESSURE DATA]
TOTAL FM JAN 1 0 HIGHEST SLP M ON M
DPTR FM NORMAL M LOWEST SLP M ON M
[REMARKS]
#FINAL-03-24#