000
CXUS51 KPBZ 141249
CF6HLG
PRELIMINARY LOCAL CLIMATOLOGICAL DATA (WS FORM: F-6)
STATION: WHEELING WV
MONTH: JANUARY
YEAR: 2022
LATITUDE: 40 10 N
LONGITUDE: 80 39 W
TEMPERATURE IN F: :PCPN: SNOW: WIND :SUNSHINE: SKY :PK WND
================================================================================
1 2 3 4 5 6A 6B 7 8 9 10 11 12 13 14 15 16 17 18
12Z AVG MX 2MIN
DY MAX MIN AVG DEP HDD CDD WTR SNW DPTH SPD SPD DIR MIN PSBL S-S WX SPD DR
================================================================================
1 59 44 52 21 13 0 1.03 M M 6.0 22 330 M M 10 12 29 320
2 44 28 36 5 29 0 0.03 M M 9.4 17 330 M M 10 1 22 330
3 28 21 25 -5 40 0 0.00 M M 10.1 20 360 M M 9 26 20
4 40 20 30 0 35 0 0.00 M M 8.1 15 170 M M 0 21 170
5 50 29 40 10 25 0 0.00 M M 17.3 29 260 M M 3 42 210
6 29 18 24 -6 41 0 0.08 M M 9.9 22 250 M M 6 1 31 260
7 22 13 18 -12 47 0 T M M 10.9 18 260 M M 9 1 25 270
8 41 8 25 -5 40 0 0.00 M M 7.0 17 190 M M 2 23 190
9 43 24 34 4 31 0 0.34 M M 12.4 22 270 M M 9 1 30 220
10 24 18 21 -9 44 0 T M M 13.8 24 290 M M 7 33 310
11 26 11 19 -11 46 0 T M M 8.6 18 210 M M 4 24 210
12 46 26 36 6 29 0 0.00 M M 11.3 22 210 M M 1 8 31 200
13 45 36 41 12 24 0 0.00 M M 6.2 10 220 M M 10 1 13 180
14 36 27 32 3 33 0 0.00 M M 9.2 16 350 M M 10 1 22 340
15 27 16 22 -7 43 0 0.00 M M 8.7 15 50 M M 4 18 40
16 32 14 23 -6 42 0 0.29 M M 9.9 20 100 M M 5 16 24 70
17 29 23 26 -3 39 0 0.16 M M 14.3 28 260 M M 10 128 39 260
18 29 25 27 -2 38 0 T M M 12.1 21 260 M M 10 1 27 280
19 48 28 38 9 27 0 0.00 M M 11.9 21 230 M M 5 27 220
20 34 14 24 -5 41 0 T M M 10.3 18 320 M M 10 18 24 340
21 21 11 16 -13 49 0 T M M 7.0 14 70 M M 4 8 18 70
22 27 0 14 -15 51 0 0.00 M M 5.9 16 230 M M 3 1 22 220
23 28 21 25 -4 40 0 0.01 M M 10.9 22 200 M M 9 128 29 200
24 33 16 25 -4 40 0 0.04 M M 9.0 17 200 M M 10 1 25 210
25 32 16 24 -5 41 0 0.00 M M 7.7 16 300 M M 9 1 21 310
26 19 7 13 -16 52 0 T M M 4.1 12 250 M M 6 18 15 230
27 32 0 16 -14 49 0 T M M 7.5 16 220 M M 5 21 220
28 31 14 23 -7 42 0 0.07 M M 7.3 18 350 M M 10 18 23 330
29 20 4 12 -18 53 0 0.00 M M 7.9 18 350 M M 2 1 23 330
30 28 7 18 -12 47 0 0.00 M M 5.4 10 60 M M 8 12 60
31 37 11 24 -6 41 0 0.00 M M 4.5 10 100 M M 0 1 12 70
================================================================================
SM 1040 550 1212 0 2.05 M 284.6 M 200
================================================================================
AV 33.5 17.7 9.2 FASTST M M 6 MAX(MPH)
MISC ----> 29 260 42 210
================================================================================
NOTES:
# LAST OF SEVERAL OCCURRENCES
COLUMN 17 PEAK WIND IN M.P.H.
PRELIMINARY LOCAL CLIMATOLOGICAL DATA (WS FORM: F-6) , PAGE 2
STATION: WHEELING WV
MONTH: JANUARY
YEAR: 2022
LATITUDE: 40 10 N
LONGITUDE: 80 39 W
[TEMPERATURE DATA] [PRECIPITATION DATA] SYMBOLS USED IN COLUMN 16
AVERAGE MONTHLY: 25.6 TOTAL FOR MONTH: 2.05 1 = FOG OR MIST
DPTR FM NORMAL: -4.0 DPTR FM NORMAL: -0.70 2 = FOG REDUCING VISIBILITY
HIGHEST: 59 ON 1 GRTST 24HR 1.11 ON 1- 2 TO 1/4 MILE OR LESS
LOWEST: 0 ON 27,22 3 = THUNDER
SNOW, ICE PELLETS, HAIL 4 = ICE PELLETS
TOTAL MONTH: M 5 = HAIL
GRTST 24HR M ON M 6 = FREEZING RAIN OR DRIZZLE
GRTST DEPTH: M ON M 7 = DUSTSTORM OR SANDSTORM:
VSBY 1/2 MILE OR LESS
8 = SMOKE OR HAZE
[NO. OF DAYS WITH] [WEATHER - DAYS WITH] 9 = BLOWING SNOW
X = TORNADO
MAX 32 OR BELOW: 18 0.01 INCH OR MORE: 9
MAX 90 OR ABOVE: 0 0.10 INCH OR MORE: 4
MIN 32 OR BELOW: 29 0.50 INCH OR MORE: 1
MIN 0 OR BELOW: 2 1.00 INCH OR MORE: 1
[HDD (BASE 65) ]
TOTAL THIS MO. 1212 CLEAR (SCALE 0-3) 5
DPTR FM NORMAL 116 PTCLDY (SCALE 4-7) 12
TOTAL FM JUL 1 2801 CLOUDY (SCALE 8-10) 14
DPTR FM NORMAL -344
[CDD (BASE 65) ]
TOTAL THIS MO. 0
DPTR FM NORMAL 0 [PRESSURE DATA]
TOTAL FM JAN 1 0 HIGHEST SLP 30.63 ON 21
DPTR FM NORMAL 0 LOWEST SLP 29.22 ON 17
[REMARKS]
#FINAL-01-22#