000
CXUS51 KPBZ 011334
CF6HLG
PRELIMINARY LOCAL CLIMATOLOGICAL DATA (WS FORM: F-6)
STATION: WHEELING WV
MONTH: DECEMBER
YEAR: 2023
LATITUDE: 40 10 N
LONGITUDE: 80 39 W
TEMPERATURE IN F: :PCPN: SNOW: WIND :SUNSHINE: SKY :PK WND
================================================================================
1 2 3 4 5 6A 6B 7 8 9 10 11 12 13 14 15 16 17 18
12Z AVG MX 2MIN
DY MAX MIN AVG DEP HDD CDD WTR SNW DPTH SPD SPD DIR MIN PSBL S-S WX SPD DR
================================================================================
1 52 42 47 9 18 0 0.20 M M 8.2 16 210 M M 10 1 24 210
2 61 49 55 17 10 0 T M M 7.6 18 240 M M 8 27 230
3 59 42 51 13 14 0 0.39 M M 10.2 28 260 M M 9 13 46 250
4 44 35 40 3 25 0 T M M 8.7 20 260 M M 10 27 260
5 39 33 36 -1 29 0 0.07 M M 4.2 13 310 M M 10 12 18 300
6 39 32 36 -1 29 0 0.01 M M 7.6 16 280 M M 9 12 24 270
7 47 33 40 3 25 0 0.00 M M 9.3 18 250 M M 5 29 230
8 61 42 52 16 13 0 0.00 M M 9.7 17 210 M M 2 27 200
9 61 50 56 20 9 0 0.14 M M 10.2 20 210 M M 9 13 33 200
10 59 35 47 11 18 0 0.01 M M 8.6 20 310 M M 10 1 30 220
11 36 32 34 -2 31 0 0.00 M M 10.3 17 290 M M 9 25 300
12 48 29 39 4 26 0 0.00 M M 10.7 21 220 M M 1 31 220
13 42 28 35 0 30 0 0.00 M M 6.5 14 250 M M 0 18 250
14 46 24 35 0 30 0 0.00 M M 6.0 13 230 M M 0 18 220
15 54 32 43 9 22 0 0.00 M M 5.1 8 230 M M 0 12 220
16 59 29 44 10 21 0 0.00 M M 8.3 18 120 M M 0 23 140
17 49 42 46 12 19 0 0.41 M M 4.5 16 100 M M 9 12 25 100
18 44 28 36 2 29 0 0.02 M M 13.9 28 250 M M 10 12 41 240
19 32 24 28 -6 37 0 T M M 10.0 18 270 M M 9 26 260
20 42 23 33 0 32 0 0.00 M M 5.2 9 190 M M 0 13 210
21 43 27 35 2 30 0 0.00 M M 2.0 7 110 M M 9 8 170
22 48 34 41 8 24 0 0.00 M M 3.7 9 190 M M 9 13 210
23 55 41 48 15 17 0 0.02 M M 6.8 16 230 M M 10 25 220
24 54 47 51 19 14 0 0.03 M M 3.7 12 210 M M 10 1 17 210
25 63 48 56 24 9 0 T M M 8.2 14 140 M M 6 18 130
26 57 49 53 21 12 0 0.05 M M 7.9 13 100 M M 9 1 18 90
27 56 48 52 20 13 0 0.75 M M 4.7 10 280 M M 10 12 14 280
28 48 40 44 12 21 0 0.01 M M 6.9 16 230 M M 9 1 23 220
29 40 31 36 5 29 0 T M M 7.8 15 190 M M 8 1 22 230
30 39 35 37 6 28 0 T M M 9.2 17 260 M M 10 1 26 270
31 39 34 37 6 28 0 0.01 M M 8.5 18 270 M M 10 26 240
================================================================================
SM 1516 1118 692 0 2.12 M 234.2 M 220
================================================================================
AV 48.9 36.1 7.6 FASTST M M 7 MAX(MPH)
MISC ----> # 28 260 46 250
================================================================================
NOTES:
# LAST OF SEVERAL OCCURRENCES
COLUMN 17 PEAK WIND IN M.P.H.
PRELIMINARY LOCAL CLIMATOLOGICAL DATA (WS FORM: F-6) , PAGE 2
STATION: WHEELING WV
MONTH: DECEMBER
YEAR: 2023
LATITUDE: 40 10 N
LONGITUDE: 80 39 W
[TEMPERATURE DATA] [PRECIPITATION DATA] SYMBOLS USED IN COLUMN 16
AVERAGE MONTHLY: 42.5 TOTAL FOR MONTH: 2.12 1 = FOG OR MIST
DPTR FM NORMAL: 8.1 DPTR FM NORMAL: -0.50 2 = FOG REDUCING VISIBILITY
HIGHEST: 63 ON 25 GRTST 24HR 0.75 ON 27-27 TO 1/4 MILE OR LESS
LOWEST: 23 ON 20 3 = THUNDER
SNOW, ICE PELLETS, HAIL 4 = ICE PELLETS
TOTAL MONTH: M 5 = HAIL
GRTST 24HR M ON M 6 = FREEZING RAIN OR DRIZZLE
GRTST DEPTH: M ON M 7 = DUSTSTORM OR SANDSTORM:
VSBY 1/2 MILE OR LESS
8 = SMOKE OR HAZE
[NO. OF DAYS WITH] [WEATHER - DAYS WITH] 9 = BLOWING SNOW
X = TORNADO
MAX 32 OR BELOW: 1 0.01 INCH OR MORE: 14
MAX 90 OR ABOVE: 0 0.10 INCH OR MORE: 5
MIN 32 OR BELOW: 12 0.50 INCH OR MORE: 1
MIN 0 OR BELOW: 0 1.00 INCH OR MORE: 0
[HDD (BASE 65) ]
TOTAL THIS MO. 692 CLEAR (SCALE 0-3) 7
DPTR FM NORMAL -258 PTCLDY (SCALE 4-7) 4
TOTAL FM JUL 1 1646 CLOUDY (SCALE 8-10) 20
DPTR FM NORMAL -401
[CDD (BASE 65) ]
TOTAL THIS MO. 0
DPTR FM NORMAL 0 [PRESSURE DATA]
TOTAL FM JAN 1 743 HIGHEST SLP 30.75 ON 14
DPTR FM NORMAL -38 LOWEST SLP 29.53 ON 18
[REMARKS]
#FINAL-12-23#