000
CXHW50 PHFO 011250
CF6HNL
PRELIMINARY LOCAL CLIMATOLOGICAL DATA (WS FORM: F-6)
STATION: HONOLULU HI
MONTH: MARCH
YEAR: 2022
LATITUDE: 21 21 N
LONGITUDE: 157 56 W
TEMPERATURE IN F: :PCPN: SNOW: WIND :SUNSHINE: SKY :PK WND
================================================================================
1 2 3 4 5 6A 6B 7 8 9 10 11 12 13 14 15 16 17 18
12Z AVG MX 2MIN
DY MAX MIN AVG DEP HDD CDD WTR SNW DPTH SPD SPD DIR MIN PSBL S-S WX SPD DR
================================================================================
1 83 68 76 2 0 11 0.00 M M 5.4 13 250 M M 4 18 240
2 81 67 74 0 0 9 0.00 M M 6.4 15 210 M M 3 17 200
3 84 68 76 2 0 11 T M M 7.4 21 240 M M 4 25 250
4 82 63 73 -1 0 8 T M M 5.7 15 340 M M 3 19 360
5 80 64 72 -2 0 7 0.00 M M 6.0 16 150 M M 3 19 150
6 81 64 73 -1 0 8 0.00 M M 6.9 14 180 M M 2 17 180
7 81 65 73 -1 0 8 0.00 M M 5.8 12 230 M M 3 16 360
8 83 68 76 2 0 11 T M M 5.8 15 70 M M 5 23 10
9 84 67 76 2 0 11 0.00 M M 5.9 14 150 M M 3 18 150
10 83 70 77 3 0 12 T M M 8.0 16 60 M M 3 19 70
11 86 74 80 6 0 15 0.00 M M 12.8 23 60 M M 2 29 80
12 84 73 79 5 0 14 0.00 M M 12.2 21 70 M M 3 27 60
13 84 70 77 3 0 12 0.00 M M 10.1 18 80 M M 4 24 140
14 84 70 77 3 0 12 0.00 M M 10.3 21 120 M M 4 23 120
15 83 68 76 2 0 11 0.00 M M 5.9 14 150 M M 4 17 140
16 83 72 78 3 0 13 T M M 8.0 18 130 M M 6 22 140
17 85 74 80 5 0 15 0.00 M M 12.0 22 80 M M 5 25 50
18 85 73 79 4 0 14 0.00 M M 14.2 22 70 M M 4 27 60
19 85 72 79 4 0 14 0.00 M M 9.4 18 60 M M 5 28 80
20 82 70 76 1 0 11 0.00 M M 6.6 16 220 M M 6 20 230
21 82 67 75 0 0 10 0.06 M M 5.6 14 20 M M 4 8 23 350
22 84 71 78 3 0 13 T M M 10.3 22 60 M M 7 29 50
23 85 73 79 4 0 14 T M M 15.6 26 60 M M 6 35 70
24 84 71 78 3 0 13 0.02 M M 12.3 26 80 M M 7 35 70
25 81 69 75 0 0 10 0.17 M M 8.3 17 30 M M 7 1 24 10
26 83 69 76 1 0 11 0.00 M M 9.6 20 40 M M 4 26 50
27 79 67 73 -2 0 8 0.07 M M 5.3 13 20 M M 5 18 15 20
28 80 66 73 -2 0 8 T M M 6.2 15 140 M M 4 18 160
29 84 68 76 0 0 11 0.00 M M 7.6 21 100 M M 4 26 100
30 86 69 78 2 0 13 T M M 10.2 21 80 M M 3 26 80
31 84 70 77 1 0 12 0.07 M M 10.1 24 70 M M 5 18 31 70
================================================================================
SM 2575 2140 0 350 0.39 M 265.9 M 132
================================================================================
AV 83.1 69.0 8.6 FASTST M M 4 MAX(MPH)
MISC ----> # 26 60 # 35 70
================================================================================
NOTES:
# LAST OF SEVERAL OCCURRENCES
COLUMN 17 PEAK WIND IN M.P.H.
PRELIMINARY LOCAL CLIMATOLOGICAL DATA (WS FORM: F-6) , PAGE 2
STATION: HONOLULU HI
MONTH: MARCH
YEAR: 2022
LATITUDE: 21 21 N
LONGITUDE: 157 56 W
[TEMPERATURE DATA] [PRECIPITATION DATA] SYMBOLS USED IN COLUMN 16
AVERAGE MONTHLY: 76.0 TOTAL FOR MONTH: 0.39 1 = FOG OR MIST
DPTR FM NORMAL: 1.3 DPTR FM NORMAL: -1.97 2 = FOG REDUCING VISIBILITY
HIGHEST: 86 ON 30,11 GRTST 24HR 0.17 ON 25-25 TO 1/4 MILE OR LESS
LOWEST: 63 ON 4 3 = THUNDER
SNOW, ICE PELLETS, HAIL 4 = ICE PELLETS
TOTAL MONTH: M 5 = HAIL
GRTST 24HR M ON M 6 = FREEZING RAIN OR DRIZZLE
GRTST DEPTH: M ON M 7 = DUSTSTORM OR SANDSTORM:
VSBY 1/2 MILE OR LESS
8 = SMOKE OR HAZE
[NO. OF DAYS WITH] [WEATHER - DAYS WITH] 9 = BLOWING SNOW
X = TORNADO
MAX 32 OR BELOW: 0 0.01 INCH OR MORE: 5
MAX 90 OR ABOVE: 0 0.10 INCH OR MORE: 1
MIN 32 OR BELOW: 0 0.50 INCH OR MORE: 0
MIN 0 OR BELOW: 0 1.00 INCH OR MORE: 0
[HDD (BASE 65) ]
TOTAL THIS MO. 0 CLEAR (SCALE 0-3) 5
DPTR FM NORMAL 0 PTCLDY (SCALE 4-7) 26
TOTAL FM JUL 1 0 CLOUDY (SCALE 8-10) 0
DPTR FM NORMAL 0
[CDD (BASE 65) ]
TOTAL THIS MO. 350
DPTR FM NORMAL 51 [PRESSURE DATA]
TOTAL FM JAN 1 898 HIGHEST SLP 30.19 ON 12
DPTR FM NORMAL 85 LOWEST SLP 29.88 ON 3
[REMARKS]
#FINAL-03-22#