000
CXHW50 PHFO 011250
CF6HNL
PRELIMINARY LOCAL CLIMATOLOGICAL DATA (WS FORM: F-6)
STATION: HONOLULU HI
MONTH: OCTOBER
YEAR: 2023
LATITUDE: 21 21 N
LONGITUDE: 157 56 W
TEMPERATURE IN F: :PCPN: SNOW: WIND :SUNSHINE: SKY :PK WND
================================================================================
1 2 3 4 5 6A 6B 7 8 9 10 11 12 13 14 15 16 17 18
12Z AVG MX 2MIN
DY MAX MIN AVG DEP HDD CDD WTR SNW DPTH SPD SPD DIR MIN PSBL S-S WX SPD DR
================================================================================
1 90 78 84 3 0 19 T M M 14.0 23 60 M M 4 32 20
2 88 74 81 0 0 16 0.01 M M 7.2 16 70 M M 5 1 26 20
3 86 73 80 -1 0 15 T M M 6.9 15 220 M M 5 1 22 220
4 86 70 78 -3 0 13 0.00 M M 4.3 13 220 M M 2 18 230
5 85 74 80 -1 0 15 0.04 M M 5.5 14 150 M M 5 1 19 140
6 89 72 81 0 0 16 0.00 M M 7.7 18 40 M M 4 31 40
7 88 76 82 1 0 17 0.00 M M 10.1 20 60 M M 4 35 20
8 88 74 81 0 0 16 0.00 M M 11.1 18 30 M M 3 31 20
9 87 73 80 -1 0 15 0.01 M M 12.2 23 60 M M 4 1 31 70
10 88 74 81 0 0 16 0.00 M M 9.4 18 60 M M 5 31 30
11 86 72 79 -2 0 14 0.00 M M 9.4 20 60 M M 5 32 20
12 88 73 81 0 0 16 0.00 M M 8.2 17 40 M M 3 26 20
13 89 73 81 0 0 16 0.00 M M 5.9 15 240 M M 5 26 40
14 85 69 77 -4 0 12 0.00 M M 5.6 14 220 M M 4 18 230
15 88 75 82 1 0 17 0.00 M M 6.5 16 50 M M 6 27 10
16 89 74 82 2 0 17 0.00 M M 5.8 18 60 M M 4 27 40
17 84 71 78 -2 0 13 0.02 M M 6.2 13 150 M M 4 18 160
18 88 71 80 0 0 15 0.00 M M 7.2 18 50 M M 3 26 40
19 87 69 78 -2 0 13 0.00 M M 6.4 17 70 M M 5 25 10
20 85 72 79 -1 0 14 0.01 M M 5.0 14 140 M M 5 1 19 150
21 84 70 77 -3 0 12 0.00 M M 4.8 15 230 M M 3 21 220
22 85 71 78 -2 0 13 0.12 M M 6.4 17 210 M M 3 1 22 230
23 85 76 81 1 0 16 0.05 M M 10.0 18 230 M M 5 1 23 220
24 85 73 79 -1 0 14 0.32 M M 7.4 20 230 M M 4 1 26 240
25 84 71 78 -2 0 13 0.00 M M 5.1 13 220 M M 3 17 200
26 84 70 77 -3 0 12 0.00 M M 5.2 12 170 M M 2 17 170
27 85 71 78 -2 0 13 0.00 M M 6.3 14 200 M M 4 18 230
28 86 70 78 -2 0 13 0.00 M M 7.6 14 240 M M 3 19 240
29 88 72 80 1 0 15 0.00 M M 6.7 16 40 M M 3 24 40
30 87 71 79 0 0 14 0.00 M M 5.2 15 260 M M 3 20 230
31 84 71 78 -1 0 13 T M M 6.3 14 70 M M 4 20 160
================================================================================
SM 2681 2243 0 453 0.58 M 225.6 M 122
================================================================================
AV 86.5 72.4 7.3 FASTST M M 4 MAX(MPH)
MISC ----> # 23 60 35 20
================================================================================
NOTES:
# LAST OF SEVERAL OCCURRENCES
COLUMN 17 PEAK WIND IN M.P.H.
PRELIMINARY LOCAL CLIMATOLOGICAL DATA (WS FORM: F-6) , PAGE 2
STATION: HONOLULU HI
MONTH: OCTOBER
YEAR: 2023
LATITUDE: 21 21 N
LONGITUDE: 157 56 W
[TEMPERATURE DATA] [PRECIPITATION DATA] SYMBOLS USED IN COLUMN 16
AVERAGE MONTHLY: 79.4 TOTAL FOR MONTH: 0.58 1 = FOG OR MIST
DPTR FM NORMAL: -1.0 DPTR FM NORMAL: -0.93 2 = FOG REDUCING VISIBILITY
HIGHEST: 90 ON 1 GRTST 24HR 0.36 ON 23-24 TO 1/4 MILE OR LESS
LOWEST: 69 ON 19,14 3 = THUNDER
SNOW, ICE PELLETS, HAIL 4 = ICE PELLETS
TOTAL MONTH: M 5 = HAIL
GRTST 24HR M ON M 6 = FREEZING RAIN OR DRIZZLE
GRTST DEPTH: M ON M 7 = DUSTSTORM OR SANDSTORM:
VSBY 1/2 MILE OR LESS
8 = SMOKE OR HAZE
[NO. OF DAYS WITH] [WEATHER - DAYS WITH] 9 = BLOWING SNOW
X = TORNADO
MAX 32 OR BELOW: 0 0.01 INCH OR MORE: 8
MAX 90 OR ABOVE: 1 0.10 INCH OR MORE: 2
MIN 32 OR BELOW: 0 0.50 INCH OR MORE: 0
MIN 0 OR BELOW: 0 1.00 INCH OR MORE: 0
[HDD (BASE 65) ]
TOTAL THIS MO. 0 CLEAR (SCALE 0-3) 7
DPTR FM NORMAL 0 PTCLDY (SCALE 4-7) 24
TOTAL FM JUL 1 0 CLOUDY (SCALE 8-10) 0
DPTR FM NORMAL 0
[CDD (BASE 65) ]
TOTAL THIS MO. 453
DPTR FM NORMAL -24 [PRESSURE DATA]
TOTAL FM JAN 1 4283 HIGHEST SLP 30.09 ON 10
DPTR FM NORMAL 231 LOWEST SLP 29.86 ON 31
[REMARKS]
#FINAL-10-23#