000
CXUS54 KMAF 011110
CF6HOB
PRELIMINARY LOCAL CLIMATOLOGICAL DATA (WS FORM: F-6)
STATION: LEA AIRPORT, HOBBS
MONTH: MAY
YEAR: 2022
LATITUDE: 32 40 N
LONGITUDE: 103-12 E
TEMPERATURE IN F: :PCPN: SNOW: WIND :SUNSHINE: SKY :PK WND
================================================================================
1 2 3 4 5 6A 6B 7 8 9 10 11 12 13 14 15 16 17 18
12Z AVG MX 2MIN
DY MAX MIN AVG DEP HDD CDD WTR SNW DPTH SPD SPD DIR MIN PSBL S-S WX SPD DR
================================================================================
1 84 54 69 M 0 4 0.00 M M 17.3 25 130 M M 5 38 130
2 91 61 76 M 0 11 0.00 M M 13.1 21 230 M M 0 1 29 230
3 77 46 62 M 3 0 0.00 M M 12.5 21 30 M M 2 25 30
4 84 63 74 M 0 9 0.00 M M 12.9 21 200 M M 1 1 28 170
5 82 48 65 M 0 0 0.00 M M 12.9 23 350 M M 0 30 350
6 93 52 73 M 0 8 0.00 M M 10.8 21 230 M M 0 24 290
7 99 55 77 M 0 12 0.00 M M 13.1 28 220 M M 1 35 240
8 95 63 79 M 0 14 0.00 M M 16.8 30 230 M M 1 45 230
9 95 61 78 M 0 13 0.00 M M 15.1 26 230 M M 0 35 230
10 95 61 78 M 0 13 0.16 M M 10.1 22 160 M M 2 3 29 160
11 93 64 79 M 0 14 0.00 M M 14.8 23 150 M M 2 37 150
12 95 57 76 M 0 11 0.00 M M 14.3 24 240 M M 0 33 250
13 91 50 71 M 0 6 0.00 M M 7.9 16 10 M M 0 18 360
14 95 52 74 M 0 9 0.00 M M 6.0 10 230 M M 0 18 230
15 100 57 79 M 0 14 0.00 M M 7.4 15 70 M M 0 24 70
16 97 66 82 M 0 17 0.00 M M 11.7 20 200 M M 1 38 170
17 99 68 84 M 0 19 0.00 M M 14.0 25 220 M M 0 33 220
18 99 63 81 M 0 16 0.00 M M 6.8 13 170 M M 1 21 300
19 100 64 82 M 0 17 0.00 M M 10.2 23 230 M M 1 31 230
20 93 66 80 M 0 15 0.00 M M 14.6 28 200 M M 0 36 200
21 77 52 65 M 0 0 0.00 M M 16.4 28 360 M M 1 7 36 10
22 72 48 60 M 5 0 0.00 M M 13.5 23 50 M M 6 31 50
23 86 59 73 M 0 8 0.00 M M 14.0 25 140 M M 5 36 130
24 75 48 62 M 3 0 0.00 M M 15.6 46 360 M M 6 35 58 360
25 75 43 59 M 6 0 0.00 M M 7.9 14 330 M M 0 16 10
26 90 54 72 M 0 7 0.00 M M 6.8 13 140 M M 0 20 140
27 99 57 78 M 0 13 0.00 M M 12.9 21 160 M M 0 28 160
28 100 68 84 M 0 19 0.00 M M 15.7 25 200 M M 2 36 230
29 97 64 81 M 0 16 0.00 M M 16.4 28 210 M M 1 41 210
30 95 63 79 M 0 14 0.00 M M 12.4 23 210 M M 1 33 200
31 97 70 84 M 0 19 0.00 M M 12.0 21 160 M M 0 32 180
================================================================================
SM 2820 1797 17 318 0.16 M 385.7 M 39
================================================================================
AV 91.0 58.0 12.4 FASTST M M 1 MAX(MPH)
MISC ----> 46 360 58 360
================================================================================
NOTES:
# LAST OF SEVERAL OCCURRENCES
COLUMN 17 PEAK WIND IN M.P.H.
PRELIMINARY LOCAL CLIMATOLOGICAL DATA (WS FORM: F-6) , PAGE 2
STATION: LEA AIRPORT, HOBBS
MONTH: MAY
YEAR: 2022
LATITUDE: 32 40 N
LONGITUDE: 103-12 E
[TEMPERATURE DATA] [PRECIPITATION DATA] SYMBOLS USED IN COLUMN 16
AVERAGE MONTHLY: 74.5 TOTAL FOR MONTH: 0.16 1 = FOG OR MIST
DPTR FM NORMAL: 0.0 DPTR FM NORMAL: M 2 = FOG REDUCING VISIBILITY
HIGHEST: 100 ON 28,19 GRTST 24HR 0.16 ON 10-10 TO 1/4 MILE OR LESS
LOWEST: 43 ON 25 3 = THUNDER
SNOW, ICE PELLETS, HAIL 4 = ICE PELLETS
TOTAL MONTH: M 5 = HAIL
GRTST 24HR M ON M 6 = FREEZING RAIN OR DRIZZLE
GRTST DEPTH: M ON M 7 = DUSTSTORM OR SANDSTORM:
VSBY 1/2 MILE OR LESS
8 = SMOKE OR HAZE
[NO. OF DAYS WITH] [WEATHER - DAYS WITH] 9 = BLOWING SNOW
X = TORNADO
MAX 32 OR BELOW: 0 0.01 INCH OR MORE: 1
MAX 90 OR ABOVE: 22 0.10 INCH OR MORE: 1
MIN 32 OR BELOW: 0 0.50 INCH OR MORE: 0
MIN 0 OR BELOW: 0 1.00 INCH OR MORE: 0
[HDD (BASE 65) ]
TOTAL THIS MO. 17 CLEAR (SCALE 0-3) 27
DPTR FM NORMAL M PTCLDY (SCALE 4-7) 4
TOTAL FM JUL 1 2819 CLOUDY (SCALE 8-10) 0
DPTR FM NORMAL M
[CDD (BASE 65) ]
TOTAL THIS MO. 318
DPTR FM NORMAL M [PRESSURE DATA]
TOTAL FM JAN 1 412 HIGHEST SLP M ON M
DPTR FM NORMAL M LOWEST SLP M ON M
[REMARKS]
#FINAL-05-22#