000
CXUS54 KMAF 011210
CF6HOB
PRELIMINARY LOCAL CLIMATOLOGICAL DATA (WS FORM: F-6)
STATION: LEA AIRPORT, HOBBS
MONTH: DECEMBER
YEAR: 2021
LATITUDE: 32 40 N
LONGITUDE: 103-12 E
TEMPERATURE IN F: :PCPN: SNOW: WIND :SUNSHINE: SKY :PK WND
================================================================================
1 2 3 4 5 6A 6B 7 8 9 10 11 12 13 14 15 16 17 18
12Z AVG MX 2MIN
DY MAX MIN AVG DEP HDD CDD WTR SNW DPTH SPD SPD DIR MIN PSBL S-S WX SPD DR
================================================================================
1 77 36 57 M 8 0 0.00 M M 8.4 14 220 M M 0 M M
2 77 37 57 M 8 0 0.00 M M 8.8 17 240 M M 0 24 250
3 77 39 58 M 7 0 0.00 M M 11.7 26 230 M M 0 33 230
4 66 41 54 M 11 0 0.00 M M 7.8 15 350 M M 0 18 340
5 75 45 60 M 5 0 0.00 M M 11.1 20 230 M M 0 26 230
6 52 25 39 M 26 0 0.00 M M 12.2 30 10 M M 3 8 48 10
7 68 28 48 M 17 0 0.00 M M 9.6 15 250 M M 0 21 250
8 72 36 54 M 11 0 0.00 M M 10.4 17 200 M M 0 26 220
9 72 46 59 M 6 0 0.00 M M 13.7 26 240 M M 0 37 240
10 68 41 55 M 10 0 0.00 M M 20.3 38 250 M M 5 53 240
11 52 28 40 M 25 0 0.00 M M 8.8 23 330 M M 0 31 330
12 66 25 46 M 19 0 0.00 M M 9.6 15 190 M M 0 22 190
13 72 30 51 M 14 0 0.00 M M 8.8 18 230 M M 0 24 220
14 77 34 56 M 9 0 0.00 M M 10.4 21 200 M M 0 31 200
15 75 50 63 M 2 0 0.00 M M 15.4 31 200 M M 2 1 41 200
16 64 36 50 M 15 0 0.00 M M 7.6 15 320 M M 0 21 320
17 64 41 53 M 12 0 0.00 M M 5.4 13 170 M M 3 12 18 330
18 50 25 38 M 27 0 0.00 M M 13.2 21 40 M M 1 28 20
19 50 23 37 M 28 0 0.00 M M 6.0 13 180 M M 2 15 180
20 64 21 43 M 22 0 0.00 M M 8.5 23 300 M M 0 30 300
21 72 23 48 M 17 0 0.00 M M 10.7 20 250 M M 0 25 250
22 73 39 56 M 9 0 0.00 M M 13.7 23 290 M M 0 30 290
23 77 37 57 M 8 0 0.00 M M 11.6 23 240 M M 0 32 240
24 77 48 63 M 2 0 0.00 M M 14.1 28 230 M M 1 36 230
25 64 48 56 M 9 0 0.00 M M 10.6 21 230 M M 0 26 250
26 79 45 62 M 3 0 0.00 M M 14.3 29 230 M M 0 44 230
27 70 46 58 M 7 0 0.00 M M 11.0 18 260 M M 2 25 260
28 63 43 53 M 12 0 0.00 M M 19.3 35 240 M M 1 47 240
29 63 34 49 M 16 0 0.00 M M 15.7 30 230 M M 0 44 240
30 64 34 49 M 16 0 0.00 M M 13.1 21 240 M M 2 31 220
31 54 46 50 M 15 0 0.12 M M 11.7 17 160 M M 7 24 160
================================================================================
SM 2094 1130 396 0 0.12 M 353.4 M 29
================================================================================
AV 67.5 36.5 11.4 FASTST M M 1 MAX(MPH)
MISC ----> 38 250 53 240
================================================================================
NOTES:
# LAST OF SEVERAL OCCURRENCES
COLUMN 17 PEAK WIND IN M.P.H.
PRELIMINARY LOCAL CLIMATOLOGICAL DATA (WS FORM: F-6) , PAGE 2
STATION: LEA AIRPORT, HOBBS
MONTH: DECEMBER
YEAR: 2021
LATITUDE: 32 40 N
LONGITUDE: 103-12 E
[TEMPERATURE DATA] [PRECIPITATION DATA] SYMBOLS USED IN COLUMN 16
AVERAGE MONTHLY: 52.0 TOTAL FOR MONTH: 0.12 1 = FOG OR MIST
DPTR FM NORMAL: 0.0 DPTR FM NORMAL: M 2 = FOG REDUCING VISIBILITY
HIGHEST: 79 ON 26 GRTST 24HR 0.12 ON 31-31 TO 1/4 MILE OR LESS
LOWEST: 21 ON 20 3 = THUNDER
SNOW, ICE PELLETS, HAIL 4 = ICE PELLETS
TOTAL MONTH: M 5 = HAIL
GRTST 24HR M ON M 6 = FREEZING RAIN OR DRIZZLE
GRTST DEPTH: M ON M 7 = DUSTSTORM OR SANDSTORM:
VSBY 1/2 MILE OR LESS
8 = SMOKE OR HAZE
[NO. OF DAYS WITH] [WEATHER - DAYS WITH] 9 = BLOWING SNOW
X = TORNADO
MAX 32 OR BELOW: 0 0.01 INCH OR MORE: 1
MAX 90 OR ABOVE: 0 0.10 INCH OR MORE: 1
MIN 32 OR BELOW: 9 0.50 INCH OR MORE: 0
MIN 0 OR BELOW: 0 1.00 INCH OR MORE: 0
[HDD (BASE 65) ]
TOTAL THIS MO. 396 CLEAR (SCALE 0-3) 28
DPTR FM NORMAL M PTCLDY (SCALE 4-7) 3
TOTAL FM JUL 1 827 CLOUDY (SCALE 8-10) 0
DPTR FM NORMAL M
[CDD (BASE 65) ]
TOTAL THIS MO. 0
DPTR FM NORMAL M [PRESSURE DATA]
TOTAL FM JAN 1 1801 HIGHEST SLP M ON M
DPTR FM NORMAL M LOWEST SLP M ON M
[REMARKS]
#FINAL-12-21#