075
CXUS54 KLZK 011130
CF6HOT
PRELIMINARY LOCAL CLIMATOLOGICAL DATA (WS FORM: F-6)
STATION: Hot Springs Memorial Field
MONTH: OCTOBER
YEAR: 2020
LATITUDE: 34 28 N
LONGITUDE: 93 6 W
TEMPERATURE IN F: :PCPN: SNOW: WIND :SUNSHINE: SKY :PK WND
================================================================================
1 2 3 4 5 6A 6B 7 8 9 10 11 12 13 14 15 16 17 18
12Z AVG MX 2MIN
DY MAX MIN AVG DEP HDD CDD WTR SNW DPTH SPD SPD DIR MIN PSBL S-S WX SPD DR
================================================================================
1 78 53 66 -3 0 1 0.00 M M 3.6 13 50 M M 1 18 50
2 69 45 57 -11 8 0 0.00 M M 1.7 8 60 M M 0 11 180
3 72 47 60 -8 5 0 0.00 M M 3.5 12 200 M M 2 17 180
4 73 49 61 -7 4 0 0.00 M M 3.5 15 50 M M 2 21 50
5 70 44 57 -10 8 0 0.00 M M 2.9 10 80 M M 0 12 13 260
6 78 44 61 -6 4 0 0.00 M M 1.5 7 150 M M 2 12 10 330
7 84 52 68 2 0 3 0.00 M M 1.3 6 60 M M 1 1 8 170
8 80 57 69 3 0 4 0.00 M M 1.3 8 150 M M 2 11 130
9 73 65 69 3 0 4 0.00 M M 6.9 16 70 M M 5 21 60
10 81 65 73 8 0 8 0.00 M M 6.4 17 50 M M 5 26 40
11 82 63 73 8 0 8 0.00 M M 3.4 8 120 M M 3 11 120
12 80 51 66 1 0 1 0.00 M M 5.6 15 310 M M 2 1 24 300
13 78 46 62 -2 3 0 0.00 M M 1.4 8 220 M M 0 10 230
14 79 45 62 -2 3 0 0.00 M M 2.7 12 190 M M 1 12 17 170
15 66 59 63 -1 2 0 T M M 7.7 20 50 M M 8 28 50
16 69 45 57 -6 8 0 0.00 M M 4.6 17 50 M M 1 24 40
17 69 42 56 -7 9 0 T M M 4.3 15 170 M M 4 22 200
18 78 58 68 5 0 3 0.01 M M 4.0 10 120 M M 10 14 170
19 82 68 75 13 0 10 T M M 6.3 15 230 M M 8 21 240
20 84 65 75 13 0 10 0.01 M M 5.2 10 180 M M 5 1 15 190
21 85 59 72 10 0 7 0.00 M M 4.2 12 150 M M 1 1 16 150
22 84 63 74 13 0 9 0.00 M M 5.4 12 190 M M 1 17 180
23 83 52 68 7 0 3 0.00 M M 6.5 17 310 M M 6 3 28 290
24 52 48 50 -11 15 0 0.00 M M 5.2 12 70 M M 10 1 16 350
25 56 48 52 -8 13 0 0.02 M M 4.3 14 70 M M 10 1 17 60
26 53 50 52 -8 13 0 0.09 M M 7.1 15 60 M M 10 1 19 60
27 51 44 48 -12 17 0 T M M 6.9 15 50 M M 10 1 20 50
28 55 49 52 -7 13 0 0.79 M M 6.6 17 80 M M 10 1 21 80
29 55 42 49 -10 16 0 T M M 7.7 17 260 M M 8 1 24 250
30 65 36 51 -8 14 0 0.00 M M 3.3 12 90 M M 1 12 14 70
31 65 38 52 -6 13 0 0.00 M M 2.1 12 230 M M 2 12 14 230
================================================================================
SM 2229 1592 168 71 0.92 M 137.1 M 131
================================================================================
AV 71.9 51.4 4.4 FASTST M M 4 MAX(MPH)
MISC ----> # 20 50 # 28 50
================================================================================
NOTES:
# LAST OF SEVERAL OCCURRENCES
COLUMN 17 PEAK WIND IN M.P.H.
PRELIMINARY LOCAL CLIMATOLOGICAL DATA (WS FORM: F-6) , PAGE 2
STATION: Hot Springs Memorial Field
MONTH: OCTOBER
YEAR: 2020
LATITUDE: 34 28 N
LONGITUDE: 93 6 W
[TEMPERATURE DATA] [PRECIPITATION DATA] SYMBOLS USED IN COLUMN 16
AVERAGE MONTHLY: 61.6 TOTAL FOR MONTH: 0.92 1 = FOG OR MIST
DPTR FM NORMAL: -1.8 DPTR FM NORMAL: -4.69 2 = FOG REDUCING VISIBILITY
HIGHEST: 85 ON 21 GRTST 24HR 0.79 ON 28-28 TO 1/4 MILE OR LESS
LOWEST: 36 ON 30 3 = THUNDER
SNOW, ICE PELLETS, HAIL 4 = ICE PELLETS
TOTAL MONTH: M 5 = HAIL
GRTST 24HR M ON M 6 = FREEZING RAIN OR DRIZZLE
GRTST DEPTH: M ON M 7 = DUSTSTORM OR SANDSTORM:
VSBY 1/2 MILE OR LESS
8 = SMOKE OR HAZE
[NO. OF DAYS WITH] [WEATHER - DAYS WITH] 9 = BLOWING SNOW
X = TORNADO
MAX 32 OR BELOW: 0 0.01 INCH OR MORE: 5
MAX 90 OR ABOVE: 0 0.10 INCH OR MORE: 1
MIN 32 OR BELOW: 0 0.50 INCH OR MORE: 1
MIN 0 OR BELOW: 0 1.00 INCH OR MORE: 0
[HDD (BASE 65) ]
TOTAL THIS MO. 168 CLEAR (SCALE 0-3) 17
DPTR FM NORMAL 43 PTCLDY (SCALE 4-7) 8
TOTAL FM JUL 1 174 CLOUDY (SCALE 8-10) 6
DPTR FM NORMAL 38
[CDD (BASE 65) ]
TOTAL THIS MO. 71
DPTR FM NORMAL -4 [PRESSURE DATA]
TOTAL FM JAN 1 1986 HIGHEST SLP 30.40 ON 16
DPTR FM NORMAL -143 LOWEST SLP 29.67 ON 28
[REMARKS]
#FINAL-10-20#
#FINAL-10-20#