000
CXUS54 KHGX 282008
CF6HOU
PRELIMINARY LOCAL CLIMATOLOGICAL DATA (WS FORM: F-6)
STATION: HOUSTON/HOBBY AIRPORT
MONTH: JANUARY
YEAR: 2024
LATITUDE: 29 38 N
LONGITUDE: 95 17 W
TEMPERATURE IN F: :PCPN: SNOW: WIND :SUNSHINE: SKY :PK WND
================================================================================
1 2 3 4 5 6A 6B 7 8 9 10 11 12 13 14 15 16 17 18
12Z AVG MX 2MIN
DY MAX MIN AVG DEP HDD CDD WTR SNW DPTH SPD SPD DIR MIN PSBL S-S WX SPD DR
================================================================================
1 65 50 58 3 7 0 0.55 0.0 0 7.8 16 50 M M 8 18 22 140
2 55 44 50 -5 15 0 0.91 0.0 0 12.1 24 340 M M 8 1 35 360
3 59 46 53 -2 12 0 0.32 0.0 0 10.4 23 40 M M 7 1 34 350
4 62 42 52 -3 13 0 T 0.0 0 12.2 24 110 M M 3 32 110
5 63 46 55 0 10 0 1.30 0.0 0 11.7 26 300 M M 6 13 38 290
6 65 41 53 -1 12 0 0.00 0.0 0 3.6 9 330 M M 6 12 18 70
7 62 43 53 -1 12 0 0.00 0.0 0 9.0 20 120 M M 8 128 26 120
8 74 52 63 9 2 0 1.06 0.0 0 15.2 36 320 M M 10 138 55 320
9 57 40 49 -5 16 0 0.01 0.0 0 15.4 31 290 M M 2 3 50 300
10 69 38 54 0 11 0 0.00 0.0 0 9.1 24 200 M M 3 32 200
11 78 53 66 12 0 1 T 0.0 0 13.2 24 190 M M 6 1 33 190
12 72 42 57 3 8 0 0.01 0.0 0 16.6 33 310 M M 5 55 300
13 64 35 50 -4 15 0 0.00 0.0 0 7.1 17 180 M M 3 23 150
14 54 37 46 -8 19 0 0.00 0.0 0 12.6 18 350 M M 6 35 340
15 37 26 32 -23 33 0 0.05 T 0 16.5 24 350 M M 10 16 35 360
16 34 20 27 -28 38 0 0.00 0.0 0 15.4 25 10 M M 4 33 360
17 44 24 34 -21 31 0 0.00 0.0 0 7.4 16 100 M M 7 21 140
18 64 43 54 -1 11 0 0.01 0.0 0 4.3 14 230 M M 9 128 18 250
19 58 39 49 -6 16 0 0.00 0.0 0 14.4 25 20 M M 1 12 34 20
20 49 32 41 -14 24 0 0.00 0.0 0 11.1 18 40 M M 4 28 60
21 44 37 41 -14 24 0 0.04 0.0 0 14.9 21 70 M M 10 1 26 70
22 65 44 55 0 10 0 1.23 0.0 0 11.3 22 100 M M 10 13 28 100
23 72 61 67 12 0 2 0.13 0.0 0 9.5 20 160 M M 10 13 27 180
24 69 62 66 11 0 1 1.90 0.0 0 10.4 26 340 M M 10 123 33 90
25 74 56 65 10 0 0 0.61 0.0 0 7.8 24 330 M M 5 13 33 320
26 65 54 60 4 5 0 0.28 0.0 0 7.7 16 300 M M 9 138 20 300
27 61 47 54 -2 11 0 0.00 0.0 0 11.6 23 330 M M 8 30 320
28 64 43 54 -2 11 0 0.00 0.0 0 9.4 17 350 M M 1 30 20
29 69 42 56 0 9 0 0.00 0.0 0 3.1 13 170 M M 2 17 160
30 73 47 60 4 5 0 0.00 0.0 0 6.5 13 250 M M 6 17 250
31 76 50 63 7 2 0 0.00 0.0 0 4.8 10 120 M M 8 14 130
================================================================================
SM 1917 1336 382 4 8.41 T 322.1 M 195
================================================================================
AV 61.8 43.1 10.4 FASTST M M 6 MAX(MPH)
MISC ----> 36 320 # 55 320
================================================================================
NOTES:
# LAST OF SEVERAL OCCURRENCES
COLUMN 17 PEAK WIND IN M.P.H.
PRELIMINARY LOCAL CLIMATOLOGICAL DATA (WS FORM: F-6) , PAGE 2
STATION: HOUSTON/HOBBY AIRPORT
MONTH: JANUARY
YEAR: 2024
LATITUDE: 29 38 N
LONGITUDE: 95 17 W
[TEMPERATURE DATA] [PRECIPITATION DATA] SYMBOLS USED IN COLUMN 16
AVERAGE MONTHLY: 52.5 TOTAL FOR MONTH: 8.41 1 = FOG OR MIST
DPTR FM NORMAL: -2.5 DPTR FM NORMAL: 4.32 2 = FOG REDUCING VISIBILITY
HIGHEST: 78 ON 11 GRTST 24HR 1.90 ON 24-24 TO 1/4 MILE OR LESS
LOWEST: 20 ON 16 3 = THUNDER
SNOW, ICE PELLETS, HAIL 4 = ICE PELLETS
TOTAL MONTH: T 5 = HAIL
GRTST 24HR T ON 15-15 6 = FREEZING RAIN OR DRIZZLE
GRTST DEPTH: 0 7 = DUSTSTORM OR SANDSTORM:
VSBY 1/2 MILE OR LESS
8 = SMOKE OR HAZE
[NO. OF DAYS WITH] [WEATHER - DAYS WITH] 9 = BLOWING SNOW
X = TORNADO
MAX 32 OR BELOW: 0 0.01 INCH OR MORE: 15
MAX 90 OR ABOVE: 0 0.10 INCH OR MORE: 10
MIN 32 OR BELOW: 4 0.50 INCH OR MORE: 7
MIN 0 OR BELOW: 0 1.00 INCH OR MORE: 4
[HDD (BASE 65) ]
TOTAL THIS MO. 382 CLEAR (SCALE 0-3) 5
DPTR FM NORMAL 52 PTCLDY (SCALE 4-7) 18
TOTAL FM JUL 1 734 CLOUDY (SCALE 8-10) 8
DPTR FM NORMAL -35
[CDD (BASE 65) ]
TOTAL THIS MO. 4
DPTR FM NORMAL -15 [PRESSURE DATA]
TOTAL FM JAN 1 4 HIGHEST SLP 30.59 ON 20
DPTR FM NORMAL -15 LOWEST SLP 29.48 ON 8
[REMARKS]
#FINAL-01-24#