843
CXUS54 KBRO 010900
CF6HRL
PRELIMINARY LOCAL CLIMATOLOGICAL DATA (WS FORM: F-6)
STATION: HARLINGEN
MONTH: NOVEMBER
YEAR: 2020
LATITUDE: 26 13 N
LONGITUDE: 97 40 W
TEMPERATURE IN F: :PCPN: SNOW: WIND :SUNSHINE: SKY :PK WND
================================================================================
1 2 3 4 5 6A 6B 7 8 9 10 11 12 13 14 15 16 17 18
12Z AVG MX 2MIN
DY MAX MIN AVG DEP HDD CDD WTR SNW DPTH SPD SPD DIR MIN PSBL S-S WX SPD DR
================================================================================
1 85 53 69 -4 0 4 T 0.0 0 8.7 23 40 M M 0 28 40
2 82 56 69 -3 0 4 0.00 0.0 0 10.2 20 30 M M 3 25 30
3 81 50 66 -6 0 1 0.00 0.0 0 6.3 16 70 M M 1 22 90
4 85 53 69 -3 0 4 0.00 0.0 0 5.5 20 110 M M 2 28 100
5 84 57 71 -1 0 6 0.00 0.0 0 5.2 16 80 M M 2 1 20 60
6 85 55 70 -1 0 5 0.00 0.0 0 7.4 20 80 M M 2 12 24 70
7 85 54 70 -1 0 5 0.00 0.0 0 6.5 18 90 M M 1 1 22 90
8 89 62 76 5 0 11 T 0.0 0 8.4 21 90 M M 2 1 27 80
9 89 62 76 6 0 11 0.00 0.0 0 9.6 20 140 M M 0 1 25 170
10 89 66 78 8 0 13 0.00 0.0 0 7.7 17 70 M M 4 22 90
11 87 61 74 4 0 9 0.00 0.0 0 5.4 17 80 M M 4 12 21 80
12 88 63 76 6 0 11 0.00 0.0 0 6.5 17 110 M M 7 12 23 90
13 91 70 81 12 0 16 0.00 0.0 0 10.2 22 110 M M 5 25 120
14 92 68 80 11 0 15 T 0.0 0 14.0 28 160 M M 1 1 33 160
15 88 69 79 10 0 14 T 0.0 0 10.4 26 30 M M 5 1 34 350
16 84 64 74 6 0 9 0.00 0.0 0 10.9 20 70 M M 5 25 30
17 83 58 71 3 0 6 T 0.0 0 9.1 20 50 M M 1 26 50
18 85 54 70 2 0 5 0.00 0.0 0 7.5 17 90 M M 1 24 80
19 85 55 70 3 0 5 0.00 0.0 0 6.2 18 130 M M 1 22 130
20 86 57 72 5 0 7 0.00 0.0 0 7.0 21 100 M M 4 12 27 120
21 86 57 72 5 0 7 0.00 0.0 0 5.8 15 100 M M 1 12 20 110
22 86 59 73 7 0 8 0.00 0.0 0 6.2 17 90 M M 4 12 22 90
23 84 58 71 5 0 6 0.00 0.0 0 9.0 18 80 M M 2 1 23 80
24 87 66 77 11 0 12 0.00 0.0 0 18.0 33 170 M M 2 42 180
25 88 69 79 14 0 14 0.00 0.0 0 10.0 21 170 M M 4 25 170
26 89 69 79 14 0 14 0.00 0.0 0 7.1 16 160 M M 7 1 30 150
27 89 73 81 16 0 16 0.00 0.0 0 12.7 23 150 M M 6 1 28 170
28 86 65 76 12 0 11 0.13 0.0 0 12.0 20 300 M M 9 1 26 160
29 74 55 65 1 0 0 0.22 0.0 0 12.4 21 330 M M 6 1 24 340
30 66 42 54 -10 11 0 0.00 0.0 0 12.3 24 340 M M 1 29 350
================================================================================
SM 2558 1800 11 249 0.35 0.0 268.2 M 93
================================================================================
AV 85.3 60.0 8.9 FASTST M M 3 MAX(MPH)
MISC ----> # 33 170 # 42 180
================================================================================
NOTES:
# LAST OF SEVERAL OCCURRENCES
COLUMN 17 PEAK WIND IN M.P.H.
PRELIMINARY LOCAL CLIMATOLOGICAL DATA (WS FORM: F-6) , PAGE 2
STATION: HARLINGEN
MONTH: NOVEMBER
YEAR: 2020
LATITUDE: 26 13 N
LONGITUDE: 97 40 W
[TEMPERATURE DATA] [PRECIPITATION DATA] SYMBOLS USED IN COLUMN 16
AVERAGE MONTHLY: 72.6 TOTAL FOR MONTH: 0.35 1 = FOG OR MIST
DPTR FM NORMAL: 4.2 DPTR FM NORMAL: -1.15 2 = FOG REDUCING VISIBILITY
HIGHEST: 92 ON 14 GRTST 24HR 0.22 ON 29-29 TO 1/4 MILE OR LESS
LOWEST: 42 ON 30 3 = THUNDER
SNOW, ICE PELLETS, HAIL 4 = ICE PELLETS
TOTAL MONTH: 0.0 INCH 5 = HAIL
GRTST 24HR 0.0 6 = FREEZING RAIN OR DRIZZLE
GRTST DEPTH: 0 7 = DUSTSTORM OR SANDSTORM:
VSBY 1/2 MILE OR LESS
8 = SMOKE OR HAZE
[NO. OF DAYS WITH] [WEATHER - DAYS WITH] 9 = BLOWING SNOW
X = TORNADO
MAX 32 OR BELOW: 0 0.01 INCH OR MORE: 2
MAX 90 OR ABOVE: 2 0.10 INCH OR MORE: 2
MIN 32 OR BELOW: 0 0.50 INCH OR MORE: 0
MIN 0 OR BELOW: 0 1.00 INCH OR MORE: 0
[HDD (BASE 65) ]
TOTAL THIS MO. 11 CLEAR (SCALE 0-3) 17
DPTR FM NORMAL -43 PTCLDY (SCALE 4-7) 12
TOTAL FM JUL 1 22 CLOUDY (SCALE 8-10) 1
DPTR FM NORMAL -35
[CDD (BASE 65) ]
TOTAL THIS MO. 249
DPTR FM NORMAL 91 [PRESSURE DATA]
TOTAL FM JAN 1 4475 HIGHEST SLP 30.46 ON 30
DPTR FM NORMAL 541 LOWEST SLP 29.75 ON 10
[REMARKS]
#FINAL-11-20#