000
CXUS54 KBRO 030403
CF6HRL
PRELIMINARY LOCAL CLIMATOLOGICAL DATA (WS FORM: F-6)
STATION: HARLINGEN
MONTH: NOVEMBER
YEAR: 2023
LATITUDE: 26 13 N
LONGITUDE: 97 40 W
TEMPERATURE IN F: :PCPN: SNOW: WIND :SUNSHINE: SKY :PK WND
================================================================================
1 2 3 4 5 6A 6B 7 8 9 10 11 12 13 14 15 16 17 18
12Z AVG MX 2MIN
DY MAX MIN AVG DEP HDD CDD WTR SNW DPTH SPD SPD DIR MIN PSBL S-S WX SPD DR
================================================================================
1 71 46 59 -13 6 0 0.00 0.0 0 11.6 22 20 M M 4 29 20
2 74 48 61 -11 4 0 0.00 0.0 0 6.4 17 100 M M 6 28 90
3 84 57 71 -1 0 6 0.00 0.0 0 5.8 17 90 M M 5 24 90
4 87 58 73 2 0 8 0.00 0.0 0 6.1 18 90 M M 2 24 90
5 87 57 72 1 0 7 0.00 0.0 0 5.2 20 100 M M 1 1 25 100
6 89 60 75 4 0 10 0.00 0.0 0 8.8 20 170 M M 1 26 180
7 89 61 75 5 0 10 0.00 0.0 0 10.8 23 140 M M 2 12 29 150
8 90 68 79 9 0 14 0.00 0.0 0 11.7 22 140 M M 2 32 130
9 89 73 81 11 0 16 0.06 0.0 0 11.0 23 150 M M 6 18 31 140
10 75 59 67 -3 0 2 1.57 0.0 0 12.0 24 340 M M 9 1 30 340
11 61 58 60 -9 5 0 1.45 0.0 0 12.8 18 340 M M 10 1 23 350
12 63 59 61 -8 4 0 0.73 0.0 0 13.4 23 350 M M 10 1 29 360
13 64 61 63 -6 2 0 0.16 0.0 0 16.4 24 340 M M 10 1 30 330
14 75 58 67 -2 0 2 0.01 0.0 0 9.8 17 350 M M 6 1 22 350
15 78 54 66 -2 0 1 0.00 0.0 0 6.9 14 60 M M 0 1 23 50
16 78 53 66 -2 0 1 0.00 0.0 0 4.8 10 50 M M 0 12 M M
17 82 52 67 -1 0 2 0.00 0.0 0 3.8 13 190 M M 2 12 16 190
18 83 58 71 3 0 6 0.00 0.0 0 4.0 14 60 M M 5 128 18 60
19 83 61 72 5 0 7 0.00 0.0 0 8.4 20 160 M M 5 12 24 170
20 84 66 75 8 0 10 0.00 0.0 0 10.4 26 180 M M 3 1 36 190
21 67 57 62 -5 3 0 0.00 0.0 0 14.9 29 360 M M 6 38 360
22 57 50 54 -13 11 0 0.05 0.0 0 7.6 13 360 M M 4 16 360
23 64 48 56 -10 9 0 0.15 0.0 0 4.6 10 270 M M 6 1 13 270
24 70 48 59 -7 6 0 0.00 0.0 0 4.2 12 30 M M 9 1 14 20
25 76 62 69 3 0 4 0.01 0.0 0 7.0 18 90 M M 9 1 24 80
26 69 57 63 -3 2 0 T 0.0 0 10.7 23 10 M M 10 12 29 10
27 60 52 56 -10 9 0 T 0.0 0 12.8 18 360 M M 10 24 360
28 67 53 60 -5 5 0 0.00 0.0 0 9.7 16 10 M M 10 23 10
29 72 57 65 0 0 0 1.09 0.0 0 7.4 20 130 M M 10 13 24 130
30 81 62 72 7 0 7 0.19 0.0 0 18.0 40 190 M M 5 1 58 190
================================================================================
SM 2269 1713 66 113 5.47 0.0 277.0 M 168
================================================================================
AV 75.6 57.1 9.2 FASTST M M 6 MAX(MPH)
MISC ----> 40 190 58 190
================================================================================
NOTES:
# LAST OF SEVERAL OCCURRENCES
COLUMN 17 PEAK WIND IN M.P.H.
PRELIMINARY LOCAL CLIMATOLOGICAL DATA (WS FORM: F-6) , PAGE 2
STATION: HARLINGEN
MONTH: NOVEMBER
YEAR: 2023
LATITUDE: 26 13 N
LONGITUDE: 97 40 W
[TEMPERATURE DATA] [PRECIPITATION DATA] SYMBOLS USED IN COLUMN 16
AVERAGE MONTHLY: 66.4 TOTAL FOR MONTH: 5.47 1 = FOG OR MIST
DPTR FM NORMAL: -2.0 DPTR FM NORMAL: 3.66 2 = FOG REDUCING VISIBILITY
HIGHEST: 90 ON 8 GRTST 24HR 2.85 ON 10-11 TO 1/4 MILE OR LESS
LOWEST: 46 ON 1 3 = THUNDER
SNOW, ICE PELLETS, HAIL 4 = ICE PELLETS
TOTAL MONTH: 0.0 INCH 5 = HAIL
GRTST 24HR 0.0 6 = FREEZING RAIN OR DRIZZLE
GRTST DEPTH: 0 7 = DUSTSTORM OR SANDSTORM:
VSBY 1/2 MILE OR LESS
8 = SMOKE OR HAZE
[NO. OF DAYS WITH] [WEATHER - DAYS WITH] 9 = BLOWING SNOW
X = TORNADO
MAX 32 OR BELOW: 0 0.01 INCH OR MORE: 11
MAX 90 OR ABOVE: 1 0.10 INCH OR MORE: 7
MIN 32 OR BELOW: 0 0.50 INCH OR MORE: 4
MIN 0 OR BELOW: 0 1.00 INCH OR MORE: 3
[HDD (BASE 65) ]
TOTAL THIS MO. 66 CLEAR (SCALE 0-3) 9
DPTR FM NORMAL 4 PTCLDY (SCALE 4-7) 11
TOTAL FM JUL 1 83 CLOUDY (SCALE 8-10) 10
DPTR FM NORMAL 16
[CDD (BASE 65) ]
TOTAL THIS MO. 113
DPTR FM NORMAL -49 [PRESSURE DATA]
TOTAL FM JAN 1 4601 HIGHEST SLP 30.43 ON 1
DPTR FM NORMAL 465 LOWEST SLP 29.62 ON 20
[REMARKS]
#FINAL-11-23#