000
CXUS54 KBRO 011014
CLMHRL
CLIMATE REPORT
NATIONAL WEATHER SERVICE BROWNSVILLE, TX
414 AM CST FRI MAR 01 2024
...................................
...THE HARLINGEN CLIMATE SUMMARY FOR THE MONTH OF FEBRUARY 2024...
CLIMATE NORMAL PERIOD 1991 TO 2020
CLIMATE RECORD PERIOD 1912 TO 2024
WEATHER OBSERVED NORMAL DEPART LAST YEAR`S
VALUE DATE(S) VALUE FROM VALUE DATE(S)
NORMAL
................................................................
TEMPERATURE (F)
HIGHEST 88 02/22 88 0 96 02/23
LOWEST 37 02/18 36 1 32 02/11
AVG. MAXIMUM 77.7 75.9 1.8 78.8
AVG. MINIMUM 54.2 53.9 0.3 54.8
MEAN 65.9 64.9 1.0 66.8
DAYS MAX >= 90 0 0.7 -0.7 6
DAYS MAX <= 32 0 0.0 0.0 0
DAYS MIN <= 32 0 0.3 -0.3 1
DAYS MIN <= 0 0 0.0 0.0 0
PRECIPITATION (INCHES)
TOTALS 1.58 0.73 0.85 0.02
DAILY AVG. 0.05 NAN NAN 0.00
DAYS >= .01 4 5.8 -1.8 1
DAYS >= .10 3 1.4 1.6
DAYS >= .50 2 0.5 1.5
DAYS >= 1.00 0 0.1 -0.1
GREATEST
24 HR. TOTAL 0.91 02/16 TO 02/17
STORM TOTAL 0.76
(MM/DD(HH))
SNOWFALL (INCHES)
TOTALS 0.0 0.0 0.0 0.0
SINCE 7/1 0.0 0.0 0.0 0.0
DEGREE DAYS
HEATING TOTAL 70 105 -35 126
SINCE 7/1 450 529 -79 MM
COOLING TOTAL 105 102 3 184
SINCE 1/1 140 160 -20 MM
................................................................
WIND (MPH)
AVERAGE WIND SPEED 12.3
HIGHEST WIND SPEED/DIRECTION 36/180 DATE 02/27
HIGHEST GUST SPEED/DIRECTION 49/180 DATE 02/27
SKY COVER
POSSIBLE SUNSHINE (PERCENT) MM
AVERAGE SKY COVER 0.33
NUMBER OF DAYS FAIR 18
NUMBER OF DAYS PC 6
NUMBER OF DAYS CLOUDY 5
AVERAGE RH (PERCENT) 71
WEATHER CONDITIONS. NUMBER OF DAYS WITH
THUNDERSTORM 2 MIXED PRECIP 0
HEAVY RAIN 1 RAIN 3
LIGHT RAIN 7 FREEZING RAIN 0
LT FREEZING RAIN 0 HAIL 0
HEAVY SNOW 0 SNOW 0
LIGHT SNOW 0 SLEET 0
FOG 14 FOG W/VIS <= 1/4 MILE 2
HAZE 6
- INDICATES NEGATIVE NUMBERS.
R INDICATES RECORD WAS SET OR TIED.
MM INDICATES DATA IS MISSING.
T INDICATES TRACE AMOUNT.
$$