046
CXUS54 KLZK 011130
CF6HRO
PRELIMINARY LOCAL CLIMATOLOGICAL DATA (WS FORM: F-6)
STATION: Harrison
MONTH: OCTOBER
YEAR: 2020
LATITUDE: 36 15 N
LONGITUDE: 93 9 W
TEMPERATURE IN F: :PCPN: SNOW: WIND :SUNSHINE: SKY :PK WND
================================================================================
1 2 3 4 5 6A 6B 7 8 9 10 11 12 13 14 15 16 17 18
12Z AVG MX 2MIN
DY MAX MIN AVG DEP HDD CDD WTR SNW DPTH SPD SPD DIR MIN PSBL S-S WX SPD DR
================================================================================
1 71 46 59 -4 6 0 0.00 0.0 0 6.9 21 340 M M 0 29 350
2 67 40 54 -9 11 0 0.00 0.0 0 4.1 12 350 M M 1 16 280
3 72 46 59 -4 6 0 T M 0 7.1 21 160 M M 5 26 160
4 66 43 55 -7 10 0 0.00 0.0 0 5.6 14 40 M M 3 21 40
5 70 38 54 -8 11 0 0.00 0.0 0 5.9 14 160 M M 0 18 140
6 80 44 62 0 3 0 0.00 0.0 0 2.8 9 150 M M 0 12 160
7 86 53 70 9 0 5 0.00 0.0 0 3.2 12 260 M M 0 1 16 270
8 79 57 68 7 0 3 0.00 0.0 0 3.2 12 140 M M 0 18 14 150
9 80 57 69 8 0 4 0.00 0.0 0 7.9 18 160 M M 5 1 24 160
10 79 58 69 9 0 4 0.00 0.0 0 3.8 12 70 M M 4 12 17 100
11 85 57 71 11 0 6 0.00 0.0 0 7.9 21 150 M M 0 12 25 140
12 74 48 61 1 4 0 0.00 0.0 0 9.4 23 330 M M 1 35 320
13 78 41 60 0 5 0 0.00 0.0 0 4.4 12 160 M M 0 19 120
14 84 45 65 6 0 0 0.00 0.0 0 7.4 18 160 M M 0 26 200
15 66 48 57 -2 8 0 T M 0 5.8 16 340 M M 8 22 340
16 65 36 51 -8 14 0 0.00 0.0 0 4.1 14 280 M M 0 22 260
17 69 42 56 -3 9 0 0.00 0.0 0 13.5 28 170 M M 3 36 160
18 78 48 63 5 2 0 0.36 0.0 0 7.4 15 240 M M 7 1 21 250
19 53 45 49 -9 16 0 0.13 0.0 0 4.4 10 140 M M 10 1 13 140
20 72 51 62 4 3 0 0.06 0.0 0 6.1 15 150 M M 7 123 16 140
21 84 56 70 12 0 5 0.00 0.0 0 6.7 18 160 M M 3 12 23 160
22 82 62 72 15 0 7 0.00 0.0 0 9.9 22 170 M M 1 30 180
23 70 41 56 -1 9 0 0.08 0.0 0 8.7 22 320 M M 7 13 29 320
24 46 40 43 -14 22 0 0.00 0.0 0 5.3 12 20 M M 10 1 14 20
25 49 43 46 -10 19 0 T 0.0 0 3.4 9 40 M M 10 1 12 20
26 45 34 40 -16 25 0 2.15 0.0 0 6.8 13 40 M M 10 13 18 280
27 42 34 38 -18 27 0 1.05 0.0 0 4.6 13 160 M M 10 12 14 150
28 51 40 46 -10 19 0 3.71 M 0 2.9 10 30 M M 10 12 12 30
29 51 36 44 -11 21 0 0.88 M 0 7.9 18 10 M M 7 1 29 360
30 61 32 47 -8 18 0 0.00 0.0 0 4.7 10 120 M M 0 1 13 120
31 65 37 51 -4 14 0 0.00 0.0 0 7.3 20 160 M M 0 24 160
================================================================================
SM 2120 1398 282 34 8.42 0.0 189.1 M 122
================================================================================
AV 68.4 45.1 6.1 FASTST M M 4 MAX(MPH)
MISC ----> # 28 170 # 36 160
================================================================================
NOTES:
# LAST OF SEVERAL OCCURRENCES
COLUMN 17 PEAK WIND IN M.P.H.
PRELIMINARY LOCAL CLIMATOLOGICAL DATA (WS FORM: F-6) , PAGE 2
STATION: Harrison
MONTH: OCTOBER
YEAR: 2020
LATITUDE: 36 15 N
LONGITUDE: 93 9 W
[TEMPERATURE DATA] [PRECIPITATION DATA] SYMBOLS USED IN COLUMN 16
AVERAGE MONTHLY: 56.7 TOTAL FOR MONTH: 8.42 1 = FOG OR MIST
DPTR FM NORMAL: -2.2 DPTR FM NORMAL: 4.87 2 = FOG REDUCING VISIBILITY
HIGHEST: 86 ON 7 GRTST 24HR 3.71 ON 28-28 TO 1/4 MILE OR LESS
LOWEST: 32 ON 30 3 = THUNDER
SNOW, ICE PELLETS, HAIL 4 = ICE PELLETS
TOTAL MONTH: 0.0 INCH 5 = HAIL
GRTST 24HR 0.0 6 = FREEZING RAIN OR DRIZZLE
GRTST DEPTH: 0 7 = DUSTSTORM OR SANDSTORM:
VSBY 1/2 MILE OR LESS
8 = SMOKE OR HAZE
[NO. OF DAYS WITH] [WEATHER - DAYS WITH] 9 = BLOWING SNOW
X = TORNADO
MAX 32 OR BELOW: 0 0.01 INCH OR MORE: 8
MAX 90 OR ABOVE: 0 0.10 INCH OR MORE: 6
MIN 32 OR BELOW: 1 0.50 INCH OR MORE: 4
MIN 0 OR BELOW: 0 1.00 INCH OR MORE: 3
[HDD (BASE 65) ]
TOTAL THIS MO. 282 CLEAR (SCALE 0-3) 16
DPTR FM NORMAL 60 PTCLDY (SCALE 4-7) 8
TOTAL FM JUL 1 305 CLOUDY (SCALE 8-10) 7
DPTR FM NORMAL 40
[CDD (BASE 65) ]
TOTAL THIS MO. 34
DPTR FM NORMAL 1 [PRESSURE DATA]
TOTAL FM JAN 1 1404 HIGHEST SLP 30.40 ON 16
DPTR FM NORMAL -8 LOWEST SLP 29.63 ON 29
[REMARKS]
ALL SNOWFALL DATA IS FROM THE HARRISON COOPERATIVE OBSERVER SITE
#FINAL-10-20#