000
CXUS52 KMHX 110859
CF6HSE
PRELIMINARY LOCAL CLIMATOLOGICAL DATA (WS FORM: F-6)
STATION: CAPE HATTERAS NC
MONTH: SEPTEMBER
YEAR: 2022
LATITUDE: 35 13 N
LONGITUDE: 75 37 W
TEMPERATURE IN F: :PCPN: SNOW: WIND :SUNSHINE: SKY :PK WND
================================================================================
1 2 3 4 5 6A 6B 7 8 9 10 11 12 13 14 15 16 17 18
12Z AVG MX 2MIN
DY MAX MIN AVG DEP HDD CDD WTR SNW DPTH SPD SPD DIR MIN PSBL S-S WX SPD DR
================================================================================
1 86 71 79 -1 0 14 0.00 0.0 0 3.1 8 30 M M 2 8 11 330
2 88 72 80 1 0 15 0.00 0.0 0 8.2 16 120 M M 4 20 120
3 89 74 82 3 0 17 0.00 0.0 0 6.3 12 100 M M 3 16 120
4 87 69 78 -1 0 13 0.00 0.0 0 4.5 12 30 M M 2 16 50
5 87 72 80 1 0 15 0.00 0.0 0 6.1 12 120 M M 3 14 130
6 87 75 81 2 0 16 0.25 0.0 0 8.4 16 200 M M 5 13 23 210
7 85 74 80 1 0 15 0.05 0.0 0 6.6 10 30 M M 3 1 18 20
8 81 73 77 -2 0 12 T 0.0 0 9.8 15 20 M M 5 25 360
9 81 72 77 -1 0 12 0.00 0.0 0 10.2 16 30 M M 2 25 40
10 85 74 80 2 0 15 T 0.0 0 10.1 17 110 M M 5 1 22 110
11 84 75 80 2 0 15 0.19 0.0 0 7.2 20 210 M M 4 1 25 210
12 85 77 81 3 0 16 T 0.0 0 7.6 13 220 M M 0 138 19 220
13 85 77 81 3 0 16 0.00 0.0 0 7.2 13 210 M M 1 1 17 220
14 80 72 76 -2 0 11 0.00 0.0 0 5.3 9 20 M M 2 16 10
15 81 71 76 -1 0 11 0.00 0.0 0 8.3 14 30 M M 1 22 30
16 78 69 74 -3 0 9 0.00 0.0 0 8.1 14 30 M M 0 23 30
17 82 69 76 -1 0 11 0.00 0.0 0 6.0 13 60 M M 0 22 60
18 84 70 77 0 0 12 T 0.0 0 5.1 9 40 M M 3 13 50
19 86 66 76 0 0 11 0.00 0.0 0 5.8 17 190 M M 1 1 23 190
20 86 70 78 2 0 13 0.00 0.0 0 3.9 8 160 M M 0 10 160
21 86 70 78 2 0 13 0.00 0.0 0 5.6 13 80 M M 0 16 40
22 85 70 78 2 0 13 0.65 0.0 0 10.2 20 310 M M 3 138 35 30
23 73 63 68 -7 0 3 0.00 0.0 0 8.6 17 330 M M 1 33 10
24 73 60 67 -8 0 2 0.00 0.0 0 4.9 10 230 M M 0 16 240
25 80 68 74 -1 0 9 0.00 0.0 0 12.0 23 230 M M 2 33 220
26 81 73 77 2 0 12 T 0.0 0 9.2 22 230 M M 3 18 31 230
27 78 62 70 -4 0 5 0.02 0.0 0 4.0 10 10 M M 4 18 20
28 73 66 70 -4 0 5 T 0.0 0 9.8 17 30 M M 3 28 20
29 69 62 66 -8 0 1 0.67 0.0 0 12.5 20 40 M M 10 1 34 50
30 81 66 74 1 0 9 5.92 0.0 0 18.7 30 150 M M 10 138 46 120
================================================================================
SM 2466 2102 0 341 7.75 0.0 233.3 M 82
================================================================================
AV 82.2 70.1 7.8 FASTST M M 3 MAX(MPH)
MISC ----> 30 150 46 120
================================================================================
NOTES:
# LAST OF SEVERAL OCCURRENCES
COLUMN 17 PEAK WIND IN M.P.H.
PRELIMINARY LOCAL CLIMATOLOGICAL DATA (WS FORM: F-6) , PAGE 2
STATION: CAPE HATTERAS NC
MONTH: SEPTEMBER
YEAR: 2022
LATITUDE: 35 13 N
LONGITUDE: 75 37 W
[TEMPERATURE DATA] [PRECIPITATION DATA] SYMBOLS USED IN COLUMN 16
AVERAGE MONTHLY: 76.1 TOTAL FOR MONTH: 7.75 1 = FOG OR MIST
DPTR FM NORMAL: -0.8 DPTR FM NORMAL: 0.12 2 = FOG REDUCING VISIBILITY
HIGHEST: 89 ON 3 GRTST 24HR 6.17 ON 29-30 TO 1/4 MILE OR LESS
LOWEST: 60 ON 24 3 = THUNDER
SNOW, ICE PELLETS, HAIL 4 = ICE PELLETS
TOTAL MONTH: 0.0 INCH 5 = HAIL
GRTST 24HR 0.0 6 = FREEZING RAIN OR DRIZZLE
GRTST DEPTH: 0 7 = DUSTSTORM OR SANDSTORM:
VSBY 1/2 MILE OR LESS
8 = SMOKE OR HAZE
[NO. OF DAYS WITH] [WEATHER - DAYS WITH] 9 = BLOWING SNOW
X = TORNADO
MAX 32 OR BELOW: 0 0.01 INCH OR MORE: 7
MAX 90 OR ABOVE: 0 0.10 INCH OR MORE: 5
MIN 32 OR BELOW: 0 0.50 INCH OR MORE: 3
MIN 0 OR BELOW: 0 1.00 INCH OR MORE: 1
[HDD (BASE 65) ]
TOTAL THIS MO. 0 CLEAR (SCALE 0-3) 19
DPTR FM NORMAL -1 PTCLDY (SCALE 4-7) 9
TOTAL FM JUL 1 0 CLOUDY (SCALE 8-10) 2
DPTR FM NORMAL 0
[CDD (BASE 65) ]
TOTAL THIS MO. 341
DPTR FM NORMAL -17 [PRESSURE DATA]
TOTAL FM JAN 1 2038 HIGHEST SLP 30.22 ON 17
DPTR FM NORMAL 87 LOWEST SLP 29.60 ON 22
[REMARKS]
#FINAL-09-22#
CORRECTED SNOW DEPTH FROM M TO 0.