000
CXUS52 KMHX 010600
CF6HSE
PRELIMINARY LOCAL CLIMATOLOGICAL DATA (WS FORM: F-6)
STATION: CAPE HATTERAS NC
MONTH: AUGUST
YEAR: 2023
LATITUDE: 35 13 N
LONGITUDE: 75 37 W
TEMPERATURE IN F: :PCPN: SNOW: WIND :SUNSHINE: SKY :PK WND
================================================================================
1 2 3 4 5 6A 6B 7 8 9 10 11 12 13 14 15 16 17 18
12Z AVG MX 2MIN
DY MAX MIN AVG DEP HDD CDD WTR SNW DPTH SPD SPD DIR MIN PSBL S-S WX SPD DR
================================================================================
1 85 69 77 -4 0 12 T 0.0 0 5.6 12 10 M M 0 1 19 60
2 82 71 77 -4 0 12 0.00 0.0 0 7.6 15 30 M M 0 23 30
3 85 69 77 -4 0 12 0.00 0.0 0 4.5 9 170 M M 1 12 180
4 83 73 78 -3 0 13 2.18 0.0 0 11.1 20 220 M M 10 1238 29 220
5 84 71 78 -3 0 13 0.04 0.0 0 5.5 18 230 M M 5 1 27 230
6 86 69 78 -3 0 13 0.00 0.0 0 4.4 13 130 M M 1 1 16 150
7 87 75 81 0 0 16 0.00 0.0 0 8.7 17 230 M M 0 8 25 230
8 88 79 84 3 0 19 0.00 0.0 0 9.4 18 250 M M 0 18 30 250
9 88 76 82 1 0 17 T 0.0 0 5.3 12 240 M M 1 18 15 240
10 86 77 82 1 0 17 T 0.0 0 9.2 18 210 M M 0 18 27 210
11 87 78 83 2 0 18 0.00 0.0 0 6.2 10 230 M M 0 1 17 290
12 87 78 83 2 0 18 0.00 0.0 0 7.8 14 210 M M 1 1 18 220
13 89 80 85 4 0 20 0.00 0.0 0 8.7 13 210 M M 0 1 18 220
14 89 81 85 4 0 20 0.00 0.0 0 9.9 16 210 M M 1 1 23 220
15 88 77 83 2 0 18 0.02 0.0 0 11.5 17 310 M M 1 18 25 300
16 88 78 83 2 0 18 T 0.0 0 7.9 13 230 M M 1 1 20 230
17 83 74 79 -2 0 14 0.95 0.0 0 9.2 20 180 M M 4 1 27 180
18 87 77 82 1 0 17 0.00 0.0 M 8.8 13 220 M M 2 18 19 210
19 89 77 83 2 0 18 0.00 0.0 M 5.9 12 30 M M 3 18 18 50
20 91 76 84 3 0 19 0.00 0.0 0 4.6 12 120 M M 1 1 15 110
21 88 74 81 1 0 16 0.00 0.0 0 4.9 10 190 M M 0 1 14 190
22 91 76 84 4 0 19 0.00 0.0 0 7.7 16 40 M M 4 1 27 40
23 85 75 80 0 0 15 T 0.0 0 9.4 16 30 M M 2 8 27 20
24 86 73 80 0 0 15 0.00 0.0 0 5.3 12 130 M M 2 8 16 130
25 86 79 83 3 0 18 0.00 0.0 0 8.7 15 190 M M 3 19 180
26 87 80 84 4 0 19 0.00 0.0 0 9.6 14 210 M M 3 19 210
27 88 76 82 2 0 17 0.10 0.0 0 5.2 10 210 M M 5 138 15 200
28 88 75 82 2 0 17 T 0.0 0 3.7 14 130 M M 2 1 18 140
29 90 75 83 3 0 18 0.00 0.0 0 3.1 12 160 M M 2 18 17 150
30 88 76 82 2 0 17 0.29 0.0 0 6.7 15 120 M M 2 18 20 160
31 80 71 76 -4 0 11 7.00 0.0 0 15.8 33 100 M M 10 1238 55 20
================================================================================
SM 2689 2335 0 506 10.58 0.0 231.9 M 67
================================================================================
AV 86.7 75.3 7.5 FASTST M M 2 MAX(MPH)
MISC ----> 33 100 55 20
================================================================================
NOTES:
# LAST OF SEVERAL OCCURRENCES
COLUMN 17 PEAK WIND IN M.P.H.
PRELIMINARY LOCAL CLIMATOLOGICAL DATA (WS FORM: F-6) , PAGE 2
STATION: CAPE HATTERAS NC
MONTH: AUGUST
YEAR: 2023
LATITUDE: 35 13 N
LONGITUDE: 75 37 W
[TEMPERATURE DATA] [PRECIPITATION DATA] SYMBOLS USED IN COLUMN 16
AVERAGE MONTHLY: 81.0 TOTAL FOR MONTH: 10.58 1 = FOG OR MIST
DPTR FM NORMAL: 0.3 DPTR FM NORMAL: 3.85 2 = FOG REDUCING VISIBILITY
HIGHEST: 91 ON 22,20 GRTST 24HR 7.29 ON 30-31 TO 1/4 MILE OR LESS
LOWEST: 69 ON 6, 3 3 = THUNDER
SNOW, ICE PELLETS, HAIL 4 = ICE PELLETS
TOTAL MONTH: 0.0 INCH 5 = HAIL
GRTST 24HR 0.0 6 = FREEZING RAIN OR DRIZZLE
GRTST DEPTH: 0 7 = DUSTSTORM OR SANDSTORM:
VSBY 1/2 MILE OR LESS
8 = SMOKE OR HAZE
[NO. OF DAYS WITH] [WEATHER - DAYS WITH] 9 = BLOWING SNOW
X = TORNADO
MAX 32 OR BELOW: 0 0.01 INCH OR MORE: 7
MAX 90 OR ABOVE: 3 0.10 INCH OR MORE: 5
MIN 32 OR BELOW: 0 0.50 INCH OR MORE: 3
MIN 0 OR BELOW: 0 1.00 INCH OR MORE: 2
[HDD (BASE 65) ]
TOTAL THIS MO. 0 CLEAR (SCALE 0-3) 25
DPTR FM NORMAL 0 PTCLDY (SCALE 4-7) 4
TOTAL FM JUL 1 0 CLOUDY (SCALE 8-10) 2
DPTR FM NORMAL 0
[CDD (BASE 65) ]
TOTAL THIS MO. 506
DPTR FM NORMAL 19 [PRESSURE DATA]
TOTAL FM JAN 1 1117 HIGHEST SLP M ON M
DPTR FM NORMAL -476 LOWEST SLP 29.46 ON 31
[REMARKS]
#FINAL-08-23#