000
CXUS56 KTFX 011110
CF6HVR
PRELIMINARY LOCAL CLIMATOLOGICAL DATA (WS FORM: F-6)
STATION: HAVRE MT
MONTH: APRIL
YEAR: 2023
LATITUDE: 48 32 N
LONGITUDE: 109 46 W
TEMPERATURE IN F: :PCPN: SNOW: WIND :SUNSHINE: SKY :PK WND
================================================================================
1 2 3 4 5 6A 6B 7 8 9 10 11 12 13 14 15 16 17 18
12Z AVG MX 2MIN
DY MAX MIN AVG DEP HDD CDD WTR SNW DPTH SPD SPD DIR MIN PSBL S-S WX SPD DR
================================================================================
1 50 29 40 1 25 0 0.01 0.0 M 12.4 25 230 M M 2 34 230
2 36 25 31 -9 34 0 0.05 0.8 2 18.7 35 280 M M 9 18 49 230
3 30 19 25 -15 40 0 0.01 T 1 6.7 15 70 M M 9 18 17 70
4 23 14 19 -21 46 0 T T 1 6.4 13 80 M M 7 1 16 90
5 35 14 25 -16 40 0 T T 1 5.5 14 70 M M 5 1 16 100
6 43 18 31 -10 34 0 0.00 0.0 T 9.4 16 230 M M 1 20 230
7 43 23 33 -8 32 0 0.00 0.0 0 9.2 21 70 M M 1 12 26 70
8 59 30 45 3 20 0 0.00 0.0 0 13.1 24 290 M M 3 1 32 290
9 67 33 50 8 15 0 0.00 0.0 0 13.3 25 230 M M 0 33 230
10 76 41 59 17 6 0 0.00 0.0 0 10.1 24 220 M M 0 30 220
11 75 43 59 16 6 0 0.00 0.0 0 15.2 37 300 M M 4 47 280
12 51 32 42 -1 23 0 T 0.0 0 8.2 21 260 M M 8 29 260
13 40 33 37 -6 28 0 0.28 T 0 4.9 12 60 M M 10 1 17 50
14 47 29 38 -6 27 0 T 0.0 0 4.6 14 50 M M 6 1 17 40
15 55 25 40 -4 25 0 0.00 0.0 0 8.2 18 230 M M 0 25 170
16 67 29 48 4 17 0 0.00 0.0 0 8.1 18 160 M M 0 24 220
17 64 40 52 8 13 0 0.00 0.0 0 14.1 26 230 M M 3 35 230
18 49 40 45 0 20 0 0.00 0.0 0 11.6 20 60 M M 10 25 90
19 40 29 35 -10 30 0 0.12 T 0 11.4 21 340 M M 10 1 26 350
20 37 26 32 -13 33 0 0.02 0.2 T 10.2 18 360 M M 10 18 25 340
21 37 28 33 -13 32 0 T T 0 5.2 13 60 M M 10 8 18 50
22 47 25 36 -10 29 0 T T 0 5.2 14 100 M M 5 18 80
23 59 27 43 -3 22 0 0.00 0.0 0 7.6 20 70 M M 1 27 80
24 64 33 49 3 16 0 0.00 0.0 0 9.7 16 80 M M 5 22 90
25 69 34 52 5 13 0 0.00 0.0 0 10.7 25 220 M M 2 34 230
26 68 35 52 5 13 0 0.00 0.0 0 13.8 31 260 M M 2 41 270
27 58 34 46 -1 19 0 T 0.0 0 15.5 35 320 M M 7 49 320
28 73 31 52 4 13 0 0.00 0.0 0 11.6 23 220 M M 2 30 220
29 68 42 55 7 10 0 0.00 0.0 0 10.7 17 70 M M 2 23 70
30 76 39 58 10 7 0 0.00 0.0 0 13.8 21 80 M M 0 28 90
================================================================================
SM 1606 900 688 0 0.49 1.0 305.1 M 134
================================================================================
AV 53.5 30.0 10.2 FASTST M M 4 MAX(MPH)
MISC ----> 37 300 # 49 230
================================================================================
NOTES:
# LAST OF SEVERAL OCCURRENCES
COLUMN 17 PEAK WIND IN M.P.H.
PRELIMINARY LOCAL CLIMATOLOGICAL DATA (WS FORM: F-6) , PAGE 2
STATION: HAVRE MT
MONTH: APRIL
YEAR: 2023
LATITUDE: 48 32 N
LONGITUDE: 109 46 W
[TEMPERATURE DATA] [PRECIPITATION DATA] SYMBOLS USED IN COLUMN 16
AVERAGE MONTHLY: 41.8 TOTAL FOR MONTH: 0.49 1 = FOG OR MIST
DPTR FM NORMAL: -2.2 DPTR FM NORMAL: -0.52 2 = FOG REDUCING VISIBILITY
HIGHEST: 76 ON 30,10 GRTST 24HR 0.28 ON 12-13 TO 1/4 MILE OR LESS
LOWEST: 14 ON 5, 4 3 = THUNDER
SNOW, ICE PELLETS, HAIL 4 = ICE PELLETS
TOTAL MONTH: 1.0 INCH 5 = HAIL
GRTST 24HR 0.8 ON 2- 2 6 = FREEZING RAIN OR DRIZZLE
GRTST DEPTH: 5 ON M 7 = DUSTSTORM OR SANDSTORM:
VSBY 1/2 MILE OR LESS
8 = SMOKE OR HAZE
[NO. OF DAYS WITH] [WEATHER - DAYS WITH] 9 = BLOWING SNOW
X = TORNADO
MAX 32 OR BELOW: 2 0.01 INCH OR MORE: 6
MAX 90 OR ABOVE: 0 0.10 INCH OR MORE: 2
MIN 32 OR BELOW: 18 0.50 INCH OR MORE: 0
MIN 0 OR BELOW: 0 1.00 INCH OR MORE: 0
[HDD (BASE 65) ]
TOTAL THIS MO. 688 CLEAR (SCALE 0-3) 15
DPTR FM NORMAL 56 PTCLDY (SCALE 4-7) 8
TOTAL FM JUL 1 8461 CLOUDY (SCALE 8-10) 7
DPTR FM NORMAL 769
[CDD (BASE 65) ]
TOTAL THIS MO. 0
DPTR FM NORMAL 0 [PRESSURE DATA]
TOTAL FM JAN 1 0 HIGHEST SLP 30.45 ON 21
DPTR FM NORMAL 0 LOWEST SLP 29.51 ON 11
[REMARKS]
#FINAL-04-23#