000
CXUS53 KUNR 010945
CF6ICR
PRELIMINARY LOCAL CLIMATOLOGICAL DATA (WS FORM: F-6)
STATION: WINNER REGIONAL AIRPORT SD
MONTH: MARCH
YEAR: 2020
LATITUDE: 43 23 N
LONGITUDE: 99 50 W
TEMPERATURE IN F: :PCPN: SNOW: WIND :SUNSHINE: SKY :PK WND
================================================================================
1 2 3 4 5 6A 6B 7 8 9 10 11 12 13 14 15 16 17 18
12Z AVG MX 2MIN
DY MAX MIN AVG DEP HDD CDD WTR SNW DPTH SPD SPD DIR MIN PSBL S-S WX SPD DR
================================================================================
1 49 28 39 8 26 0 0.00 M M 14.0 26 310 M M 4 37 320
2 51 22 37 5 28 0 0.00 M M 13.5 25 230 M M 1 35 260
3 54 30 42 10 23 0 T M M 13.3 32 290 M M 4 45 290
4 67 34 51 19 14 0 0.04 M M 14.0 35 320 M M 1 49 340
5 48 25 37 4 28 0 0.00 M M 17.6 37 310 M M 1 54 310
6 63 24 44 11 21 0 0.00 M M 20.8 37 170 M M 0 51 170
7 82 42 62 29 3 0 0.00 M M 17.4 26 200 M M 0 37 200
8 75 34 55 21 10 0 0.00 M M 18.3 31 320 M M 3 39 320
9 40 24 32 -2 33 0 0.00 M M 11.3 23 340 M M 6 32 350
10 49 22 36 2 29 0 T M M 8.6 18 120 M M 6 23 120
11 71 31 51 16 14 0 0.00 M M 12.1 24 200 M M 0 33 200
12 50 26 38 3 27 0 0.00 M M 18.4 35 330 M M 2 46 340
13 44 19 32 -4 33 0 0.04 M M 8.1 21 140 M M 5 1 28 140
14 31 27 29 -7 36 0 0.02 M M 17.7 25 100 M M 10 1 32 100
15 36 30 33 -3 32 0 0.00 M M 15.4 29 160 M M 10 38 160
16 37 30 34 -3 31 0 0.00 M M 11.2 18 340 M M 10 25 340
17 44 30 37 0 28 0 0.00 M M 12.0 25 170 M M 10 34 170
18 49 37 43 5 22 0 0.00 M M 6.2 14 70 M M 9 1 19 70
19 41 16 29 -9 36 0 0.26 M M 19.3 32 350 M M 10 128 41 360
20 25 8 17 -21 48 0 0.00 M M 8.8 23 340 M M 2 29 340
21 47 22 35 -4 30 0 0.00 M M 16.5 24 170 M M 2 33 180
22 52 33 43 4 22 0 0.00 M M 10.2 23 190 M M 7 33 180
23 57 24 41 2 24 0 T M M 11.8 23 130 M M 3 29 120
24 73 42 58 18 7 0 0.00 M M 13.4 25 180 M M 1 37 190
25 47 34 41 1 24 0 T M M 10.4 21 30 M M 7 27 30
26 54 30 42 2 23 0 T M M 7.0 21 50 M M 9 26 40
27 53 32 43 2 22 0 0.08 M M 8.1 17 50 M M 8 1 22 50
28 54 34 44 3 21 0 0.55 M M 16.0 32 350 M M 7 1 43 10
29 63 34 49 7 16 0 0.00 M M 9.0 15 130 M M 1 20 130
30 65 40 53 11 12 0 0.11 M M 13.4 29 190 M M 5 1 38 200
31 73 40 57 15 8 0 0.01 M M 11.6 22 180 M M 2 30 170
================================================================================
SM 1644 904 731 0 1.11 M 405.4 M 146
================================================================================
AV 53.0 29.2 13.1 FASTST M M 5 MAX(MPH)
MISC ----> # 37 310 # 54 310
================================================================================
NOTES:
# LAST OF SEVERAL OCCURRENCES
COLUMN 17 PEAK WIND IN M.P.H.
PRELIMINARY LOCAL CLIMATOLOGICAL DATA (WS FORM: F-6) , PAGE 2
STATION: WINNER REGIONAL AIRPORT SD
MONTH: MARCH
YEAR: 2020
LATITUDE: 43 23 N
LONGITUDE: 99 50 W
[TEMPERATURE DATA] [PRECIPITATION DATA] SYMBOLS USED IN COLUMN 16
AVERAGE MONTHLY: 41.1 TOTAL FOR MONTH: 1.11 1 = FOG OR MIST
DPTR FM NORMAL: 4.4 DPTR FM NORMAL: -0.27 2 = FOG REDUCING VISIBILITY
HIGHEST: 82 ON 7 GRTST 24HR 0.55 ON 28-28 TO 1/4 MILE OR LESS
LOWEST: 8 ON 20 3 = THUNDER
SNOW, ICE PELLETS, HAIL 4 = ICE PELLETS
TOTAL MONTH: M 5 = HAIL
GRTST 24HR M ON M 6 = FREEZING RAIN OR DRIZZLE
GRTST DEPTH: M ON M 7 = DUSTSTORM OR SANDSTORM:
VSBY 1/2 MILE OR LESS
8 = SMOKE OR HAZE
[NO. OF DAYS WITH] [WEATHER - DAYS WITH] 9 = BLOWING SNOW
X = TORNADO
MAX 32 OR BELOW: 2 0.01 INCH OR MORE: 8
MAX 90 OR ABOVE: 0 0.10 INCH OR MORE: 3
MIN 32 OR BELOW: 20 0.50 INCH OR MORE: 1
MIN 0 OR BELOW: 0 1.00 INCH OR MORE: 0
[HDD (BASE 65) ]
TOTAL THIS MO. 731 CLEAR (SCALE 0-3) 14
DPTR FM NORMAL -145 PTCLDY (SCALE 4-7) 9
TOTAL FM JUL 1 5649 CLOUDY (SCALE 8-10) 8
DPTR FM NORMAL -236
[CDD (BASE 65) ]
TOTAL THIS MO. 0
DPTR FM NORMAL 0 [PRESSURE DATA]
TOTAL FM JAN 1 0 HIGHEST SLP 30.74 ON 20
DPTR FM NORMAL 0 LOWEST SLP 29.49 ON 12
[REMARKS]
#FINAL-03-20#