000
CXUS53 KICT 010624
CLMICT
CLIMATE REPORT
NATIONAL WEATHER SERVICE WICHITA KANSAS
124 AM CDT THU JUN 01 2023
...................................
...THE WICHITA EISENHOWER NATIONAL CLIMATE SUMMARY FOR THE MONTH OF MAY 2023...
CLIMATE NORMAL PERIOD 1991 TO 2020
CLIMATE RECORD PERIOD 1888 TO 2023
WEATHER OBSERVED NORMAL DEPART LAST YEAR`S
VALUE DATE(S) VALUE FROM VALUE DATE(S)
NORMAL
................................................................
TEMPERATURE (F)
RECORD
HIGH 102 05/04/2014
LOW 27 05/01/1909
HIGHEST 95 05/06 94 05/10
LOWEST 35 05/03 41 05/01
AVG. MAXIMUM 79.8 77.5 2.3 77.3
AVG. MINIMUM 56.5 55.9 0.6 57.8
MEAN 68.2 66.7 1.5 67.6
DAYS MAX >= 90 3 3.0 0.0 4
DAYS MAX <= 32 0 0.0 0.0 0
DAYS MIN <= 32 0 0.0 0.0 0
DAYS MIN <= 0 0 0.0 0.0 0
PRECIPITATION (INCHES)
RECORD
MAXIMUM 13.14 2008
MINIMUM 0.52 1973
TOTALS 3.14 5.17 -2.03 12.95
DAILY AVG. 0.10 0.17 -0.07 0.42
DAYS >= .01 7 11.3 -4.3 11
DAYS >= .10 4 7.2 -3.2 8
DAYS >= .50 2 3.8 -1.8 7
DAYS >= 1.00 1 1.7 -0.7 5
GREATEST
24 HR. TOTAL 1.55 05/14 TO 05/15
SNOWFALL (INCHES)
RECORDS
TOTAL T 2022
TOTALS TR 0.0 0.0 T
SINCE 7/1 5.0 12.7 -7.7 MM
SNOWDEPTH AVG. 0 0
DAYS >= 1.0 0 0.0 0.0 0
GREATEST
SNOW DEPTH 0 0 MM
24 HR TOTAL MM MM
DEGREE DAYS
HEATING TOTAL 48 79 -31 108
SINCE 7/1 4247 4409 -162 MM
COOLING TOTAL 157 132 25 196
SINCE 1/1 186 159 27 MM
................................................................
WIND (MPH)
AVERAGE WIND SPEED 9.2
HIGHEST WIND SPEED/DIRECTION 45/020 DATE 05/09
HIGHEST GUST SPEED/DIRECTION 62/300 DATE 05/09
SKY COVER
POSSIBLE SUNSHINE (PERCENT) MM
AVERAGE SKY COVER 0.60
NUMBER OF DAYS FAIR 5
NUMBER OF DAYS PC 16
NUMBER OF DAYS CLOUDY 10
AVERAGE RH (PERCENT) 65
WEATHER CONDITIONS. NUMBER OF DAYS WITH
THUNDERSTORM 4 MIXED PRECIP 0
HEAVY RAIN 2 RAIN 3
LIGHT RAIN 10 FREEZING RAIN 0
LT FREEZING RAIN 0 HAIL 1
HEAVY SNOW 0 SNOW 0
LIGHT SNOW 0 SLEET 0
FOG 18 FOG W/VIS <= 1/4 MILE 1
HAZE 5
- INDICATES NEGATIVE NUMBERS.
R INDICATES RECORD WAS SET OR TIED.
MM INDICATES DATA IS MISSING.
T INDICATES TRACE AMOUNT.
$$