000
CXUS53 KICT 010854
CLMICT
CLIMATE REPORT
NATIONAL WEATHER SERVICE WICHITA KANSAS
354 AM CDT FRI SEP 01 2023
...................................
...THE WICHITA EISENHOWER NATIONAL CLIMATE SUMMARY FOR THE MONTH OF AUGUST 2023...
CLIMATE NORMAL PERIOD 1991 TO 2020
CLIMATE RECORD PERIOD 1888 TO 2023
WEATHER OBSERVED NORMAL DEPART LAST YEAR`S
VALUE DATE(S) VALUE FROM VALUE DATE(S)
NORMAL
................................................................
TEMPERATURE (F)
RECORD
HIGH 114 08/12/1936
LOW 45 08/29/1893
HIGHEST 111 08/19 106 08/03
LOWEST 60 08/15 61 08/19
08/23
AVG. MAXIMUM 95.6 91.0 4.6 96.2
AVG. MINIMUM 69.2 68.8 0.4 69.1
MEAN 82.4 79.9 2.5 82.7
DAYS MAX >= 90 22 17.9 4.1 29
DAYS MAX <= 32 0 0.0 0.0 0
DAYS MIN <= 32 0 0.0 0.0 0
DAYS MIN <= 0 0 0.0 0.0 0
PRECIPITATION (INCHES)
RECORD
MAXIMUM 11.96 2005
MINIMUM 0.00 1913
TOTALS 2.38 4.30 -1.92 1.04
DAILY AVG. 0.08 0.14 -0.06 0.03
DAYS >= .01 7 8.2 -1.2 3
DAYS >= .10 4 5.1 -1.1 1
DAYS >= .50 2 2.9 -0.9 1
DAYS >= 1.00 1 1.8 -0.8 0
GREATEST
24 HR. TOTAL 1.16 08/09 TO 08/09
SNOWFALL (INCHES)
RECORDS
TOTAL T 2019
TOTALS 0.0 0.0 0.0 0.0
SINCE 7/1 0.0 0.0 0.0 MM
SNOWDEPTH AVG. 0 0
DAYS >= 1.0 0 0.0 0.0 0
GREATEST
SNOW DEPTH 0 0 MM
24 HR TOTAL MM 0.0
DEGREE DAYS
HEATING TOTAL 0 0 0 0
SINCE 7/1 0 0 0 MM
COOLING TOTAL 550 462 88 552
SINCE 1/1 1575 1493 82 MM
................................................................
WIND (MPH)
AVERAGE WIND SPEED 8.3
HIGHEST WIND SPEED/DIRECTION 36/300 DATE 08/05
HIGHEST GUST SPEED/DIRECTION 48/290 DATE 08/05
SKY COVER
POSSIBLE SUNSHINE (PERCENT) MM
AVERAGE SKY COVER 0.35
NUMBER OF DAYS FAIR 15
NUMBER OF DAYS PC 15
NUMBER OF DAYS CLOUDY 1
AVERAGE RH (PERCENT) 59
WEATHER CONDITIONS. NUMBER OF DAYS WITH
THUNDERSTORM 8 MIXED PRECIP 0
HEAVY RAIN 2 RAIN 3
LIGHT RAIN 9 FREEZING RAIN 0
LT FREEZING RAIN 0 HAIL 0
HEAVY SNOW 0 SNOW 0
LIGHT SNOW 0 SLEET 0
FOG 7 FOG W/VIS <= 1/4 MILE 0
HAZE 2
- INDICATES NEGATIVE NUMBERS.
R INDICATES RECORD WAS SET OR TIED.
MM INDICATES DATA IS MISSING.
T INDICATES TRACE AMOUNT.
$$