000
CXUS53 KUNR 182218
CF6IEN
PRELIMINARY LOCAL CLIMATOLOGICAL DATA (WS FORM: F-6)
STATION: PINE RIDGE SD
MONTH: DECEMBER
YEAR: 2022
LATITUDE: 43 1 N
LONGITUDE: 102 31 W
TEMPERATURE IN F: :PCPN: SNOW: WIND :SUNSHINE: SKY :PK WND
================================================================================
1 2 3 4 5 6A 6B 7 8 9 10 11 12 13 14 15 16 17 18
12Z AVG MX 2MIN
DY MAX MIN AVG DEP HDD CDD WTR SNW DPTH SPD SPD DIR MIN PSBL S-S WX SPD DR
================================================================================
1 54 24 39 10 26 0 0.00 M M 11.3 24 200 M M 0 34 190
2 33 5 19 -9 46 0 T M M 5.5 23 10 M M 5 1 33 20
3 41 -8 17 -11 48 0 0.00 M M 6.2 15 240 M M 0 19 210
4 55 3 29 1 36 0 T M M 6.0 21 190 M M 3 26 200
5 33 15 24 -3 41 0 0.00 M M 4.2 12 30 M M 4 17 30
6 40 11 26 -1 39 0 0.00 M M 7.9 18 290 M M 0 26 300
7 44 9 27 0 38 0 T M M 9.1 28 180 M M 2 1 39 180
8 32 8 20 -6 45 0 0.27 M M 14.8 24 180 M M 5 12 32 180
9 34 -5 15 -11 50 0 0.00 M M 15.0 17 200 M M 0 21 210
10 38 11 25 -1 40 0 0.00 M M M M M M M 0 M M
11 46 23 35 9 30 0 0.00 M M M M M M M 0 M M
12 37 20 29 3 36 0 T M M M M M M M 7 16 M M
13 20 16 18 -7 47 0 0.98 M M M M M M M 10 126 M M
14 21 17 19 -6 46 0 0.23 M M M M M M M 10 128 M M
15 21 13 17 -8 48 0 0.11 M M M M M M M 10 18 M M
16 23 9 16 -9 49 0 0.06 M M M M M M M 8 18 M M
17 27 0 14 -11 51 0 0.00 M M M M M M M 6 M M
18 13 -9 2 -22 63 0 T M M M M M M M 3 1 M M
19 7 -21 -7 -31 72 0 T M M M M M M M 6 18 M M
20 10 -22 -6 -30 71 0 0.00 M M M M M M M 3 18 M M
21 10 -31 -10 -34 75 0 T M M M M M M M 6 18 M M
22 -10 -36 -23 -47 88 0 T M M M M M M M 2 18 M M
23 1 -26 -12 -36 77 0 0.00 M M M M M M M 1 M M
24 15 -2 7 -17 58 0 0.00 M M M M M M M 7 M M
25 40 1 21 -3 44 0 0.04 M M M M M M M 5 M M
26 42 10 26 2 39 0 0.00 M M M M M M M 4 1 M M
27 47 28 38 14 27 0 0.00 M M M M M M M 0 M M
28 46 29 38 14 27 0 0.00 M M M M M M M 1 M M
29 35 17 26 2 39 0 0.00 M M M M M M M 7 M M
30 37 9 23 -1 42 0 0.00 M M M M M M M 0 M M
31 37 16 27 3 38 0 0.00 M M M M M M M 3 M M
================================================================================
SM 929 134 1476 0 1.69 M 79.9 M 118
================================================================================
AV 30.0 4.3 8.9 FASTST M M 4 MAX(MPH)
MISC ----> 28 180 39 180
================================================================================
NOTES:
# LAST OF SEVERAL OCCURRENCES
COLUMN 17 PEAK WIND IN M.P.H.
PRELIMINARY LOCAL CLIMATOLOGICAL DATA (WS FORM: F-6) , PAGE 2
STATION: PINE RIDGE SD
MONTH: DECEMBER
YEAR: 2022
LATITUDE: 43 1 N
LONGITUDE: 102 31 W
[TEMPERATURE DATA] [PRECIPITATION DATA] SYMBOLS USED IN COLUMN 16
AVERAGE MONTHLY: 17.1 TOTAL FOR MONTH: 1.69 1 = FOG OR MIST
DPTR FM NORMAL: -8.2 DPTR FM NORMAL: 1.32 2 = FOG REDUCING VISIBILITY
HIGHEST: 55 ON 4 GRTST 24HR 0.98 ON 13-13 TO 1/4 MILE OR LESS
LOWEST: -36 ON 22 3 = THUNDER
SNOW, ICE PELLETS, HAIL 4 = ICE PELLETS
TOTAL MONTH: M 5 = HAIL
GRTST 24HR M ON M 6 = FREEZING RAIN OR DRIZZLE
GRTST DEPTH: M ON M 7 = DUSTSTORM OR SANDSTORM:
VSBY 1/2 MILE OR LESS
8 = SMOKE OR HAZE
[NO. OF DAYS WITH] [WEATHER - DAYS WITH] 9 = BLOWING SNOW
X = TORNADO
MAX 32 OR BELOW: 13 0.01 INCH OR MORE: 6
MAX 90 OR ABOVE: 0 0.10 INCH OR MORE: 4
MIN 32 OR BELOW: 31 0.50 INCH OR MORE: 1
MIN 0 OR BELOW: 10 1.00 INCH OR MORE: 0
[HDD (BASE 65) ]
TOTAL THIS MO. 1476 CLEAR (SCALE 0-3) 14
DPTR FM NORMAL 246 PTCLDY (SCALE 4-7) 14
TOTAL FM JUL 1 3168 CLOUDY (SCALE 8-10) 3
DPTR FM NORMAL 297
[CDD (BASE 65) ]
TOTAL THIS MO. 0
DPTR FM NORMAL 0 [PRESSURE DATA]
TOTAL FM JAN 1 1000 HIGHEST SLP 30.86 ON 23
DPTR FM NORMAL 215 LOWEST SLP 29.32 ON 28
[REMARKS]
#FINAL-12-22#