000
CXUS53 KUNR 010945
CF6IEN
PRELIMINARY LOCAL CLIMATOLOGICAL DATA (WS FORM: F-6)
STATION: PINE RIDGE SD
MONTH: SEPTEMBER
YEAR: 2020
LATITUDE: 43 1 N
LONGITUDE: 102 31 W
TEMPERATURE IN F: :PCPN: SNOW: WIND :SUNSHINE: SKY :PK WND
================================================================================
1 2 3 4 5 6A 6B 7 8 9 10 11 12 13 14 15 16 17 18
12Z AVG MX 2MIN
DY MAX MIN AVG DEP HDD CDD WTR SNW DPTH SPD SPD DIR MIN PSBL S-S WX SPD DR
================================================================================
1 83 47 65 -2 0 0 0.00 M M 9.7 22 280 M M 1 33 300
2 94 45 70 3 0 5 0.00 M M 10.5 36 10 M M 0 8 53 20
3 83 49 66 0 0 1 0.00 M M 5.4 17 360 M M 0 27 350
4 90 47 69 3 0 4 0.00 M M 4.5 10 20 M M 0 16 10
5 106 54 80 14 0 15 0.00 M M 7.6 24 240 M M 0 32 240
6 93 51 72 7 0 7 0.00 M M 6.6 15 40 M M 0 23 40
7 67 41 54 -11 11 0 0.32 M M 12.5 25 40 M M 6 18 37 30
8 41 33 37 -27 28 0 0.19 M M 7.3 23 20 M M 8 1 30 20
9 50 30 40 -24 25 0 0.00 M M 2.4 9 260 M M 3 15 270
10 66 27 47 -17 18 0 T M M 3.5 12 190 M M 3 16 220
11 60 46 53 -10 12 0 0.10 M M 6.0 16 190 M M 10 1 22 170
12 79 40 60 -3 5 0 0.11 M M 4.0 16 330 M M 2 1 29 350
13 89 42 66 4 0 1 0.00 M M 5.4 12 80 M M 0 17 90
14 94 46 70 8 0 5 0.00 M M 13.7 29 200 M M 0 40 200
15 95 50 73 12 0 8 0.00 M M 5.7 21 190 M M 0 31 180
16 71 46 59 -2 6 0 0.00 M M 5.6 15 200 M M 0 18 24 180
17 77 43 60 0 5 0 0.00 M M 8.8 16 30 M M 0 8 25 200
18 83 36 60 0 5 0 0.00 M M 7.3 24 180 M M 1 18 34 160
19 93 56 75 15 0 10 0.00 M M 10.7 22 180 M M 0 31 190
20 83 44 64 5 1 0 0.00 M M 8.6 22 300 M M 1 34 270
21 85 37 61 2 4 0 0.00 M M 4.0 10 90 M M 0 13 90
22 95 40 68 10 0 3 0.00 M M 5.8 20 190 M M 0 30 190
23 91 52 72 14 0 7 0.00 M M 4.4 16 240 M M 0 23 210
24 93 43 68 11 0 3 0.00 M M 7.3 17 350 M M 0 26 200
25 84 46 65 8 0 0 0.00 M M 7.8 23 170 M M 0 35 160
26 75 50 63 7 2 0 T M M 8.2 25 20 M M 2 36 10
27 65 41 53 -3 12 0 0.04 M M 11.2 21 360 M M 5 43 330
28 67 30 49 -6 16 0 0.00 M M 6.5 22 350 M M 0 32 310
29 82 31 57 2 8 0 0.00 M M 4.8 16 290 M M 0 23 320
30 65 38 52 -2 13 0 0.00 M M 10.7 24 10 M M 4 33 20
================================================================================
SM 2399 1281 171 69 0.76 M 216.5 M 46
================================================================================
AV 80.0 42.7 7.2 FASTST M M 2 MAX(MPH)
MISC ----> # 36 10 # 53 20
================================================================================
NOTES:
# LAST OF SEVERAL OCCURRENCES
COLUMN 17 PEAK WIND IN M.P.H.
PRELIMINARY LOCAL CLIMATOLOGICAL DATA (WS FORM: F-6) , PAGE 2
STATION: PINE RIDGE SD
MONTH: SEPTEMBER
YEAR: 2020
LATITUDE: 43 1 N
LONGITUDE: 102 31 W
[TEMPERATURE DATA] [PRECIPITATION DATA] SYMBOLS USED IN COLUMN 16
AVERAGE MONTHLY: 61.3 TOTAL FOR MONTH: 0.76 1 = FOG OR MIST
DPTR FM NORMAL: 0.3 DPTR FM NORMAL: -0.85 2 = FOG REDUCING VISIBILITY
HIGHEST: 106 ON 5 GRTST 24HR 0.32 ON 7- 7 TO 1/4 MILE OR LESS
LOWEST: 27 ON 10 3 = THUNDER
SNOW, ICE PELLETS, HAIL 4 = ICE PELLETS
TOTAL MONTH: M 5 = HAIL
GRTST 24HR M ON M 6 = FREEZING RAIN OR DRIZZLE
GRTST DEPTH: M ON M 7 = DUSTSTORM OR SANDSTORM:
VSBY 1/2 MILE OR LESS
8 = SMOKE OR HAZE
[NO. OF DAYS WITH] [WEATHER - DAYS WITH] 9 = BLOWING SNOW
X = TORNADO
MAX 32 OR BELOW: 0 0.01 INCH OR MORE: 5
MAX 90 OR ABOVE: 10 0.10 INCH OR MORE: 4
MIN 32 OR BELOW: 4 0.50 INCH OR MORE: 0
MIN 0 OR BELOW: 0 1.00 INCH OR MORE: 0
[HDD (BASE 65) ]
TOTAL THIS MO. 171 CLEAR (SCALE 0-3) 24
DPTR FM NORMAL -14 PTCLDY (SCALE 4-7) 4
TOTAL FM JUL 1 183 CLOUDY (SCALE 8-10) 2
DPTR FM NORMAL -39
[CDD (BASE 65) ]
TOTAL THIS MO. 69
DPTR FM NORMAL 3 [PRESSURE DATA]
TOTAL FM JAN 1 1035 HIGHEST SLP 30.51 ON 8
DPTR FM NORMAL 321 LOWEST SLP 29.55 ON 26
[REMARKS]
#FINAL-09-20#