684
CXUS53 KUNR 010945
CF6IEN
PRELIMINARY LOCAL CLIMATOLOGICAL DATA (WS FORM: F-6)
STATION: PINE RIDGE SD
MONTH: AUGUST
YEAR: 2020
LATITUDE: 43 1 N
LONGITUDE: 102 31 W
TEMPERATURE IN F: :PCPN: SNOW: WIND :SUNSHINE: SKY :PK WND
================================================================================
1 2 3 4 5 6A 6B 7 8 9 10 11 12 13 14 15 16 17 18
12Z AVG MX 2MIN
DY MAX MIN AVG DEP HDD CDD WTR SNW DPTH SPD SPD DIR MIN PSBL S-S WX SPD DR
================================================================================
1 86 52 69 -6 0 4 0.00 M M 6.4 16 20 M M 1 23 30
2 85 46 66 -9 0 1 0.00 M M 6.9 17 80 M M 1 22 90
3 87 62 75 0 0 10 0.00 M M 11.4 35 170 M M 4 52 180
4 92 64 78 4 0 13 0.00 M M 7.6 18 190 M M 1 29 170
5 91 53 72 -2 0 7 0.00 M M 5.0 15 80 M M 1 24 60
6 95 55 75 1 0 10 0.00 M M 10.7 32 200 M M 0 48 170
7 104 69 87 13 0 22 T M M 10.6 22 20 M M 0 3 30 20
8 90 63 77 3 0 12 0.07 M M 9.7 44 240 M M 2 38 68 70
9 92 58 75 1 0 10 0.13 M M 10.4 23 310 M M 0 3 30 10
10 87 61 74 0 0 9 0.00 M M 9.4 23 170 M M 3 39 180
11 99 67 83 10 0 18 0.00 M M 14.3 45 220 M M 0 38 65 210
12 103 72 88 15 0 23 0.00 M M 18.0 36 310 M M 0 38 50 300
13 100 66 83 10 0 18 0.00 M M 11.4 24 160 M M 0 36 150
14 88 58 73 0 0 8 0.00 M M 9.2 30 340 M M 1 46 340
15 93 55 74 1 0 9 0.00 M M 5.9 26 180 M M 0 8 35 190
16 95 54 75 3 0 10 0.00 M M 5.8 17 30 M M 0 1 27 40
17 97 54 76 4 0 11 0.00 M M 10.9 25 180 M M 1 35 180
18 101 65 83 11 0 18 0.00 M M 7.3 23 190 M M 0 33 200
19 99 62 81 9 0 16 T M M 4.7 16 270 M M 1 8 23 260
20 99 61 80 9 0 15 T M M 4.6 13 200 M M 0 17 60
21 95 58 77 6 0 12 0.00 M M 4.3 17 330 M M 0 26 330
22 98 55 77 6 0 12 0.00 M M 3.9 10 80 M M 0 16 80
23 104 59 82 12 0 17 0.00 M M 9.2 28 140 M M 0 8 37 140
24 96 66 81 11 0 16 0.00 M M 7.8 24 140 M M 0 32 130
25 105 59 82 12 0 17 0.00 M M 5.3 17 190 M M 0 22 200
26 97 69 83 13 0 18 0.00 M M 6.4 23 70 M M 0 8 33 70
27 99 64 82 13 0 17 0.04 M M 9.2 31 170 M M 0 38 46 170
28 79 47 63 -6 2 0 T M M 8.1 25 10 M M 0 3 35 360
29 90 42 66 -2 0 1 0.00 M M 12.2 37 190 M M 0 57 180
30 95 54 75 7 0 10 T M M 14.8 30 10 M M 1 45 350
31 74 35 55 -13 10 0 T M M 4.3 14 160 M M 3 21 120
================================================================================
SM 2915 1805 12 364 0.24 M 265.7 M 20
================================================================================
AV 94.0 58.2 8.6 FASTST M M 1 MAX(MPH)
MISC ----> # 45 220 # 68 70
================================================================================
NOTES:
# LAST OF SEVERAL OCCURRENCES
COLUMN 17 PEAK WIND IN M.P.H.
PRELIMINARY LOCAL CLIMATOLOGICAL DATA (WS FORM: F-6) , PAGE 2
STATION: PINE RIDGE SD
MONTH: AUGUST
YEAR: 2020
LATITUDE: 43 1 N
LONGITUDE: 102 31 W
[TEMPERATURE DATA] [PRECIPITATION DATA] SYMBOLS USED IN COLUMN 16
AVERAGE MONTHLY: 76.1 TOTAL FOR MONTH: 0.24 1 = FOG OR MIST
DPTR FM NORMAL: 4.1 DPTR FM NORMAL: -1.61 2 = FOG REDUCING VISIBILITY
HIGHEST: 105 ON 25 GRTST 24HR 0.13 ON 9- 9 TO 1/4 MILE OR LESS
LOWEST: 35 ON 31 3 = THUNDER
SNOW, ICE PELLETS, HAIL 4 = ICE PELLETS
TOTAL MONTH: M 5 = HAIL
GRTST 24HR M ON M 6 = FREEZING RAIN OR DRIZZLE
GRTST DEPTH: M ON M 7 = DUSTSTORM OR SANDSTORM:
VSBY 1/2 MILE OR LESS
8 = SMOKE OR HAZE
[NO. OF DAYS WITH] [WEATHER - DAYS WITH] 9 = BLOWING SNOW
X = TORNADO
MAX 32 OR BELOW: 0 0.01 INCH OR MORE: 3
MAX 90 OR ABOVE: 24 0.10 INCH OR MORE: 1
MIN 32 OR BELOW: 0 0.50 INCH OR MORE: 0
MIN 0 OR BELOW: 0 1.00 INCH OR MORE: 0
[HDD (BASE 65) ]
TOTAL THIS MO. 12 CLEAR (SCALE 0-3) 29
DPTR FM NORMAL -13 PTCLDY (SCALE 4-7) 2
TOTAL FM JUL 1 12 CLOUDY (SCALE 8-10) 0
DPTR FM NORMAL -25
[CDD (BASE 65) ]
TOTAL THIS MO. 364
DPTR FM NORMAL 124 [PRESSURE DATA]
TOTAL FM JAN 1 966 HIGHEST SLP 30.23 ON 17
DPTR FM NORMAL 318 LOWEST SLP 29.48 ON 30
[REMARKS]
#FINAL-08-20#