000
CXUS53 KUNR 011030
CF6IEN
PRELIMINARY LOCAL CLIMATOLOGICAL DATA (WS FORM: F-6)
STATION: PINE RIDGE SD
MONTH: NOVEMBER
YEAR: 2023
LATITUDE: 43 1 N
LONGITUDE: 102 31 W
TEMPERATURE IN F: :PCPN: SNOW: WIND :SUNSHINE: SKY :PK WND
================================================================================
1 2 3 4 5 6A 6B 7 8 9 10 11 12 13 14 15 16 17 18
12Z AVG MX 2MIN
DY MAX MIN AVG DEP HDD CDD WTR SNW DPTH SPD SPD DIR MIN PSBL S-S WX SPD DR
================================================================================
1 56 18 37 -3 28 0 0.00 M M 2.1 9 70 M M 0 11 70
2 66 16 41 1 24 0 0.00 M M 3.7 15 230 M M 1 19 220
3 61 29 45 6 20 0 T M M 2.9 13 300 M M 4 19 290
4 63 34 49 10 16 0 0.04 M M 6.3 21 190 M M 2 3 34 190
5 75 34 55 16 10 0 0.00 M M 9.9 36 270 M M 0 53 250
6 67 31 49 11 16 0 0.00 M M 4.2 13 190 M M 1 18 210
7 65 37 51 13 14 0 0.00 M M 5.7 13 290 M M 1 8 19 280
8 50 18 34 -3 31 0 0.00 M M 5.4 21 350 M M 4 8 31 360
9 50 14 32 -5 33 0 0.00 M M 7.6 22 290 M M 1 8 33 280
10 51 14 33 -4 32 0 0.00 M M 3.8 12 280 M M 0 16 250
11 57 21 39 3 26 0 0.00 M M 5.4 18 270 M M 0 27 290
12 62 29 46 10 19 0 0.00 M M 4.1 17 180 M M 0 23 180
13 68 36 52 17 13 0 0.00 M M 18.0 37 180 M M 0 52 170
14 61 26 44 9 21 0 0.00 M M 6.5 21 200 M M 0 28 200
15 73 19 46 11 19 0 T M M 6.9 22 240 M M 0 28 240
16 58 19 39 5 26 0 0.00 M M 8.3 26 20 M M 2 8 37 350
17 58 18 38 4 27 0 0.00 M M 4.4 12 260 M M 0 8 16 270
18 63 22 43 9 22 0 0.00 M M 3.9 14 280 M M 0 19 270
19 60 25 43 10 22 0 0.00 M M 3.0 12 100 M M 3 19 120
20 47 24 36 3 29 0 0.01 M M 11.6 28 350 M M 9 1 40 360
21 51 18 35 3 30 0 0.00 M M 4.6 10 260 M M 0 16 270
22 63 26 45 13 20 0 0.00 M M 7.0 16 250 M M 0 22 260
23 30 19 25 -7 40 0 T M M 8.0 15 60 M M 8 1 20 50
24 19 8 14 -17 51 0 T M M 5.4 14 100 M M 10 18 21 80
25 22 8 15 -16 50 0 T M M 8.1 16 250 M M 7 1 22 250
26 35 10 23 -7 42 0 T M M 6.8 21 270 M M 3 28 270
27 37 18 28 -2 37 0 0.00 M M 6.2 14 270 M M 1 20 250
28 45 18 32 2 33 0 0.00 M M 8.3 16 240 M M 0 22 240
29 47 11 29 0 36 0 0.00 M M 5.8 20 270 M M 0 29 270
30 37 15 26 -3 39 0 0.00 M M 2.6 10 20 M M 2 13 20
================================================================================
SM 1597 635 826 0 0.05 M 186.5 M 59
================================================================================
AV 53.2 21.2 6.2 FASTST M M 2 MAX(MPH)
MISC ----> 37 180 53 250
================================================================================
NOTES:
# LAST OF SEVERAL OCCURRENCES
COLUMN 17 PEAK WIND IN M.P.H.
PRELIMINARY LOCAL CLIMATOLOGICAL DATA (WS FORM: F-6) , PAGE 2
STATION: PINE RIDGE SD
MONTH: NOVEMBER
YEAR: 2023
LATITUDE: 43 1 N
LONGITUDE: 102 31 W
[TEMPERATURE DATA] [PRECIPITATION DATA] SYMBOLS USED IN COLUMN 16
AVERAGE MONTHLY: 37.2 TOTAL FOR MONTH: 0.05 1 = FOG OR MIST
DPTR FM NORMAL: 2.7 DPTR FM NORMAL: -0.55 2 = FOG REDUCING VISIBILITY
HIGHEST: 75 ON 5 GRTST 24HR 0.04 ON 3- 4 TO 1/4 MILE OR LESS
LOWEST: 8 ON 25,24 3 = THUNDER
SNOW, ICE PELLETS, HAIL 4 = ICE PELLETS
TOTAL MONTH: M 5 = HAIL
GRTST 24HR M ON M 6 = FREEZING RAIN OR DRIZZLE
GRTST DEPTH: M ON M 7 = DUSTSTORM OR SANDSTORM:
VSBY 1/2 MILE OR LESS
8 = SMOKE OR HAZE
[NO. OF DAYS WITH] [WEATHER - DAYS WITH] 9 = BLOWING SNOW
X = TORNADO
MAX 32 OR BELOW: 3 0.01 INCH OR MORE: 2
MAX 90 OR ABOVE: 0 0.10 INCH OR MORE: 0
MIN 32 OR BELOW: 26 0.50 INCH OR MORE: 0
MIN 0 OR BELOW: 0 1.00 INCH OR MORE: 0
[HDD (BASE 65) ]
TOTAL THIS MO. 826 CLEAR (SCALE 0-3) 24
DPTR FM NORMAL -89 PTCLDY (SCALE 4-7) 4
TOTAL FM JUL 1 1526 CLOUDY (SCALE 8-10) 2
DPTR FM NORMAL -117
[CDD (BASE 65) ]
TOTAL THIS MO. 0
DPTR FM NORMAL 0 [PRESSURE DATA]
TOTAL FM JAN 1 604 HIGHEST SLP 30.64 ON 24
DPTR FM NORMAL -181 LOWEST SLP 29.56 ON 5
[REMARKS]
#FINAL-11-23#