000
CXUS55 KVEF 031240
CF6IGM
PRELIMINARY LOCAL CLIMATOLOGICAL DATA (WS FORM: F-6)
STATION: KINGMAN AZ
MONTH: DECEMBER
YEAR: 2021
LATITUDE: 35 16 N
LONGITUDE: 113 57 W
TEMPERATURE IN F: :PCPN: SNOW: WIND :SUNSHINE: SKY :PK WND
================================================================================
1 2 3 4 5 6A 6B 7 8 9 10 11 12 13 14 15 16 17 18
12Z AVG MX 2MIN
DY MAX MIN AVG DEP HDD CDD WTR SNW DPTH SPD SPD DIR MIN PSBL S-S WX SPD DR
================================================================================
1 71 38 55 10 10 0 0.00 M M 5.5 13 80 M M 0 15 30
2 74 36 55 10 10 0 0.00 M M 2.2 12 250 M M 0 16 260
3 72 33 53 8 12 0 0.00 M M 1.6 10 30 M M 0 12 20
4 68 33 51 7 14 0 0.00 M M 3.6 12 20 M M 0 16 20
5 68 33 51 7 14 0 0.00 M M 4.8 15 120 M M 0 16 120
6 71 36 54 10 11 0 0.00 M M 6.1 18 240 M M 0 23 230
7 55 48 52 8 13 0 0.03 M M 7.9 18 50 M M 8 23 50
8 63 41 52 9 13 0 T M M 8.3 24 240 M M 5 31 240
9 59 41 50 7 15 0 0.50 M M 13.8 30 210 M M 5 1 41 190
10 47 32 40 -3 25 0 0.00 M M 9.1 22 350 M M 2 26 350
11 47 27 37 -6 28 0 0.00 M M 4.5 9 50 M M 0 12 30
12 58 28 43 0 22 0 0.00 M M 5.5 14 240 M M 0 18 230
13 58 31 45 2 20 0 0.00 M M 5.4 18 240 M M 0 22 240
14 63 37 50 8 15 0 0.41 M M 18.6 46 210 M M 4 18 61 230
15 46 30 38 -4 27 0 0.00 M M 7.4 33 230 M M 1 40 220
16 50 27 39 -3 26 0 0.00 M M 6.6 20 250 M M 2 24 260
17 49 31 40 -2 25 0 0.00 M M 10.4 17 10 M M 0 22 10
18 49 29 39 -3 26 0 0.00 M M 8.7 17 30 M M 0 21 30
19 59 28 44 2 21 0 0.00 M M 3.5 12 90 M M 0 13 140
20 60 27 44 2 21 0 0.00 M M 2.9 9 80 M M 0 10 10
21 48 31 40 -2 25 0 0.00 M M 3.0 9 20 M M 0 11 30
22 63 29 46 4 19 0 0.00 M M 5.0 16 240 M M 1 20 240
23 62 46 54 12 11 0 0.07 M M 13.8 31 220 M M 10 39 220
24 54 44 49 7 16 0 0.23 M M 16.9 33 220 M M 8 1 41 220
25 54 37 46 4 19 0 0.00 M M 11.2 31 210 M M 3 44 210
26 50 34 42 0 23 0 0.04 M M 18.1 39 210 M M 5 1 50 210
27 48 34 41 -1 24 0 0.00 M M 11.8 31 220 M M 3 41 220
28 43 35 39 -3 26 0 0.08 M M 10.6 22 230 M M 10 29 230
29 46 30 38 -5 27 0 0.00 M M 8.1 22 230 M M 3 27 240
30 49 32 41 -2 24 0 T M M 7.2 18 220 M M 7 24 230
31 48 34 41 -2 24 0 0.45 M M 11.5 32 10 M M 7 13 38 10
================================================================================
SM 1752 1052 606 0 1.81 M 253.6 M 84
================================================================================
AV 56.5 33.9 8.2 FASTST M M 3 MAX(MPH)
MISC ----> 46 210 61 230
================================================================================
NOTES:
# LAST OF SEVERAL OCCURRENCES
COLUMN 17 PEAK WIND IN M.P.H.
PRELIMINARY LOCAL CLIMATOLOGICAL DATA (WS FORM: F-6) , PAGE 2
STATION: KINGMAN AZ
MONTH: DECEMBER
YEAR: 2021
LATITUDE: 35 16 N
LONGITUDE: 113 57 W
[TEMPERATURE DATA] [PRECIPITATION DATA] SYMBOLS USED IN COLUMN 16
AVERAGE MONTHLY: 45.2 TOTAL FOR MONTH: 1.81 1 = FOG OR MIST
DPTR FM NORMAL: 2.3 DPTR FM NORMAL: 1.13 2 = FOG REDUCING VISIBILITY
HIGHEST: 74 ON 2 GRTST 24HR 0.50 ON 9- 9 TO 1/4 MILE OR LESS
LOWEST: 27 ON 20,16 3 = THUNDER
SNOW, ICE PELLETS, HAIL 4 = ICE PELLETS
TOTAL MONTH: M 5 = HAIL
GRTST 24HR M ON M 6 = FREEZING RAIN OR DRIZZLE
GRTST DEPTH: M ON M 7 = DUSTSTORM OR SANDSTORM:
VSBY 1/2 MILE OR LESS
8 = SMOKE OR HAZE
[NO. OF DAYS WITH] [WEATHER - DAYS WITH] 9 = BLOWING SNOW
X = TORNADO
MAX 32 OR BELOW: 0 0.01 INCH OR MORE: 8
MAX 90 OR ABOVE: 0 0.10 INCH OR MORE: 4
MIN 32 OR BELOW: 14 0.50 INCH OR MORE: 1
MIN 0 OR BELOW: 0 1.00 INCH OR MORE: 0
[HDD (BASE 65) ]
TOTAL THIS MO. 606 CLEAR (SCALE 0-3) 20
DPTR FM NORMAL -77 PTCLDY (SCALE 4-7) 9
TOTAL FM JUL 1 972 CLOUDY (SCALE 8-10) 2
DPTR FM NORMAL -249
[CDD (BASE 65) ]
TOTAL THIS MO. 0
DPTR FM NORMAL 0 [PRESSURE DATA]
TOTAL FM JAN 1 2490 HIGHEST SLP 30.26 ON 18
DPTR FM NORMAL 317 LOWEST SLP 29.47 ON 31
[REMARKS]
#FINAL-12-21#