000
CXUS54 KFWD 251721
CF6ILE
PRELIMINARY LOCAL CLIMATOLOGICAL DATA (WS FORM: F-6)
STATION: KILLEEN SKYLARK
MONTH: MARCH
YEAR: 2021
LATITUDE: 31 4 N
LONGITUDE: 97 41 W
TEMPERATURE IN F: :PCPN: SNOW: WIND :SUNSHINE: SKY :PK WND
================================================================================
1 2 3 4 5 6A 6B 7 8 9 10 11 12 13 14 15 16 17 18
12Z AVG MX 2MIN
DY MAX MIN AVG DEP HDD CDD WTR SNW DPTH SPD SPD DIR MIN PSBL S-S WX SPD DR
================================================================================
1 55 44 50 -3 15 0 0.19 M M 14.1 22 20 M M 10 3 35 360
2 63 39 51 -3 14 0 0.00 M M 6.0 15 350 M M 1 18 350
3 71 33 52 -2 13 0 0.00 M M 5.8 14 140 M M 0 18 170
4 74 43 59 5 6 0 0.00 M M 10.7 17 150 M M 0 28 140
5 76 54 65 11 0 0 T M M 13.1 23 340 M M 4 33 340
6 65 46 56 1 9 0 0.00 M M 8.2 14 10 M M 2 18 60
7 67 35 51 -4 14 0 0.00 M M 5.9 15 130 M M 0 17 170
8 71 40 56 1 9 0 0.00 M M 8.4 13 180 M M 3 18 170
9 74 53 64 8 1 0 0.00 M M 15.0 23 180 M M 6 30 180
10 78 63 71 15 0 6 0.00 M M 15.8 20 190 M M 8 33 180
11 80 66 73 17 0 8 0.00 M M 15.3 27 190 M M 7 33 170
12 80 65 73 17 0 8 0.02 M M 13.3 20 150 M M 8 1 30 150
13 75 65 70 13 0 5 0.06 M M 15.1 24 150 M M 10 1 36 140
14 77 51 64 7 1 0 0.04 M M 8.8 22 150 M M 6 1 31 160
15 85 45 65 8 0 0 0.00 M M 8.4 14 150 M M 0 20 220
16 82 59 71 14 0 6 M M M 11.2 20 160 M M 6 30 160
17 71 49 60 2 5 0 0.03 M M 16.5 23 310 M M 3 37 280
18 66 43 55 -3 10 0 0.00 M M 10.7 20 310 M M 0 30 320
19 66 41 54 -4 11 0 0.00 M M 8.4 15 30 M M 0 20 10
20 69 38 54 -5 11 0 0.00 M M 5.3 9 140 M M 0 M M
21 72 48 60 1 5 0 0.00 M M 11.8 16 140 M M 3 25 130
22 68 55 62 3 3 0 0.01 M M 13.1 24 150 M M 5 3 35 150
23 77 48 63 4 2 0 0.01 M M 5.8 10 200 M M 0 8 16 210
24 71 47 59 -1 6 0 0.01 M M 8.4 16 110 M M 3 1 20 130
25 71 49 60 0 5 0 0.03 M M 7.2 16 330 M M 2 138 24 330
26 82 48 65 5 0 0 0.00 M M 9.4 16 150 M M 0 23 150
27 80 61 71 11 0 6 0.00 M M 6.0 14 350 M M 5 1 22 160
28 73 47 60 -1 5 0 0.00 M M 12.5 18 350 M M 0 30 350
29 76 39 58 -3 7 0 0.00 M M 7.9 17 160 M M 1 21 180
30 82 61 72 11 0 7 0.00 M M 11.2 21 180 M M 6 29 180
31 69 47 58 -4 7 0 0.00 M M 13.9 23 10 M M 4 36 10
================================================================================
SM 2266 1522 159 46 0.40 M 323.1 M 103
================================================================================
AV 73.1 49.1 10.4 FASTST M M 3 MAX(MPH)
MISC ----> 27 190 37 280
================================================================================
NOTES:
# LAST OF SEVERAL OCCURRENCES
COLUMN 17 PEAK WIND IN M.P.H.
PRELIMINARY LOCAL CLIMATOLOGICAL DATA (WS FORM: F-6) , PAGE 2
STATION: KILLEEN SKYLARK
MONTH: MARCH
YEAR: 2021
LATITUDE: 31 4 N
LONGITUDE: 97 41 W
[TEMPERATURE DATA] [PRECIPITATION DATA] SYMBOLS USED IN COLUMN 16
AVERAGE MONTHLY: 61.1 TOTAL FOR MONTH: 0.40 1 = FOG OR MIST
DPTR FM NORMAL: 3.6 DPTR FM NORMAL: -2.82 2 = FOG REDUCING VISIBILITY
HIGHEST: 85 ON 15 GRTST 24HR 0.19 ON 1- 1 TO 1/4 MILE OR LESS
LOWEST: 33 ON 3 3 = THUNDER
SNOW, ICE PELLETS, HAIL 4 = ICE PELLETS
TOTAL MONTH: M 5 = HAIL
GRTST 24HR M ON M 6 = FREEZING RAIN OR DRIZZLE
GRTST DEPTH: M ON M 7 = DUSTSTORM OR SANDSTORM:
VSBY 1/2 MILE OR LESS
8 = SMOKE OR HAZE
[NO. OF DAYS WITH] [WEATHER - DAYS WITH] 9 = BLOWING SNOW
X = TORNADO
MAX 32 OR BELOW: 0 0.01 INCH OR MORE: 9
MAX 90 OR ABOVE: 0 0.10 INCH OR MORE: 1
MIN 32 OR BELOW: 0 0.50 INCH OR MORE: 0
MIN 0 OR BELOW: 0 1.00 INCH OR MORE: 0
[HDD (BASE 65) ]
TOTAL THIS MO. 159 CLEAR (SCALE 0-3) 18
DPTR FM NORMAL -103 PTCLDY (SCALE 4-7) 9
TOTAL FM JUL 1 1409 CLOUDY (SCALE 8-10) 4
DPTR FM NORMAL -665
[CDD (BASE 65) ]
TOTAL THIS MO. 46
DPTR FM NORMAL 18 [PRESSURE DATA]
TOTAL FM JAN 1 52 HIGHEST SLP M ON M
DPTR FM NORMAL 16 LOWEST SLP M ON M
[REMARKS]
#FINAL-03-21#