953
CXUS54 KFWD 010831
CF6ILE
PRELIMINARY LOCAL CLIMATOLOGICAL DATA (WS FORM: F-6)
STATION: KILLEEN SKYLARK
MONTH: JANUARY
YEAR: 2021
LATITUDE: 31 4 N
LONGITUDE: 97 41 W
TEMPERATURE IN F: :PCPN: SNOW: WIND :SUNSHINE: SKY :PK WND
================================================================================
1 2 3 4 5 6A 6B 7 8 9 10 11 12 13 14 15 16 17 18
12Z AVG MX 2MIN
DY MAX MIN AVG DEP HDD CDD WTR SNW DPTH SPD SPD DIR MIN PSBL S-S WX SPD DR
================================================================================
1 M M M M M M M M M M M M M M 0 M M
2 M M M M M M M M M M M M M M 0 M M
3 M M M M M M M M M M M M M M 0 M M
4 M M M M M M M M M M M M M M 0 M M
5 M M M M M M M M M M M M M M 0 M M
6 M M M M M M M M M M M M M M 0 3 M M
7 M M M M M M M M M M M M M M 0 M M
8 M M M M M M M M M M M M M M 0 M M
9 M M M M M M M M M M M M M M 0 M M
10 M M M M M M M M M M M M M M 0 M M
11 M M M M M M M M M M M M M M 0 M M
12 M M M M M M M M M M M M M M 0 M M
13 M M M M M M M M M M M M M M 0 M M
14 66 42 54 7 11 0 0.00 M M 10.1 18 330 M M 0 24 330
15 57 37 47 0 18 0 0.00 M M 10.4 22 300 M M 1 38 320
16 61 35 48 1 17 0 0.00 M M 5.2 12 270 M M 2 8 M M
17 63 36 50 3 15 0 0.00 M M 5.0 13 50 M M 0 M M
18 72 33 53 6 12 0 M M M 8.2 22 190 M M 4 31 190
19 61 46 54 7 11 0 0.04 M M 8.4 17 10 M M 9 1 22 10
20 50 44 47 -1 18 0 0.10 M M 5.6 12 30 M M 10 1 M M
21 65 47 56 8 9 0 T M M 4.5 10 150 M M 6 M M
22 63 49 56 8 9 0 0.03 M M 6.3 13 20 M M 9 M M
23 60 48 54 6 11 0 0.03 M M 3.9 9 30 M M 10 1 M M
24 68 58 63 15 2 0 0.05 M M 7.7 18 160 M M 10 12 24 160
25 72 44 58 10 7 0 0.04 M M 10.2 17 170 M M 3 1 33 300
26 67 40 54 6 11 0 0.00 M M 6.7 13 350 M M 0 20 350
27 60 37 49 1 16 0 0.00 M M 9.7 18 340 M M 2 23 340
28 52 31 42 -6 23 0 0.00 M M 4.5 9 50 M M 0 M M
29 66 34 50 2 15 0 0.00 M M 7.8 16 170 M M 1 22 190
30 79 55 67 19 0 2 0.00 M M 12.9 25 190 M M 6 8 35 190
31 64 45 55 7 10 0 0.00 M M 11.7 17 340 M M 0 8 24 330
================================================================================
SM 1146 761 215 2 0.29 M 138.8 M 73
================================================================================
AV 63.7 42.3 7.7 FASTST M M 2 MAX(MPH)
MISC ----> 25 190 38 320
================================================================================
NOTES:
# LAST OF SEVERAL OCCURRENCES
COLUMN 17 PEAK WIND IN M.P.H.
PRELIMINARY LOCAL CLIMATOLOGICAL DATA (WS FORM: F-6) , PAGE 2
STATION: KILLEEN SKYLARK
MONTH: JANUARY
YEAR: 2021
LATITUDE: 31 4 N
LONGITUDE: 97 41 W
[TEMPERATURE DATA] [PRECIPITATION DATA] SYMBOLS USED IN COLUMN 16
AVERAGE MONTHLY: 53.0 TOTAL FOR MONTH: 0.29 1 = FOG OR MIST
DPTR FM NORMAL: 5.6 DPTR FM NORMAL: -1.68 2 = FOG REDUCING VISIBILITY
HIGHEST: 79 ON 30 GRTST 24HR 0.43 ON 20-20 TO 1/4 MILE OR LESS
LOWEST: 31 ON 28 3 = THUNDER
SNOW, ICE PELLETS, HAIL 4 = ICE PELLETS
TOTAL MONTH: M 5 = HAIL
GRTST 24HR M ON M 6 = FREEZING RAIN OR DRIZZLE
GRTST DEPTH: M ON M 7 = DUSTSTORM OR SANDSTORM:
VSBY 1/2 MILE OR LESS
8 = SMOKE OR HAZE
[NO. OF DAYS WITH] [WEATHER - DAYS WITH] 9 = BLOWING SNOW
X = TORNADO
MAX 32 OR BELOW: 0 0.01 INCH OR MORE: 6
MAX 90 OR ABOVE: 0 0.10 INCH OR MORE: 1
MIN 32 OR BELOW: 1 0.50 INCH OR MORE: 0
MIN 0 OR BELOW: 0 1.00 INCH OR MORE: 0
[HDD (BASE 65) ]
TOTAL THIS MO. 215 CLEAR (SCALE 0-3) 23
DPTR FM NORMAL -334 PTCLDY (SCALE 4-7) 3
TOTAL FM JUL 1 679 CLOUDY (SCALE 8-10) 5
DPTR FM NORMAL -719
[CDD (BASE 65) ]
TOTAL THIS MO. 2
DPTR FM NORMAL 0 [PRESSURE DATA]
TOTAL FM JAN 1 2 HIGHEST SLP M ON M
DPTR FM NORMAL 0 LOWEST SLP M ON M
[REMARKS]
#FINAL-01-21#