000
CXUS51 KPHI 010815
CF6ILG
PRELIMINARY LOCAL CLIMATOLOGICAL DATA (WS FORM: F-6)
STATION: WILMINGTON DE
MONTH: JULY
YEAR: 2021
LATITUDE: 39 40 N
LONGITUDE: 75 36 W
TEMPERATURE IN F: :PCPN: SNOW: WIND :SUNSHINE: SKY :PK WND
================================================================================
1 2 3 4 5 6A 6B 7 8 9 10 11 12 13 14 15 16 17 18
12Z AVG MX 2MIN
DY MAX MIN AVG DEP HDD CDD WTR SNW DPTH SPD SPD DIR MIN PSBL S-S WX SPD DR
================================================================================
1 86 69 78 1 0 13 1.46 0.0 0 4.6 21 280 M M 4 138 28 270
2 79 63 71 -6 0 6 0.85 0.0 0 4.8 13 360 M M 5 123 16 10
3 77 60 69 -8 0 4 0.06 0.0 0 6.9 14 310 M M 5 13 18 350
4 84 60 72 -5 0 7 0.01 0.0 0 4.5 13 260 M M 2 18 16 210
5 88 63 76 -1 0 11 0.00 0.0 0 5.9 16 160 M M 1 18 20 150
6 93 71 82 5 0 17 0.00 0.0 0 9.0 18 210 M M 0 22 200
7 95 75 85 8 0 20 0.00 0.0 0 6.6 14 260 M M 0 1 19 220
8 90 71 81 3 0 16 0.09 0.0 0 7.3 20 220 M M 3 13 26 220
9 89 70 80 2 0 15 0.43 0.0 0 10.6 38 300 M M 6 1238 44 300
10 85 66 76 -2 0 11 0.00 0.0 0 6.9 15 300 M M 2 17 290
11 87 69 78 0 0 13 0.00 0.0 0 7.5 17 160 M M 3 21 150
12 93 73 83 5 0 18 0.69 0.0 0 7.1 16 100 M M 4 13 21 110
13 90 74 82 4 0 17 0.00 0.0 0 6.8 15 160 M M 4 1 18 160
14 92 77 85 7 0 20 0.00 0.0 0 6.4 15 240 M M 1 18 230
15 92 73 83 5 0 18 0.00 0.0 0 5.4 16 150 M M 1 18 160
16 94 75 85 7 0 20 0.00 0.0 0 5.0 14 200 M M 2 19 200
17 92 72 82 4 0 17 0.36 0.0 0 7.1 26 310 M M 3 13 38 310
18 79 71 75 -3 0 10 T 0.0 0 9.4 20 290 M M 8 23 290
19 87 69 78 0 0 13 0.00 0.0 0 8.1 15 290 M M 2 8 23 270
20 88 69 79 1 0 14 0.00 0.0 0 4.6 13 270 M M 0 18 18 270
21 87 66 77 -1 0 12 0.24 0.0 0 5.5 28 340 M M 2 138 35 330
22 83 61 72 -6 0 7 0.00 0.0 0 7.2 13 290 M M 1 17 10
23 84 61 73 -5 0 8 0.00 0.0 0 5.2 13 280 M M 1 17 20
24 84 61 73 -5 0 8 0.05 0.0 0 7.6 20 150 M M 1 25 160
25 88 72 80 2 0 15 0.18 0.0 0 8.3 16 300 M M 7 13 23 190
26 91 70 81 3 0 16 0.02 0.0 0 3.8 14 310 M M 1 13 19 290
27 92 67 80 2 0 15 0.00 0.0 0 4.9 15 280 M M 0 18 18 250
28 89 68 79 1 0 14 0.12 0.0 0 6.0 16 150 M M 2 8 22 150
29 82 70 76 -1 0 11 0.21 0.0 0 8.0 17 160 M M 6 1 21 160
30 88 67 78 1 0 13 0.00 0.0 0 9.3 20 310 M M 2 18 25 310
31 80 60 70 -7 0 5 0.00 0.0 0 4.7 14 330 M M 0 18 320
================================================================================
SM 2708 2113 0 404 4.77 0.0 205.0 M 79
================================================================================
AV 87.4 68.2 6.6 FASTST M M 3 MAX(MPH)
MISC ----> 38 300 44 300
================================================================================
NOTES:
# LAST OF SEVERAL OCCURRENCES
COLUMN 17 PEAK WIND IN M.P.H.
PRELIMINARY LOCAL CLIMATOLOGICAL DATA (WS FORM: F-6) , PAGE 2
STATION: WILMINGTON DE
MONTH: JULY
YEAR: 2021
LATITUDE: 39 40 N
LONGITUDE: 75 36 W
[TEMPERATURE DATA] [PRECIPITATION DATA] SYMBOLS USED IN COLUMN 16
AVERAGE MONTHLY: 77.8 TOTAL FOR MONTH: 4.77 1 = FOG OR MIST
DPTR FM NORMAL: 0.2 DPTR FM NORMAL: 0.36 2 = FOG REDUCING VISIBILITY
HIGHEST: 95 ON 7 GRTST 24HR 1.46 ON 1- 1 TO 1/4 MILE OR LESS
LOWEST: 60 ON 31, 4 3 = THUNDER
SNOW, ICE PELLETS, HAIL 4 = ICE PELLETS
TOTAL MONTH: 0.0 INCH 5 = HAIL
GRTST 24HR 0.0 6 = FREEZING RAIN OR DRIZZLE
GRTST DEPTH: 0 7 = DUSTSTORM OR SANDSTORM:
VSBY 1/2 MILE OR LESS
8 = SMOKE OR HAZE
[NO. OF DAYS WITH] [WEATHER - DAYS WITH] 9 = BLOWING SNOW
X = TORNADO
MAX 32 OR BELOW: 0 0.01 INCH OR MORE: 14
MAX 90 OR ABOVE: 11 0.10 INCH OR MORE: 9
MIN 32 OR BELOW: 0 0.50 INCH OR MORE: 3
MIN 0 OR BELOW: 0 1.00 INCH OR MORE: 1
[HDD (BASE 65) ]
TOTAL THIS MO. 0 CLEAR (SCALE 0-3) 22
DPTR FM NORMAL 0 PTCLDY (SCALE 4-7) 8
TOTAL FM JUL 1 0 CLOUDY (SCALE 8-10) 1
DPTR FM NORMAL 0
[CDD (BASE 65) ]
TOTAL THIS MO. 404
DPTR FM NORMAL 15 [PRESSURE DATA]
TOTAL FM JAN 1 780 HIGHEST SLP 30.20 ON 13
DPTR FM NORMAL 63 LOWEST SLP 29.71 ON 2
[REMARKS]
#FINAL-07-21#